431
CXUS53 KGRR 020443
CLSJXN

ARBCLSJXN 000
TTAA00 KGRR 020416


CLIMATE REPORT
NATIONAL WEATHER SERVICE GRAND RAPIDS, MI
1243 AM EDT TUE SEP 2 2014

...................................

...THE JACKSON MI CLIMATE SUMMARY FOR THE SEASON, FROM
6/1/2014 TO 8/31/2014...

CLIMATE NORMAL PERIOD 1981 TO 2010
CLIMATE RECORD PERIOD 9999 TO 9999

WEATHER         OBSERVED          NORMAL  DEPART  LAST YEAR`S
                 VALUE   DATE(S)  VALUE   FROM    VALUE  DATE(S)
                                          NORMAL
................................................................
TEMPERATURE (F)
RECORD
 HIGH             101   07/06/2012
 LOW               38   06/03/2013
HIGHEST            89   08/25        MM      MM       94  07/19
LOWEST             43   06/14        MM      MM       38  06/03
AVG. MAXIMUM     78.8              80.3    -1.5     79.3
AVG. MINIMUM     58.2              58.4    -0.2     58.1
MEAN             68.5              69.4    -0.9     68.7
DAYS MAX >= 90      0               6.2    -6.2        5
DAYS MAX <= 32      0               0.0     0.0        0
DAYS MIN <= 32      0               0.0     0.0        0
DAYS MIN <= 0       0               0.0     0.0        0

PRECIPITATION (INCHES)
RECORD
 MAXIMUM        16.90   1937
 MINIMUM         2.30   1984
TOTALS          10.68             10.32    0.36    11.93
DAILY AVG.       0.12              0.11    0.01     0.13
DAYS >= .01        29              29.1    -0.1       37
DAYS >= .10        19              19.2    -0.2       21
DAYS >= .50         8               7.7     0.3        9
DAYS >= 1.00        4               2.7     1.3        2
GREATEST
 24 HR. TOTAL    1.72   06/02 TO 06/03

DEGREE_DAYS
HEATING TOTAL      73                89     -16      105
 SINCE 7/1         42                35       7       48
COOLING TOTAL     412               493     -81      473
 SINCE 1/1        446               529     -83      540

FREEZE DATES
RECORD
 EARLIEST     MM
 LATEST       MM
EARLIEST                        MM
LATEST                          MM
....................................................

WIND (MPH)
AVERAGE WIND SPEED              5.3
RESULTANT WIND SPEED/DIRECTION   2/206
HIGHEST WIND SPEED/DIRECTION    32/260    DATE  07/01
HIGHEST GUST SPEED/DIRECTION    43/270    DATE  07/01

SKY COVER
POSSIBLE SUNSHINE (PERCENT)   MM

AVERAGE RH (PERCENT)     72

WEATHER CONDITIONS. NUMBER OF DAYS WITH
THUNDERSTORM             18     MIXED PRECIP               0
HEAVY RAIN               13     RAIN                      13
LIGHT RAIN               27     FREEZING RAIN              0
LT FREEZING RAIN          0     HAIL                       0
HEAVY SNOW                0     SNOW                       0
LIGHT SNOW                0     SLEET                      0
FOG                      58     FOG W/VIS <= 1/4 MILE      8
HAZE                     14

-  INDICATES NEGATIVE NUMBERS.
R  INDICATES RECORD WAS SET OR TIED.
MM INDICATES DATA IS MISSING.
T  INDICATES TRACE AMOUNT.

$$

EBW










U.S. Dept. of Commerce
NOAA National Weather Service
1325 East West Highway
Silver Spring, MD 20910
E-mail: w-nws.webmaster@noaa.gov
Page last modified: May 16, 2007
NATIONAL WEATHER SERVICE: for Safety, for Work, for Fun - FOR LIFE