714
CXUS53 KJKL 010751
CLSJKL

CLIMATE REPORT
NATIONAL WEATHER SERVICE JACKSON KY
351 AM EDT MON SEP 1 2014

...................................

...THE JACKSON KY CLIMATE SUMMARY FOR THE SEASON, FROM
6/1/2014 TO 8/31/2014...

CLIMATE NORMAL PERIOD 1981 TO 2010
CLIMATE RECORD PERIOD 1981 TO 2014

WEATHER         OBSERVED          NORMAL  DEPART  LAST YEAR`S
                 VALUE   DATE(S)  VALUE   FROM    VALUE  DATE(S)
                                          NORMAL
................................................................
TEMPERATURE (F)
RECORD
 HIGH             104   06/29/2012
 LOW               44   06/07/1998
                        06/01/1993
                        06/10/1988
HIGHEST            94   07/13        MM      MM       91  06/12
LOWEST             52   07/30        MM      MM       52  08/15
AVG. MAXIMUM     82.5              83.4    -0.9     81.4
AVG. MINIMUM     64.4              64.6    -0.2     64.2
MEAN             73.5              74.0    -0.5     72.8
DAYS MAX >= 90      7              10.5    -3.5        1
DAYS MAX <= 32      0               0.0     0.0        0
DAYS MIN <= 32      0               0.0     0.0        0
DAYS MIN <= 0       0               0.0     0.0        0

PRECIPITATION (INCHES)
RECORD
 MAXIMUM        23.02   2013
 MINIMUM         7.37   1986
TOTALS          17.44             13.04    4.40    23.02
DAILY AVG.       0.19              0.14    0.05     0.25
DAYS >= .01        39              34.3     4.7       41
DAYS >= .10        26              22.8     3.2       32
DAYS >= .50        13               9.3     3.7       23
DAYS >= 1.00        6               3.3     2.7        5
GREATEST
 24 HR. TOTAL    2.16   08/30 TO 08/31              3.55

SNOWFALL (INCHES)
RECORDS
 TOTAL             MM   MM
 24 HR TOTAL       MM
TOTALS            0.0               0.0     0.0      0.0
SINCE 7/1         0.0               0.0     0.0      0.0
SNOWDEPTH AVG.      0                MM      MM        0
DAYS >= 1.0         0               0.0     0.0        0
GREATEST
 24 HR TOTAL      0.0   MM                           0.0

DEGREE_DAYS
HEATING TOTAL       3                14     -11        2
 SINCE 7/1          3                 2       1        2
COOLING TOTAL     810               842     -32      747
 SINCE 1/1       1001               978      23      895
.................................................................

WIND (MPH)
AVERAGE WIND SPEED              1.6
RESULTANT WIND SPEED/DIRECTION   1/098
HIGHEST WIND SPEED/DIRECTION    16/310    DATE  08/22
HIGHEST GUST SPEED/DIRECTION    27/020    DATE  06/20

SKY COVER
POSSIBLE SUNSHINE (PERCENT)   MM
NUMBER OF DAYS FAIR           45
NUMBER OF DAYS PC             40
NUMBER OF DAYS CLOUDY          7

AVERAGE RH (PERCENT)     72

WEATHER CONDITIONS. NUMBER OF DAYS WITH
THUNDERSTORM             27     MIXED PRECIP               0
HEAVY RAIN               24     RAIN                      26
LIGHT RAIN               43     FREEZING RAIN              0
LT FREEZING RAIN          0     HAIL                       0
HEAVY SNOW                0     SNOW                       0
LIGHT SNOW                0     SLEET                      0
FOG                      59     FOG W/VIS <= 1/4 MILE     26
HAZE                     15

-  INDICATES NEGATIVE NUMBERS.
R  INDICATES RECORD WAS SET OR TIED.
MM INDICATES DATA IS MISSING.
T  INDICATES TRACE AMOUNT.

$$

CARICO






U.S. Dept. of Commerce
NOAA National Weather Service
1325 East West Highway
Silver Spring, MD 20910
E-mail: w-nws.webmaster@noaa.gov
Page last modified: May 16, 2007
NATIONAL WEATHER SERVICE: for Safety, for Work, for Fun - FOR LIFE