551
CXUS53 KJKL 010749
CLSJKL

CLIMATE REPORT
NATIONAL WEATHER SERVICE JACKSON KY
249 AM EST MON DEC 1 2014

...................................

...THE JACKSON KY CLIMATE SUMMARY FOR THE SEASON, FROM
9/1/2014 TO 11/30/2014...

CLIMATE NORMAL PERIOD 1981 TO 2010
CLIMATE RECORD PERIOD 1981 TO 2014

WEATHER         OBSERVED          NORMAL  DEPART  LAST YEAR`S
                 VALUE   DATE(S)  VALUE   FROM    VALUE  DATE(S)
                                          NORMAL
................................................................
TEMPERATURE (F)
RECORD
 HIGH              96   09/03/2011
 LOW               13   11/14/1986
HIGHEST            87   09/06        MM      MM       88  09/10
                        09/01                             09/09
LOWEST             15   11/18        MM      MM       16  11/28
AVG. MAXIMUM     64.5              67.8    -3.3     66.4
AVG. MINIMUM     46.9              48.6    -1.7     47.4
MEAN             55.7              58.2    -2.5     56.9
DAYS MAX >= 90      0               1.5    -1.5        0
DAYS MAX <= 32      2               0.3     1.7        2
DAYS MIN <= 32     15               8.5     6.5       17
DAYS MIN <= 0       0               0.0     0.0        0

PRECIPITATION (INCHES)
RECORD
 MAXIMUM        19.01   1989
 MINIMUM         4.32   2001
TOTALS          13.09             10.61    2.48     6.41
DAILY AVG.       0.14              0.12    0.02     0.07
DAYS >= .01        35              28.7     6.3       30
DAYS >= .10        20              18.6     1.4       17
DAYS >= .50        10               7.1     2.9        2
DAYS >= 1.00        3               2.7     0.3        0
GREATEST
 24 HR. TOTAL    2.10   10/06 TO 10/07              1.00

SNOWFALL (INCHES)
RECORDS
 TOTAL            5.1   1995
 24 HR TOTAL      4.3   11/28/1995 TO 11/28/1995
TOTALS            1.2               0.6     0.6      2.9
SINCE 7/1         1.2               0.6     0.6      2.9
SNOWDEPTH AVG.      0                MM      MM        0
DAYS >= 1.0         0               0.2    -0.2        1
GREATEST
 24 HR TOTAL      0.8   11/01 TO 11/01               1.7

DEGREE_DAYS
HEATING TOTAL     987               798     189      885
 SINCE 7/1        990               800     190      887
COOLING TOTAL     164               176     -12      174
 SINCE 1/1       1165              1154      11     1069
.................................................................

WIND (MPH)
AVERAGE WIND SPEED              2.8
RESULTANT WIND SPEED/DIRECTION   1/135
HIGHEST WIND SPEED/DIRECTION    24/290    DATE  09/02
HIGHEST GUST SPEED/DIRECTION    37/270    DATE  11/06

SKY COVER
POSSIBLE SUNSHINE (PERCENT)   MM
NUMBER OF DAYS FAIR           41
NUMBER OF DAYS PC             26
NUMBER OF DAYS CLOUDY         24

AVERAGE RH (PERCENT)     70

WEATHER CONDITIONS. NUMBER OF DAYS WITH
THUNDERSTORM              8     MIXED PRECIP               0
HEAVY RAIN               10     RAIN                      21
LIGHT RAIN               40     FREEZING RAIN              0
LT FREEZING RAIN          0     HAIL                       2
HEAVY SNOW                0     SNOW                       1
LIGHT SNOW                7     SLEET                      1
FOG                      47     FOG W/VIS <= 1/4 MILE     17
HAZE                      6

-  INDICATES NEGATIVE NUMBERS.
R  INDICATES RECORD WAS SET OR TIED.
MM INDICATES DATA IS MISSING.
T  INDICATES TRACE AMOUNT.

$$

CARICO






U.S. Dept. of Commerce
NOAA National Weather Service
1325 East West Highway
Silver Spring, MD 20910
E-mail: w-nws.webmaster@noaa.gov
Page last modified: May 16, 2007
NATIONAL WEATHER SERVICE: for Safety, for Work, for Fun - FOR LIFE