787
CXUS51 KOKX 012054
CLSJFK

NYCCLMJFK 000
TTAA00 KOKX 012046


CLIMATE REPORT
NATIONAL WEATHER SERVICE NEW YORK NY
454 PM EDT SUN JUN 1 2014

...................................

...THE KENNEDY NY CLIMATE SUMMARY FOR THE SEASON, FROM
3/1/2014 TO 5/31/2014...

CLIMATE NORMAL PERIOD 1981 TO 2010
CLIMATE RECORD PERIOD 1949 TO 2014

WEATHER         OBSERVED          NORMAL  DEPART  LAST YEAR`S
                 VALUE   DATE(S)  VALUE   FROM    VALUE
                                          NORMAL
.............................................................
TEMPERATURE (F)
RECORD
 HIGH              99   05/29/1969
 LOW                7   03/19/1967

HIGHEST            85   05/26        MM      MM
LOWEST             13   03/04        MM      MM
AVG. MAXIMUM     58.3              58.8    -0.5
AVG. MINIMUM     41.7              43.5    -1.8
MEAN             50.0              51.2    -1.2
DAYS MAX >= 90      0               0.2    -0.2
DAYS MAX <= 32      2               0.8     1.2
DAYS MIN <= 32     20              11.8     8.2
DAYS MIN <= 0       0               0.0     0.0

PRECIPITATION (INCHES)
RECORD
 MAXIMUM        20.40   1984
 MINIMUM         6.52   1981
TOTALS          14.84             11.59    3.25     8.13
DAILY AVG.       0.16              0.13    0.03
DAYS >= .01        29              33.9    -4.9
DAYS >= .10        18              20.6    -2.6
DAYS >= .50         8               7.8     0.2
DAYS >= 1.00        3               3.1    -0.1
GREATEST
 24 HR. TOTAL    4.88   MM
 STORM TOTAL       MM
 (MM/DD(HH))            MM

SNOWFALL (INCHES)
RECORDS
 TOTAL           15.5   1967
 24 HR TOTAL      9.0   03/13/1993 TO 03/13/1993
TOTALS            0.7               4.3    -3.6
 LIQUID EQUIV    0.07              0.40   -0.33
SINCE 7/1        45.6              23.8    21.8
 LIQUID 7/1      4.56
DAYS >= TRACE       9               2.6     6.4
DAYS >= 1.0         0               1.2    -1.2
GREATEST
 SNOW DEPTH         1   03/03
 24 HR TOTAL      0.6   03/03 TO 03/03
 STORM TOTAL      0.6
 (MM/DD(HH))            MM

DEGREE_DAYS
HEATING TOTAL    1392              1307      85
 SINCE 7/1         MM              4818      MM
COOLING TOTAL      32                35      -3
 SINCE 1/1         32                35      -3
..............................................................

WIND (MPH)
AVERAGE WIND SPEED              12.3
HIGHEST WIND SPEED/DIRECTION    40/310    DATE  03/13
HIGHEST GUST SPEED/DIRECTION    55/320    DATE  04/06

SKY COVER
POSSIBLE SUNSHINE (PERCENT)   MM
AVERAGE SKY COVER           0.70
NUMBER OF DAYS FAIR            9
NUMBER OF DAYS PC             44
NUMBER OF DAYS CLOUDY         39

AVERAGE RH (PERCENT)     59

WEATHER CONDITIONS. NUMBER OF DAYS WITH
THUNDERSTORM              0     MIXED PRECIP               0
HEAVY RAIN                9     RAIN                      20
LIGHT RAIN               44     FREEZING RAIN              0
LT FREEZING RAIN          0     HAIL                       0
HEAVY SNOW                0     SNOW                       1
LIGHT SNOW                9     SLEET                      2
FOG                      27     FOG W/VIS <= 1/4 MILE      6
HAZE                      5

-  INDICATES NEGATIVE NUMBERS.
R  INDICATES RECORD WAS SET OR TIED.
MM INDICATES DATA IS MISSING.
T  INDICATES TRACE AMOUNT.

$$







U.S. Dept. of Commerce
NOAA National Weather Service
1325 East West Highway
Silver Spring, MD 20910
E-mail: w-nws.webmaster@noaa.gov
Page last modified: May 16, 2007
NATIONAL WEATHER SERVICE: for Safety, for Work, for Fun - FOR LIFE