010
CXUS53 KDVN 011628
CLSIOW

CLIMATE REPORT
NATIONAL WEATHER SERVICE QUAD CITIES IA IL
1028 AM CST SAT MAR 1 2014

...................................

...THE IOWA CITY IA CLIMATE SUMMARY FOR THE SEASON, FROM
12/1/2013 TO 2/28/2014...

CLIMATE NORMAL PERIOD 1981 TO 2010
CLIMATE RECORD PERIOD 9999 TO 9999

WEATHER         OBSERVED          NORMAL  DEPART
                 VALUE   DATE(S)  VALUE   FROM
                                          NORMAL
................................................
TEMPERATURE (F)
HIGHEST            53   12/04        40      13
LOWEST            -19   02/11        14     -33
AVG. MAXIMUM     25.3              32.4    -7.1
AVG. MINIMUM      5.6              16.6   -11.0
MEAN             15.5              24.5    -9.0
DAYS MAX >= 90      0
DAYS MAX <= 32     57
DAYS MIN <= 32     89
DAYS MIN <= 0      34

PRECIPITATION (INCHES)
TOTALS           2.51              3.68   -1.17
DAILY AVG.       0.03              0.04   -0.01
DAYS >= .01        29
DAYS >= .10         6
DAYS >= .50         1
DAYS >= 1.00        0
GREATEST
 24 HR. TOTAL    0.76   02/19 TO 02/20

DEGREE_DAYS
HEATING TOTAL    4425              3644     781
 SINCE 7/1       5793              4950     843
COOLING TOTAL       0                 0       0
 SINCE 1/1          0                 0       0
.................................................

WIND (MPH)
AVERAGE WIND SPEED              9.2
HIGHEST WIND SPEED/DIRECTION    39/270    DATE  02/20
HIGHEST GUST SPEED/DIRECTION    56/310    DATE  01/26

SKY COVER
POSSIBLE SUNSHINE (PERCENT)   MM
AVERAGE SKY COVER           0.50
NUMBER OF DAYS FAIR           37
NUMBER OF DAYS PC             30
NUMBER OF DAYS CLOUDY         23

AVERAGE RH (PERCENT)     75

WEATHER CONDITIONS. NUMBER OF DAYS WITH
THUNDERSTORM              1     HAIL                       0
SLEET                     1     FOG                       51
FOG W/VIS <= 1/4 MILE    13     HAZE                      29

-  INDICATES NEGATIVE NUMBERS.
R  INDICATES RECORD WAS SET OR TIED.
MM INDICATES DATA IS MISSING.
T  INDICATES TRACE AMOUNT.

$$









U.S. Dept. of Commerce
NOAA National Weather Service
1325 East West Highway
Silver Spring, MD 20910
E-mail: w-nws.webmaster@noaa.gov
Page last modified: May 16, 2007
NATIONAL WEATHER SERVICE: for Safety, for Work, for Fun - FOR LIFE