485
CXUS53 KDVN 011510
CLSIOW


CLIMATE REPORT
NATIONAL WEATHER SERVICE QUAD CITIES IA IL
1004 AM CDT MON SEP 1 2014

...................................

...THE IOWA CITY IA CLIMATE SUMMARY FOR THE SEASON, FROM
6/1/2014 TO 8/31/2014...

CLIMATE NORMAL PERIOD 1981 TO 2010
CLIMATE RECORD PERIOD 9999 TO 9999

WEATHER         OBSERVED          NORMAL  DEPART
                 VALUE   DATE(S)  VALUE   FROM
                                          NORMAL
................................................
TEMPERATURE (F)
HIGHEST            92   08/24        85       7
LOWEST             49   06/13        57      -8
AVG. MAXIMUM     80.7              82.9    -2.2
AVG. MINIMUM     62.1              63.1    -1.0
MEAN             71.4              73.0    -1.6
DAYS MAX >= 90      3
DAYS MAX <= 32      0
DAYS MIN <= 32      0
DAYS MIN <= 0       0

PRECIPITATION (INCHES)
TOTALS          16.38             14.06    2.32
DAILY AVG.       0.18              0.15    0.03
DAYS >= .01        38
DAYS >= .10        24
DAYS >= .50        10
DAYS >= 1.00        5
GREATEST
 24 HR. TOTAL    4.04   06/29 TO 06/30

DEGREE_DAYS
HEATING TOTAL      16                25      -9
 SINCE 7/1         12                 8       4
COOLING TOTAL     627               761    -134
 SINCE 1/1        716               822    -106
.................................................

WIND (MPH)
AVERAGE WIND SPEED              6.8
HIGHEST WIND SPEED/DIRECTION    44/320    DATE  06/30
HIGHEST GUST SPEED/DIRECTION    64/300    DATE  06/30

SKY COVER
POSSIBLE SUNSHINE (PERCENT)   MM
AVERAGE SKY COVER           0.30
NUMBER OF DAYS FAIR           58
NUMBER OF DAYS PC             29
NUMBER OF DAYS CLOUDY          5

AVERAGE RH (PERCENT)     77

WEATHER CONDITIONS. NUMBER OF DAYS WITH
THUNDERSTORM             26     HAIL                       0
SLEET                     0     FOG                       48
FOG W/VIS <= 1/4 MILE     4     HAZE                       3

-  INDICATES NEGATIVE NUMBERS.
R  INDICATES RECORD WAS SET OR TIED.
MM INDICATES DATA IS MISSING.
T  INDICATES TRACE AMOUNT.

$$






U.S. Dept. of Commerce
NOAA National Weather Service
1325 East West Highway
Silver Spring, MD 20910
E-mail: w-nws.webmaster@noaa.gov
Page last modified: May 16, 2007
NATIONAL WEATHER SERVICE: for Safety, for Work, for Fun - FOR LIFE