870
CXUS53 KDLH 011615
CLSINL

CLIMATE REPORT
NATIONAL WEATHER SERVICE DULUTH MN
1115 AM CDT SUN JUN 1 2014

...................................

...THE INTERNATIONAL FALLS MN CLIMATE SUMMARY FOR THE SEASON, FROM
3/1/2014 TO 5/31/2014...

CLIMATE NORMAL PERIOD 1981 TO 2010
CLIMATE RECORD PERIOD 1895 TO 2014

WEATHER         OBSERVED          NORMAL  DEPART  LAST YEAR`S
                 VALUE   DATE(S)  VALUE   FROM    VALUE
                                          NORMAL
.............................................................
TEMPERATURE (F)
RECORD
 HIGH              95   05/21/1964
 LOW              -38   03/01/1962
HIGHEST            89   05/30        MM      MM       82
LOWEST            -33   03/03        MM      MM      -28
MEAN             33.0              38.2    -5.2     32.3

PRECIPITATION (INCHES)
RECORD
 MAXIMUM        10.56   1982
 MINIMUM         1.31   1917
TOTALS           7.07              5.34    1.73     8.72

SNOWFALL (INCHES)
SINCE 7/1       101.2

DEGREE_DAYS
HEATING TOTAL    2951              2474     477     2987
COOLING TOTAL      23                 9      14        3
..............................................................

WIND (MPH)
AVERAGE WIND SPEED              8.1
HIGHEST WIND SPEED/DIRECTION    35/100
HIGHEST GUST SPEED/DIRECTION    45/110

SKY COVER
POSSIBLE SUNSHINE (PERCENT)   MM



-  INDICATES NEGATIVE NUMBERS.
R  INDICATES RECORD WAS SET OR TIED.
MM INDICATES DATA IS MISSING.
T  INDICATES TRACE AMOUNT.

$$

.THE 2014 SPRING SEASON WAS MUCH COLDER AND WETTER THAN NORMAL AT
INTERNATIONAL FALLS MN...

THE AVERAGE TEMPERATURE FOR THE SPRING SEASON WAS 33.0 DEGREES WHICH
IS 5.2 DEGREES BELOW THE NORMAL OF 38.2 DEGREES. THIS WAS THE 7TH
COLDEST METEOROLOGICAL SPRING ON RECORD AT INTERNATIONAL FALLS. 7.07
INCHES OF PRECIPITATION WAS RECORDED FOR THE SEASON WHICH IS 1.73
INCHES ABOVE THE NORMAL OF 5.34 INCHES. THIS RANKS AS THE 16TH
WETTEST SPRING SEASON ON RECORD. 24.8 INCHES OF SNOW FELL FOR THE
SPRING SEASON WHICH IS 10.6 INCHES ABOVE THE NORMAL OF 14.2 INCHES.
THIS TIED FOR THE 14TH SNOWIEST SPRING SEASON ON RECORD AT
INTERNATIONAL FALLS. 101.2 INCHES OF SNOW FELL SINCE JULY 1ST WHICH
IS 30.2 INCHES ABOVE THE NORMAL OF 71.0 INCHES MAKING THIS THE 5TH
SNOWIEST SNOW SEASON ON RECORD.

$$















U.S. Dept. of Commerce
NOAA National Weather Service
1325 East West Highway
Silver Spring, MD 20910
E-mail: w-nws.webmaster@noaa.gov
Page last modified: May 16, 2007
NATIONAL WEATHER SERVICE: for Safety, for Work, for Fun - FOR LIFE