753
CXUS53 KDLH 012242
CLSINL

CLIMATE REPORT
NATIONAL WEATHER SERVICE DULUTH MN
442 PM CST SAT MAR 1 2014

...................................

...THE INTERNATIONAL FALLS MN CLIMATE SUMMARY FOR THE SEASON, FROM
12/1/2013 TO 2/28/2014...

CLIMATE NORMAL PERIOD 1981 TO 2010
CLIMATE RECORD PERIOD 1895 TO 2014

WEATHER         OBSERVED          NORMAL  DEPART  LAST YEAR`S
                 VALUE   DATE(S)  VALUE   FROM    VALUE
                                          NORMAL
.............................................................
TEMPERATURE (F)
RECORD
 HIGH              58   02/22/2000
 LOW              -46   01/21/2011
                        01/06/1968
                        01/06/1968
HIGHEST            41   02/18        MM      MM       48
LOWEST            -43   01/02        MM      MM      -39
MEAN             -2.7               8.1   -10.8      8.3

PRECIPITATION (INCHES)
RECORD
 MAXIMUM         5.96   1910-11
 MINIMUM         0.39   2001-02
TOTALS           3.19              2.00    1.19     4.80

SNOWFALL (INCHES)
SINCE 7/1        76.4

DEGREE_DAYS
HEATING TOTAL    6073              5123     950     5077
COOLING TOTAL       0                 0       0        0
..............................................................

WIND (MPH)
AVERAGE WIND SPEED              7.6
HIGHEST WIND SPEED/DIRECTION    32/300
HIGHEST GUST SPEED/DIRECTION    44/320

SKY COVER
POSSIBLE SUNSHINE (PERCENT)   MM



-  INDICATES NEGATIVE NUMBERS.
R  INDICATES RECORD WAS SET OR TIED.
MM INDICATES DATA IS MISSING.
T  INDICATES TRACE AMOUNT.

$$

.THE 2013-2014 WINTER SEASON WAS MUCH COLDER AND WETTER THAN NORMAL
AT INTERNATIONAL FALLS MN...

THE AVERAGE TEMPERATURE FOR THE WINTER SEASON WAS 2.7 DEGREES BELOW
ZERO WHICH IS 10.8 DEGREES BELOW THE NORMAL OF 8.1 DEGREES. THIS WAS
THE 2ND COLDEST METEOROLOGICAL WINTER ON RECORD AT INTERNATIONAL
FALLS. 3.19 INCHES OF PRECIPITATION WAS RECORDED FOR THE SEASON
WHICH IS 1.19 INCHES ABOVE THE  NORMAL OF 2.00 INCHES. THIS RANKS AS
THE 15TH WETTEST WINTER SEASON ON RECORD. 65.5 INCHES OF SNOW FELL
FOR THE WINTER SEASON WHICH IS 24.7 INCHES ABOVE THE NORMAL OF 40.8
INCHES. THIS WAS THE 5TH SNOWIEST WINTER SEASON ON RECORD AT
INTERNATIONAL FALLS. 76.4 INCHES OF SNOW FELL SINCE JULY 1ST WHICH
IS 19.6 INCHES ABOVE THE NORMAL OF 56.8 INCHES MAKING THIS THE 9TH
SNOWIEST SNOW SEASON TO DATE.

$$












U.S. Dept. of Commerce
NOAA National Weather Service
1325 East West Highway
Silver Spring, MD 20910
E-mail: w-nws.webmaster@noaa.gov
Page last modified: May 16, 2007
NATIONAL WEATHER SERVICE: for Safety, for Work, for Fun - FOR LIFE