564
CXUS53 KILX 030032 CCA
CLSILX

CLIMATE REPORT
NATIONAL WEATHER SERVICE LINCOLN IL
731 PM CDT MON JUN 2 2014

ADDED DATES OF MAX 24-HOUR PRECIPITATION AND SNOWFALL
ADDED SEASONAL HEATING DEGREE DAY TOTALS
CORRECTED NUMBER OF THUNDERSTORM DAYS

...................................

...THE LINCOLN IL CLIMATE SUMMARY FOR THE SEASON, FROM
3/1/2014 TO 5/31/2014...

CLIMATE NORMAL PERIOD 1981 TO 2010
CLIMATE RECORD PERIOD 1905 TO 2014

WEATHER         OBSERVED          NORMAL  DEPART  LAST YEAR`S
                 VALUE   DATE(S)  VALUE   FROM    VALUE
                                          NORMAL
.............................................................
TEMPERATURE (F)
RECORD
 HIGH             102   05/31/1934
 LOW              -14   03/10/1934
HIGHEST            89   05/31        MM      MM       89
                        05/21
                        05/26
LOWEST             -4   03/03        MM      MM       12
AVG. MAXIMUM     62.3              63.1    -0.8     59.0
AVG. MINIMUM     39.1              41.3    -2.2     39.7
MEAN             50.7              52.2    -1.5     49.4
DAYS MAX >= 90      0               0.7    -0.7        0
DAYS MAX <= 32      4               1.8     2.2        4
DAYS MIN <= 32     33              21.7    11.3       32
DAYS MIN <= 0       1               0.0     1.0        0

PRECIPITATION (INCHES)
RECORD
 MAXIMUM        19.75   1995
 MINIMUM         4.03   2005
TOTALS           6.66             10.37   -3.71    16.30
DAILY AVG.       0.07                               0.18
DAYS >= .01        31              33.6    -2.6       37
DAYS >= .10        18              21.1    -3.1       24
DAYS >= .50         5               6.6    -1.6       11
DAYS >= 1.00        1               2.1    -1.1        7
GREATEST
 24 HR. TOTAL    1.33   04/03                       2.02

SNOWFALL (INCHES)
RECORDS
 TOTAL           21.0   1934
 24 HR TOTAL     10.8   03/24/2013
TOTALS            4.7               2.0     2.7     12.7
DAYS >= TRACE       6               1.8     4.2       15
DAYS >= 1.0         2               0.8     1.2        2
GREATEST
 SNOW DEPTH         2   03/04                         11
                        03/02
                        03/03
 24 HR TOTAL      2.2   03/02                       10.8

DEGREE_DAYS
HEATING TOTAL    1425              1269     156     1518
 SINCE 7/1       6669              5691     978     5780
COOLING TOTAL     129                91      38      102
 SINCE 1/1        129                91      38      102

FREEZE DATES
RECORD
 EARLIEST     09/11/1917
 LATEST       05/29/1925
EARLIEST                        10/12
LATEST                          04/18
..............................................................

SKY COVER
POSSIBLE SUNSHINE (PERCENT)   MM


WEATHER CONDITIONS. NUMBER OF DAYS WITH
THUNDERSTORM              9     MIXED PRECIP               0
HEAVY RAIN                2     RAIN                      12
LIGHT RAIN               40     FREEZING RAIN              0
LT FREEZING RAIN          1     HAIL                       0
HEAVY SNOW                0     SNOW                       2
LIGHT SNOW                5     SLEET                      0
FOG                      12     FOG W/VIS <= 1/4 MILE      0
HAZE                      6

-  INDICATES NEGATIVE NUMBERS.
R  INDICATES RECORD WAS SET OR TIED.
MM INDICATES DATA IS MISSING.
T  INDICATES TRACE AMOUNT.

&&

SEASONAL RECORDS:

* 10TH DRIEST SPRING WITH 6.66 INCHES

$$
GEELHART







U.S. Dept. of Commerce
NOAA National Weather Service
1325 East West Highway
Silver Spring, MD 20910
E-mail: w-nws.webmaster@noaa.gov
Page last modified: May 16, 2007
NATIONAL WEATHER SERVICE: for Safety, for Work, for Fun - FOR LIFE