637
CXUS53 KILX 011933
CLSILX

CLIMATE REPORT
NATIONAL WEATHER SERVICE LINCOLN IL
133 PM CST SAT MAR 1 2014

...................................

...THE LINCOLN IL CLIMATE SUMMARY FOR THE SEASON, FROM
12/1/2013 TO 2/28/2014...

CLIMATE NORMAL PERIOD 1981 TO 2010
CLIMATE RECORD PERIOD 1905 TO 2014

WEATHER         OBSERVED          NORMAL  DEPART  LAST YEAR`S
                 VALUE   DATE(S)  VALUE   FROM    VALUE
                                          NORMAL
.............................................................
TEMPERATURE (F)
RECORD
 HIGH              75   02/27/1996
 LOW              -34   01/15/1927
HIGHEST            59   12/20        MM      MM       71
                        12/04
LOWEST            -16   02/11        MM      MM        2
                        02/07
AVG. MAXIMUM     30.2              36.5    -6.3     39.7
AVG. MINIMUM     10.9              20.5    -9.6     23.1
MEAN             20.6              28.5    -7.9     31.4
DAYS MAX >= 90      0               0.0     0.0        0
DAYS MAX <= 32     53              30.7    22.3       24
DAYS MIN <= 32     86              74.7    11.3       75
DAYS MIN <= 0      19               5.7    13.3        0

PRECIPITATION (INCHES)
RECORD
 MAXIMUM        15.57   1949
 MINIMUM         1.46   1919
TOTALS           6.17              6.39   -0.22     7.89
DAILY AVG.       0.07                               0.09
DAYS >= .01        32              25.9     6.1       29
DAYS >= .10        17              14.2     2.8       19
DAYS >= .50         5               3.7     1.3        5
DAYS >= 1.00        0               1.1    -1.1        2
GREATEST
 24 HR. TOTAL    0.72   12/21                       1.37

SNOWFALL (INCHES)
RECORDS
 TOTAL           37.0   1982
 24 HR TOTAL     13.0   02/23/1914
TOTALS           41.1R             17.9    23.2     10.3
DAYS >= TRACE      49              12.5    36.5       22
DAYS >= 1.0        14               5.8     8.2        4
GREATEST
 SNOW DEPTH         9   02/18                          2
                        02/16
 24 HR TOTAL      7.4   01/05                        2.6

DEGREE_DAYS
HEATING TOTAL    3966              3279     687     3004
 SINCE 7/1       5244              4423     821     4262
COOLING TOTAL       0                 0       0        0
 SINCE 1/1          0                 0       0        0

FREEZE DATES
RECORD
 EARLIEST     09/11/1917
 LATEST       05/29/1925
EARLIEST                        10/12
LATEST                          04/18
..............................................................

SKY COVER
POSSIBLE SUNSHINE (PERCENT)   MM


WEATHER CONDITIONS. NUMBER OF DAYS WITH
THUNDERSTORM              2     MIXED PRECIP               0
HEAVY RAIN                2     RAIN                       3
LIGHT RAIN               12     FREEZING RAIN              1
LT FREEZING RAIN          6     HAIL                       1
HEAVY SNOW                3     SNOW                       7
LIGHT SNOW               47     SLEET                      1
FOG                      23     FOG W/VIS <= 1/4 MILE      4
HAZE                      5

-  INDICATES NEGATIVE NUMBERS.
R  INDICATES RECORD WAS SET OR TIED.
MM INDICATES DATA IS MISSING.
T  INDICATES TRACE AMOUNT.

&&

RECORDS ESTABLISHED DURING THE PERIOD:

SEASONAL RECORDS (DECEMBER THROUGH FEBRUARY) --
* COLDEST WINTER ON RECORD WITH MEAN TEMPERATURE OF 20.6 DEGREES
* SNOWIEST WINTER ON RECORD WITH 41.1 INCHES

DECEMBER -- NO RECORDS ESTABLISHED

JANUARY --
* 4TH SNOWIEST JANUARY ON RECORD WITH 18.0 INCHES
* RECORD LOW TEMPERATUIRE OF 13 BELOW ZERO ON THE 3RD
* RECORD DAILY SNOWFALL OF 7.3 INCHES ON THE 5TH
* RECORD COLD HIGH OF 5 BELOW ZERO ON THE 6TH
* TIED JANUARY RECORD COLD HIGH OF 5 BELOW ZERO ON THE 6TH

FEBRUARY --
* COLDEST FEBRUARY ON RECORD WITH MEAN TEMPERATURE OF 17.2 DEGREES
* 4TH SNOWIEST FEBRUARY ON RECORD WITH 16.7 INCHES
* RECORD DAILY PRECIPITATION OF 0.66 INCHES ON THE 1ST
* RECORD DAILY SNOWFALL OF 4.0 INCHES ON THE 4TH
* RECORD COLD HIGH TEMPERATURE OF 5 DEGREES ON THE 6TH
* RECORD LOW TEMPERATURE OF 16 BELOW ZERO ON THE 7TH
* RECORD LOW TEMPERATURE OF 16 BELOW ZERO ON THE 11TH
* RECORD LOW TEMPERATURE OF 4 BELOW ZERO ON THE 13TH
* RECORD LOW TEMPERATURE OF 14 BELOW ZERO ON THE 15TH

$$
GEELHART







U.S. Dept. of Commerce
NOAA National Weather Service
1325 East West Highway
Silver Spring, MD 20910
E-mail: w-nws.webmaster@noaa.gov
Page last modified: May 16, 2007
NATIONAL WEATHER SERVICE: for Safety, for Work, for Fun - FOR LIFE