241
CXUS53 KILX 130234 CCA
CLSILX

CLIMATE REPORT...CORRECTED
NATIONAL WEATHER SERVICE LINCOLN IL
824 PM CST FRI DEC 12 2014

...................................

...THE LINCOLN IL CLIMATE SUMMARY FOR THE SEASON, FROM
9/1/2014 TO 11/30/2014...

CLIMATE NORMAL PERIOD 1981 TO 2010
CLIMATE RECORD PERIOD 1905 TO 2014

WEATHER         OBSERVED          NORMAL  DEPART  LAST YEAR`S
                 VALUE   DATE(S)  VALUE   FROM    VALUE
                                          NORMAL
.............................................................
TEMPERATURE (F)
RECORD
 HIGH             104   09/06/1954
 LOW               -3   11/30/1964
                        11/28/1930
HIGHEST            92   09/05        MM      MM       96
LOWEST              6   11/27        MM      MM       10
AVG. MAXIMUM     61.3              65.0    -3.7     65.0
AVG. MINIMUM     39.5              42.8    -3.3     40.8
MEAN             50.4              53.9    -3.5     52.9
DAYS MAX >= 90      2               2.1    -0.1        4
DAYS MAX <= 32      8               1.4     6.6        4
DAYS MIN <= 32     27              19.4     7.6       29
DAYS MIN <= 0       0               0.0     0.0        0

PRECIPITATION (INCHES)
RECORD
 MAXIMUM        22.14   1926
 MINIMUM         1.93   1908
TOTALS          14.28              9.54    4.74     5.65
DAILY AVG.       0.15                               0.06
DAYS >= .01        33              27.2     5.8       27
DAYS >= .10        14              17.7    -3.7       16
DAYS >= .50        11               7.1     3.9        4
DAYS >= 1.00        5               2.2     2.8        0
GREATEST
 24 HR. TOTAL    2.48   10/01 TO 10/02              0.88

SNOWFALL (INCHES)
RECORDS
 TOTAL           10.0   1926
 24 HR TOTAL      7.0   11/17/1926
TOTALS            1.0               0.6     0.4      0.5
DAYS >= TRACE      12               0.5    11.5        3
DAYS >= 1.0         0               0.2    -0.2        0
GREATEST
 SNOW DEPTH         1   11/28                         -1
                        11/27
 24 HR TOTAL      0.8   11/26                        0.5

DEGREE_DAYS
HEATING TOTAL    1388              1134     254     1256
 SINCE 7/1       1398              1143     255     1278
COOLING TOTAL      84               128     -44      176
 SINCE 1/1        838              1017    -179      947

FREEZE DATES
RECORD
 EARLIEST     09/11/1917
 LATEST       05/29/1925
EARLIEST                        10/12
LATEST                          04/18
..............................................................

SKY COVER
POSSIBLE SUNSHINE (PERCENT)   MM


WEATHER CONDITIONS. NUMBER OF DAYS WITH
THUNDERSTORM              9     MIXED PRECIP               0
HEAVY RAIN               10     RAIN                      15
LIGHT RAIN               35     FREEZING RAIN              0
LT FREEZING RAIN          0     HAIL                       1
HEAVY SNOW                0     SNOW                       1
LIGHT SNOW               12     SLEET                      0
FOG                      26     FOG W/VIS <= 1/4 MILE      0
HAZE                      3

-  INDICATES NEGATIVE NUMBERS.
R  INDICATES RECORD WAS SET OR TIED.
MM INDICATES DATA IS MISSING.
T  INDICATES TRACE AMOUNT.

&&

RECORDS ESTABLISHED FOR THE SEASON:
* 3RD COLDEST AUTUMN ON RECORD
* 8TH WETTEST AUTUMN ON RECORD

$$
GEELHART







U.S. Dept. of Commerce
NOAA National Weather Service
1325 East West Highway
Silver Spring, MD 20910
E-mail: w-nws.webmaster@noaa.gov
Page last modified: May 16, 2007
NATIONAL WEATHER SERVICE: for Safety, for Work, for Fun - FOR LIFE