304
CXUS52 KRAH 050251
CLSGSO

CLIMATE REPORT
NATIONAL WEATHER SERVICE RALEIGH NC
1039 PM EDT WED JUN 4 2014

...................................

...THE PIEDMONT TRIAD INTL AIRPORT CLIMATE SUMMARY FOR THE SEASON, FROM
3/1/2014 TO 5/31/2014...

CLIMATE NORMAL PERIOD 1981 TO 2010
CLIMATE RECORD PERIOD 1903 TO 2014

WEATHER         OBSERVED          NORMAL  DEPART
                 VALUE   DATE(S)  VALUE   FROM
                                          NORMAL
................................................
TEMPERATURE (F)
RECORD
 HIGH             100   05/12/1916
                        05/27/1911
 LOW                5   03/06/1960
HIGHEST            90   05/13
LOWEST             13   03/04
AVG. MAXIMUM     69.5              69.5     0.0
AVG. MINIMUM     46.0              47.5    -1.5
MEAN             57.8              58.5    -0.7
DAYS MAX >= 90      1               0.8     0.2
DAYS MAX <= 32      0               0.1    -0.1
DAYS MIN <= 32     20               8.2    11.8
DAYS MIN <= 0       0               0.0     0.0

PRECIPITATION (INCHES)
RECORD
 MAXIMUM        19.91   2003
 MINIMUM         3.59   1986
TOTALS          11.27             10.68    0.59
DAYS >= .01        31              29.9     1.1
DAYS >= 1.00        4               2.3     1.7
GREATEST
 24 HR. TOTAL    1.83   03/06 TO 03/07

DEGREE_DAYS
COOLING TOTAL     197               160      37
 SINCE 1/1        197               159      38
.................................................

WIND (MPH)
AVERAGE WIND SPEED              8.1
HIGHEST WIND SPEED/DIRECTION    41/280    DATE  03/12
HIGHEST GUST SPEED/DIRECTION    61/290    DATE  03/12

SKY COVER
POSSIBLE SUNSHINE (PERCENT)   MM
AVERAGE SKY COVER           0.50
NUMBER OF DAYS FAIR           25
NUMBER OF DAYS PC             43
NUMBER OF DAYS CLOUDY         24

AVERAGE RH (PERCENT)     59

WEATHER CONDITIONS. NUMBER OF DAYS WITH
THUNDERSTORM              0     MIXED PRECIP               0
HEAVY RAIN                9     RAIN                      13
LIGHT RAIN               33     FREEZING RAIN              2
LT FREEZING RAIN          5     HAIL                       0
HEAVY SNOW                0     SNOW                       6
LIGHT SNOW                4     SLEET                      5
FOG                      37     FOG W/VIS <= 1/4 MILE      5
HAZE                     16

-  INDICATES NEGATIVE NUMBERS.
R  INDICATES RECORD WAS SET OR TIED.
MM INDICATES DATA IS MISSING.
T  INDICATES TRACE AMOUNT.

$$




U.S. Dept. of Commerce
NOAA National Weather Service
1325 East West Highway
Silver Spring, MD 20910
E-mail: w-nws.webmaster@noaa.gov
Page last modified: May 16, 2007
NATIONAL WEATHER SERVICE: for Safety, for Work, for Fun - FOR LIFE