776
CXUS51 KALY 010646
CLSGFL

ALBCLSGFL 000
TTAA00 KALY 010644


CLIMATE REPORT
NATIONAL WEATHER SERVICE ALBANY NY
142 AM EST SAT MAR 1 2014

...................................

...THE GLENS FALLS NY CLIMATE SUMMARY FOR THE SEASON, FROM
12/1/2013 TO 2/28/2014...

CLIMATE NORMAL PERIOD 1981 TO 2010
CLIMATE RECORD PERIOD 1949 TO 2014

WEATHER         OBSERVED          NORMAL  DEPART  LAST YEAR`S
                 VALUE   DATE(S)  VALUE   FROM    VALUE  DATE(S)
                                          NORMAL
................................................................
TEMPERATURE (F)
HIGHEST            53   12/05                         55  12/04
LOWEST            -25   01/04                        -18  01/03
                        01/03
AVG. MAXIMUM     29.3              31.8    -2.5     34.1
AVG. MINIMUM      9.1              11.1    -2.0     15.7
MEAN             19.2              21.4    -2.2     24.9
DAYS MAX >= 90      0               0.0     0.0        0
DAYS MAX <= 32     53              44.0     9.0       34
DAYS MIN <= 32     89              86.0     3.0       88
DAYS MIN <= 0      28              19.6     8.4       12

PRECIPITATION (INCHES)
RECORD
 MAXIMUM        13.30   1949
 MINIMUM         3.23   1980
TOTALS           6.92              7.99   -1.07     5.69
DAILY AVG.       0.08              0.09   -0.01     0.06
DAYS >= .01        31              32.3    -1.3       32
DAYS >= .10        14              17.1    -3.1       18
DAYS >= .50         4               5.2    -1.2        3
DAYS >= 1.00        0               1.5    -1.5        0
GREATEST
 24 HR. TOTAL    1.00   02/13 TO 02/14

DEGREE_DAYS
HEATING TOTAL    4090              3922     168
 SINCE 7/1       5769              5620     149
COOLING TOTAL       0                 0       0
 SINCE 1/1          0                 0       0

FREEZE DATES
RECORD
 EARLIEST     08/29/1982
 LATEST       06/01/2009
EARLIEST                        09/29
LATEST                          05/13
.................................................................

WIND (MPH)
AVERAGE WIND SPEED              4.8
HIGHEST WIND SPEED/DIRECTION    26/300    DATE  02/24
HIGHEST GUST SPEED/DIRECTION    44/280    DATE  01/06


WEATHER CONDITIONS. NUMBER OF DAYS WITH
THUNDERSTORM              0     MIXED PRECIP               0
HEAVY RAIN                1     RAIN                       5
LIGHT RAIN               13     FREEZING RAIN              2
LT FREEZING RAIN          6     HAIL                       0
HEAVY SNOW                7     SNOW                      12
LIGHT SNOW               41     SLEET                      0
FOG                      56     FOG W/VIS <= 1/4 MILE     24
HAZE                     36

-  INDICATES NEGATIVE NUMBERS.
R  INDICATES RECORD WAS SET OR TIED.
MM INDICATES DATA IS MISSING.
T  INDICATES TRACE AMOUNT.

$$








U.S. Dept. of Commerce
NOAA National Weather Service
1325 East West Highway
Silver Spring, MD 20910
E-mail: w-nws.webmaster@noaa.gov
Page last modified: May 16, 2007
NATIONAL WEATHER SERVICE: for Safety, for Work, for Fun - FOR LIFE