893
CXUS51 KALY 011212
CLSGFL

ALBCLMGFL 000
TTAA00 KALY 011208


CLIMATE REPORT
NATIONAL WEATHER SERVICE ALBANY NY
806 AM EDT MON SEP 1 2014

...................................

...THE GLENS FALLS NY CLIMATE SUMMARY FOR THE SEASON, FROM
6/1/2014 TO 8/31/2014...

CLIMATE NORMAL PERIOD 1981 TO 2010
CLIMATE RECORD PERIOD 1949 TO 2014

WEATHER         OBSERVED          NORMAL  DEPART  LAST YEAR`S
                 VALUE   DATE(S)  VALUE   FROM    VALUE  DATE(S)
                                          NORMAL
................................................................
TEMPERATURE (F)
HIGHEST            91   07/02                         94  07/19
                                                          07/18
LOWEST             43   06/01                         41  06/04
AVG. MAXIMUM     78.8              78.8     0.0     79.5
AVG. MINIMUM     56.6              54.6     2.0     57.1
MEAN             67.7              66.7     1.0     68.3
DAYS MAX >= 90      2               4.3    -2.3        8
DAYS MAX <= 32      0               0.0     0.0        0
DAYS MIN <= 32      0               0.1    -0.1        0
DAYS MIN <= 0       0               0.0     0.0        0

PRECIPITATION (INCHES)
RECORD
 MAXIMUM        17.17   1994
 MINIMUM         5.36   1964
TOTALS          12.93             11.32    1.61    13.34
DAILY AVG.       0.14              0.12    0.02     0.14
DAYS >= .01        40              33.9     6.1       44
DAYS >= .10        23              21.1     1.9       24
DAYS >= .50        11               7.9     3.1       10
DAYS >= 1.00        4               2.7     1.3        3
GREATEST
 24 HR. TOTAL    2.11   MM

DEGREE_DAYS
HEATING TOTAL      47               157    -110
 SINCE 7/1         15                66     -51
COOLING TOTAL     318               315       3
 SINCE 1/1        338               327      11

FREEZE DATES
RECORD
 EARLIEST     08/29/1982
 LATEST       06/01/2009
EARLIEST                        09/29
LATEST                          05/13
.................................................................

WIND (MPH)
AVERAGE WIND SPEED              4.6
HIGHEST WIND SPEED/DIRECTION    37/310    DATE  07/03
HIGHEST GUST SPEED/DIRECTION    49/300    DATE  07/03


WEATHER CONDITIONS. NUMBER OF DAYS WITH
THUNDERSTORM              0     MIXED PRECIP               0
HEAVY RAIN               16     RAIN                      21
LIGHT RAIN               42     FREEZING RAIN              0
LT FREEZING RAIN          0     HAIL                       0
HEAVY SNOW                0     SNOW                       0
LIGHT SNOW                0     SLEET                      0
FOG                      71     FOG W/VIS <= 1/4 MILE     10
HAZE                      6

-  INDICATES NEGATIVE NUMBERS.
R  INDICATES RECORD WAS SET OR TIED.
MM INDICATES DATA IS MISSING.
T  INDICATES TRACE AMOUNT.

$$








U.S. Dept. of Commerce
NOAA National Weather Service
1325 East West Highway
Silver Spring, MD 20910
E-mail: w-nws.webmaster@noaa.gov
Page last modified: May 16, 2007
NATIONAL WEATHER SERVICE: for Safety, for Work, for Fun - FOR LIFE