298
CXUS51 KALY 020217
CLSGFL

CLIMATE REPORT
NATIONAL WEATHER SERVICE ALBANY NY
916 PM EST MON DEC 1 2014

...................................

...THE GLENS FALLS NY CLIMATE SUMMARY FOR THE SEASON, FROM
9/1/2014 TO 11/30/2014...

CLIMATE NORMAL PERIOD 1981 TO 2010
CLIMATE RECORD PERIOD 1949 TO 2014

WEATHER         OBSERVED          NORMAL  DEPART  LAST YEAR`S
                 VALUE   DATE(S)  VALUE   FROM    VALUE  DATE(S)
                                          NORMAL
................................................................
TEMPERATURE (F)
HIGHEST            86   09/05                         91  09/11
LOWEST              9   11/29                          6  11/25
AVG. MAXIMUM     59.6              58.4     1.2     58.9
AVG. MINIMUM     38.9              36.3     2.6     35.4
MEAN             49.3              47.3     2.0     47.2
DAYS MAX >= 90      0               0.1    -0.1        1
DAYS MAX <= 32      5               1.6     3.4        4
DAYS MIN <= 32     28              34.9    -6.9       35
DAYS MIN <= 0       0               0.0     0.0        0

PRECIPITATION (INCHES)
RECORD
 MAXIMUM        16.60   2005
 MINIMUM         1.86   1964
TOTALS           6.31             10.20   -3.89     7.57
DAILY AVG.       0.07              0.11   -0.04     0.08
DAYS >= .01        27              31.5    -4.5       25
DAYS >= .10        14              19.5    -5.5       17
DAYS >= .50         6               7.1    -1.1        5
DAYS >= 1.00        0               1.9    -1.9        2
GREATEST
 24 HR. TOTAL    0.86   10/15 TO 10/16

DEGREE_DAYS
HEATING TOTAL    1446              1632    -186
 SINCE 7/1       1461              1698    -237
COOLING TOTAL      54                25      29
 SINCE 1/1        392               352      40

FREEZE DATES
RECORD
 EARLIEST     08/29/1982
 LATEST       06/01/2009
EARLIEST                        09/29
LATEST                          05/13
.................................................................

WIND (MPH)
AVERAGE WIND SPEED              5.0
HIGHEST WIND SPEED/DIRECTION    32/010    DATE  11/02
HIGHEST GUST SPEED/DIRECTION    42/010    DATE  11/02


WEATHER CONDITIONS. NUMBER OF DAYS WITH
THUNDERSTORM              0     MIXED PRECIP               0
HEAVY RAIN                3     RAIN                      10
LIGHT RAIN               26     FREEZING RAIN              0
LT FREEZING RAIN          0     HAIL                       0
HEAVY SNOW                1     SNOW                       1
LIGHT SNOW                8     SLEET                      0
FOG                      62     FOG W/VIS <= 1/4 MILE     17
HAZE                     10

-  INDICATES NEGATIVE NUMBERS.
R  INDICATES RECORD WAS SET OR TIED.
MM INDICATES DATA IS MISSING.
T  INDICATES TRACE AMOUNT.

$$







U.S. Dept. of Commerce
NOAA National Weather Service
1325 East West Highway
Silver Spring, MD 20910
E-mail: w-nws.webmaster@noaa.gov
Page last modified: May 16, 2007
NATIONAL WEATHER SERVICE: for Safety, for Work, for Fun - FOR LIFE