057
CXUS51 KALY 010647
CLSGFL

CLIMATE REPORT
NATIONAL WEATHER SERVICE ALBANY NY
238 AM EDT SUN JUN 1 2014

...................................

...THE GLENS FALLS NY CLIMATE SUMMARY FOR THE SEASON, FROM
3/1/2014 TO 5/31/2014...

CLIMATE NORMAL PERIOD 1981 TO 2010
CLIMATE RECORD PERIOD 1949 TO 2014

WEATHER         OBSERVED          NORMAL  DEPART  LAST YEAR`S
                 VALUE   DATE(S)  VALUE   FROM    VALUE  DATE(S)
                                          NORMAL
................................................................
TEMPERATURE (F)
HIGHEST            87   05/12                         91  05/31
LOWEST            -15   03/04                          9  03/21
AVG. MAXIMUM     54.4              55.7    -1.3     56.0
AVG. MINIMUM     29.4              31.8    -2.4     33.7
MEAN             41.9              43.7    -1.8     44.8
DAYS MAX >= 90      0               0.2    -0.2        1
DAYS MAX <= 32     11               4.6     6.4        2
DAYS MIN <= 32     45              44.9     0.1       47
DAYS MIN <= 0       8               1.8     6.2        0

PRECIPITATION (INCHES)
RECORD
 MAXIMUM        17.77   1983
 MINIMUM         4.12   1964
TOTALS           8.58              9.55   -0.97     9.63
DAILY AVG.       0.09              0.10   -0.01     0.10
DAYS >= .01        36              34.6     1.4       33
DAYS >= .10        20              21.3    -1.3       17
DAYS >= .50         4               6.4    -2.4        7
DAYS >= 1.00        1               1.9    -0.9        1
GREATEST
 24 HR. TOTAL    1.11   05/16 TO 05/17

DEGREE_DAYS
HEATING TOTAL    2128              1967     161
 SINCE 7/1       7897              7586     311
COOLING TOTAL      20                13       7
 SINCE 1/1         20                12       8

FREEZE DATES
RECORD
 EARLIEST     08/29/1982
 LATEST       06/01/2009
EARLIEST                        09/29
LATEST                          05/13
.................................................................

WIND (MPH)
AVERAGE WIND SPEED              6.8
HIGHEST WIND SPEED/DIRECTION    30/180    DATE  04/14
HIGHEST GUST SPEED/DIRECTION    40/320    DATE  04/24


WEATHER CONDITIONS. NUMBER OF DAYS WITH
THUNDERSTORM              7     MIXED PRECIP               0
HEAVY RAIN                9     RAIN                      14
LIGHT RAIN               40     FREEZING RAIN              2
LT FREEZING RAIN          3     HAIL                       0
HEAVY SNOW                1     SNOW                       3
LIGHT SNOW               11     SLEET                      0
FOG                      39     FOG W/VIS <= 1/4 MILE      6
HAZE                     18

-  INDICATES NEGATIVE NUMBERS.
R  INDICATES RECORD WAS SET OR TIED.
MM INDICATES DATA IS MISSING.
T  INDICATES TRACE AMOUNT.

$$









U.S. Dept. of Commerce
NOAA National Weather Service
1325 East West Highway
Silver Spring, MD 20910
E-mail: w-nws.webmaster@noaa.gov
Page last modified: May 16, 2007
NATIONAL WEATHER SERVICE: for Safety, for Work, for Fun - FOR LIFE