089
CXUS53 KDDC 021951
CLSGCK


CLIMATE REPORT
NATIONAL WEATHER SERVICE DODGE CITY KS
136 PM CST TUE DEC 2 2014

...................................

...THE GARDEN CITY REGIONAL ARPT KS CLIMATE SUMMARY FOR THE SEASON, FROM
9/1/2014 TO 11/30/2014...

CLIMATE NORMAL PERIOD 1981 TO 2010
CLIMATE RECORD PERIOD 1948 TO 2014

WEATHER         OBSERVED          NORMAL  DEPART  LAST YEAR`S
                 VALUE   DATE(S)  VALUE   FROM    VALUE  DATE(S)
                                          NORMAL
................................................................
TEMPERATURE (F)
RECORD
 HIGH             106   09/01/2011
 LOW               -5   11/28/1976
HIGHEST           100   09/03        MM      MM      100  09/07
LOWEST              3   11/17        MM      MM       18  11/27
                        11/13                             11/22
AVG. MAXIMUM     69.8              69.1     0.7     69.7
AVG. MINIMUM     40.6              41.1    -0.5     42.3
MEAN             55.2              55.1     0.1     56.0
DAYS MAX >= 90      8               8.4    -0.4       12
DAYS MAX <= 32      3               1.4     1.6        3
DAYS MIN <= 32     27              25.6     1.4       25
DAYS MIN <= 0       0               0.0     0.0        0

PRECIPITATION (INCHES)
RECORD
 MAXIMUM        10.58   1969
 MINIMUM         0.42   1980
TOTALS           3.74              3.30    0.44     4.67
DAILY AVG.       0.04              0.04    0.00     0.05
DAYS >= .01        12              14.8    -2.8       16
DAYS >= .10         5               7.1    -2.1       10
DAYS >= .50         3               1.9     1.1        4
DAYS >= 1.00        1               0.5     0.5        1
GREATEST
 24 HR. TOTAL    1.48   MM                       09/27 TO 09/27

DEGREE_DAYS
HEATING TOTAL    1029              1085     -56     1044
 SINCE 7/1       1039              1089     -50     1044
COOLING TOTAL     182               183      -1      249
 SINCE 1/1       1342              1298      44     1591
........................................................

WIND (MPH)
AVERAGE WIND SPEED              11.9
RESULTANT WIND SPEED/DIRECTION   1/157
HIGHEST WIND SPEED/DIRECTION    46/010    DATE  11/23
HIGHEST GUST SPEED/DIRECTION    73/300    DATE  09/09

AVERAGE RH (PERCENT)     60

WEATHER CONDITIONS. NUMBER OF DAYS WITH
THUNDERSTORM             10     MIXED PRECIP               0
HEAVY RAIN                6     RAIN                       5
LIGHT RAIN               17     FREEZING RAIN              0
LT FREEZING RAIN          0     HAIL                       0
HEAVY SNOW                0     SNOW                       2
LIGHT SNOW                5     SLEET                      0
FOG                      33     FOG W/VIS <= 1/4 MILE      4
HAZE                     24

-  INDICATES NEGATIVE NUMBERS.
R  INDICATES RECORD WAS SET OR TIED.
MM INDICATES DATA IS MISSING.
T  INDICATES TRACE AMOUNT.

$$





U.S. Dept. of Commerce
NOAA National Weather Service
1325 East West Highway
Silver Spring, MD 20910
E-mail: w-nws.webmaster@noaa.gov
Page last modified: May 16, 2007
NATIONAL WEATHER SERVICE: for Safety, for Work, for Fun - FOR LIFE