415
CXUS53 KDDC 031608
CLSGCK


CLIMATE REPORT
NATIONAL WEATHER SERVICE DODGE CITY KS
958 AM CST MON MAR 3 2014

...................................

...THE GARDEN CITY REGIONAL ARPT KS CLIMATE SUMMARY FOR THE SEASON, FROM
12/1/2013 TO 2/28/2014...

CLIMATE NORMAL PERIOD 1981 TO 2010
CLIMATE RECORD PERIOD 1948 TO 2014

WEATHER         OBSERVED          NORMAL  DEPART  LAST YEAR`S
                 VALUE   DATE(S)  VALUE   FROM    VALUE  DATE(S)
                                          NORMAL
................................................................
TEMPERATURE (F)
RECORD
 HIGH              88   02/22/1982
 LOW              -19   01/14/1979
HIGHEST            73   02/18        MM      MM       71  02/17
                                                          01/28
LOWEST            -13   01/06        MM      MM       -5  01/04
AVG. MAXIMUM     43.2              45.5    -2.3     45.5
AVG. MINIMUM     16.7              19.2    -2.5     19.2
MEAN             29.9              32.4    -2.5     32.3
DAYS MAX >= 90      0               0.0     0.0        0
DAYS MAX <= 32     29              16.1    12.9       19
DAYS MIN <= 32     89              85.0     4.0       85
DAYS MIN <= 0       3               3.8    -0.8        4

PRECIPITATION (INCHES)
RECORD
 MAXIMUM         4.83   2007
 MINIMUM         0.12   2009
TOTALS           0.17              1.40   -1.23     1.04
DAILY AVG.       0.00              0.02   -0.02     0.01
DAYS >= .01         8              10.3    -2.3        8
DAYS >= .10         0               4.1    -4.1        3
DAYS >= .50         0               0.5    -0.5        1
DAYS >= 1.00        0               0.0     0.0        0
GREATEST
 24 HR. TOTAL    0.07   02/09 TO 02/10           12/14 TO 12/15

DEGREE_DAYS
HEATING TOTAL    3132              2935     197     2921
 SINCE 7/1       4176              4024     152     3901
COOLING TOTAL       0                 0       0        0
 SINCE 1/1          0                 0       0        0
......................................................

WIND (MPH)
AVERAGE WIND SPEED              11.8
RESULTANT WIND SPEED/DIRECTION   3/343
HIGHEST WIND SPEED/DIRECTION    53/340    DATE  02/20
HIGHEST GUST SPEED/DIRECTION    64/350    DATE  02/20

AVERAGE RH (PERCENT)     60

WEATHER CONDITIONS. NUMBER OF DAYS WITH
THUNDERSTORM              0     MIXED PRECIP               0
HEAVY RAIN                0     RAIN                       0
LIGHT RAIN                0     FREEZING RAIN              2
LT FREEZING RAIN          2     HAIL                       0
HEAVY SNOW                1     SNOW                       5
LIGHT SNOW               22     SLEET                      0
FOG                      29     FOG W/VIS <= 1/4 MILE      5
HAZE                     27

-  INDICATES NEGATIVE NUMBERS.
R  INDICATES RECORD WAS SET OR TIED.
MM INDICATES DATA IS MISSING.
T  INDICATES TRACE AMOUNT.

$$





U.S. Dept. of Commerce
NOAA National Weather Service
1325 East West Highway
Silver Spring, MD 20910
E-mail: w-nws.webmaster@noaa.gov
Page last modified: May 16, 2007
NATIONAL WEATHER SERVICE: for Safety, for Work, for Fun - FOR LIFE