457
CXUS53 KDDC 021516
CLSGCK


CLIMATE REPORT
NATIONAL WEATHER SERVICE DODGE CITY KS
959 AM CDT MON JUN 2 2014

...................................

...THE GARDEN CITY REGIONAL ARPT KS CLIMATE SUMMARY FOR THE SEASON, FROM
3/1/2014 TO 5/31/2014...

CLIMATE NORMAL PERIOD 1981 TO 2010
CLIMATE RECORD PERIOD 1948 TO 2014

WEATHER         OBSERVED          NORMAL  DEPART  LAST YEAR`S
                 VALUE   DATE(S)  VALUE   FROM    VALUE  DATE(S)
                                          NORMAL
................................................................
TEMPERATURE (F)
RECORD
 HIGH             106   05/26/1953
 LOW               -6   03/07/1996
HIGHEST           100   05/19        MM      MM       99  05/18
LOWEST             -5   03/03        MM      MM       10  03/26
AVG. MAXIMUM     68.8              67.2     1.6     67.4
AVG. MINIMUM     37.5              39.4    -1.9     36.2
MEAN             53.1              53.3    -0.2     51.8
DAYS MAX >= 90     11               3.5     7.5        8
DAYS MAX <= 32      3               1.6     1.4        0
DAYS MIN <= 32     35              26.0     9.0       45
DAYS MIN <= 0       2               0.1     1.9        0

PRECIPITATION (INCHES)
RECORD
 MAXIMUM        13.01   1990
 MINIMUM         0.77   1966
TOTALS           1.20              6.06   -4.86     1.23
DAILY AVG.       0.01              0.07   -0.06     0.01
DAYS >= .01        15              21.3    -6.3       16
DAYS >= .10         3              11.7    -8.7        3
DAYS >= .50         1               3.9    -2.9        0
DAYS >= 1.00        0               1.3    -1.3        0
GREATEST
 24 HR. TOTAL    0.59   05/22 TO 05/22           05/08 TO 05/08

DEGREE_DAYS
HEATING TOTAL    1211              1167      44     1298
 SINCE 7/1       5387              5191     196     5199
COOLING TOTAL     143                90      53      147
 SINCE 1/1        143                89      54      147
.........................................................

WIND (MPH)
AVERAGE WIND SPEED              14.3
RESULTANT WIND SPEED/DIRECTION   1/006
HIGHEST WIND SPEED/DIRECTION    52/350    DATE  04/29
HIGHEST GUST SPEED/DIRECTION    65/340    DATE  04/29

AVERAGE RH (PERCENT)     53

WEATHER CONDITIONS. NUMBER OF DAYS WITH
THUNDERSTORM              7     MIXED PRECIP               0
HEAVY RAIN                1     RAIN                       1
LIGHT RAIN               19     FREEZING RAIN              0
LT FREEZING RAIN          1     HAIL                       0
HEAVY SNOW                1     SNOW                       4
LIGHT SNOW               11     SLEET                      0
FOG                      28     FOG W/VIS <= 1/4 MILE      5
HAZE                     35

-  INDICATES NEGATIVE NUMBERS.
R  INDICATES RECORD WAS SET OR TIED.
MM INDICATES DATA IS MISSING.
T  INDICATES TRACE AMOUNT.

$$





U.S. Dept. of Commerce
NOAA National Weather Service
1325 East West Highway
Silver Spring, MD 20910
E-mail: w-nws.webmaster@noaa.gov
Page last modified: May 16, 2007
NATIONAL WEATHER SERVICE: for Safety, for Work, for Fun - FOR LIFE