209
CXUS53 KFGF 032022
CLSFGF

CLIMATE REPORT
NATIONAL WEATHER SERVICE EASTERN NORTH DAKOTA/GRAND FORKS
230 PM CST MON MAR 3 2014

...................................

...THE GRAND FORKS UNIV. (NWS) ND CLIMATE SUMMARY FOR THE SEASON, FROM
12/1/2013 TO 2/28/2014...

CLIMATE NORMAL PERIOD 1981 TO 2010
CLIMATE RECORD PERIOD 1890 TO 2014

WEATHER         OBSERVED          NORMAL  DEPART  LAST YEAR`S
                 VALUE   DATE(S)  VALUE   FROM    VALUE  DATE(S)
                                          NORMAL
................................................................
TEMPERATURE (F)
RECORD
 HIGH              67   02/22/2000
 LOW              -43   01/11/1912
HIGHEST            42   01/12        19      23       43  12/03
                                                          12/02
LOWEST            -26   01/06         2     -28      -19  02/01
                        01/02
AVG. MAXIMUM     10.9              19.4    -8.5     18.6
AVG. MINIMUM     -8.0               2.5   -10.5      2.4
MEAN              1.5              10.9    -9.4     10.5
DAYS MAX >= 90      0               0.0     0.0        0
DAYS MAX <= 32     81              72.6     8.4       78
DAYS MIN <= 32     90              89.4     0.6       90
DAYS MIN <= 0      71              39.6    31.4       40

PRECIPITATION (INCHES)
RECORD
 MAXIMUM         4.39   1996
 MINIMUM         0.37   2002
TOTALS           1.42              1.95   -0.53     1.09
DAILY AVG.       0.02              0.02    0.00     0.01
DAYS >= .01        30              19.1    10.9       22
DAYS >= .10         5               6.1    -1.1        4
DAYS >= .50         0               0.4    -0.4        0
DAYS >= 1.00        0               0.1    -0.1        0
GREATEST
 24 HR. TOTAL    0.24   MM                       02/28 TO 02/28
 STORM TOTAL       MM                                 MM
 (MM/DD(HH))            MM                    02/28(00) TO 02/28(00)

SNOWFALL (INCHES)
RECORDS
 TOTAL           57.7   1997
 24 HR TOTAL       MM
 SNOW DEPTH        MM   MM
TOTALS           44.1              28.2    15.9     23.6
 LIQUID EQUIV      MM              2.80    1.61     2.36
SINCE 7/1        45.7              35.3    10.4     33.6
 LIQUID 7/1        MM              3.50    1.07     3.36
SNOWDEPTH AVG.     10                 5       5        3
DAYS >= TRACE      59              20.9    38.1       55
DAYS >= 1.0        18               8.4     9.6        8
GREATEST
 SNOW DEPTH        15   02/17                          8  02/18
                        01/26
 24 HR TOTAL      7.3   MM                       02/28 TO 02/28
 STORM TOTAL       MM                                 MM
 (MM/DD(HH))            MM                    02/28(00) TO 02/28(00)

DEGREE_DAYS
HEATING TOTAL    5695              4866     829     4885
 SINCE 7/1         MM              6960      MM       MM
COOLING TOTAL       0                 0       0        0
 SINCE 1/1          0                 0       0        0

FREEZE DATES
RECORD
 EARLIEST     MM
 LATEST       MM
EARLIEST                        MM
LATEST                          MM
.........................................................

WIND (MPH)
AVERAGE WIND SPEED              MM
RESULTANT WIND SPEED/DIRECTION  MM
HIGHEST WIND SPEED/DIRECTION    MM        DATE   MM
HIGHEST GUST SPEED/DIRECTION    MM        DATE   MM

SKY COVER
POSSIBLE SUNSHINE (PERCENT)   MM
AVERAGE SKY COVER             MM
NUMBER OF DAYS FAIR            0
NUMBER OF DAYS PC              0
NUMBER OF DAYS CLOUDY          0

AVERAGE RH (PERCENT)     MM

WEATHER CONDITIONS. NUMBER OF DAYS WITH
THUNDERSTORM              0     MIXED PRECIP               0
HEAVY RAIN                0     RAIN                       0
LIGHT RAIN                1     FREEZING RAIN              0
LT FREEZING RAIN          2     HAIL                       0
HEAVY SNOW                2     SNOW                       7
LIGHT SNOW               33     SLEET                      1
FOG                       9     FOG W/VIS <= 1/4 MILE      0
HAZE                      6

-  INDICATES NEGATIVE NUMBERS.
R  INDICATES RECORD WAS SET OR TIED.
MM INDICATES DATA IS MISSING.
T  INDICATES TRACE AMOUNT.

&&

THE METEOROLOGICAL WINTER OF 2013/2014 WILL BE LONG REMEMBERED...BUT
NOT NECESSARILY FOR THE REASONS MANY FOLKS THINK. TRUE...IT WAS
UNUSUALLY COLD BUT IT WAS NOT THE COLDEST ON RECORD. WHAT DECEMBER
2013 TO FEBRUARY 2014 WILL BE LOGGED AS IT THE CONSISTENCY OF THE
COLD.

THE UNIVERSITY OF NORTH DAKOTA/NATIONAL WEATHER SERVICE CLIMATE
SITE...UND/NWS...HAS OVER 120 YEARS OF RECORDS TO DRAW FROM. BASED
ON THE DATA COLLECTED THE 3 MONTH TEMPERATURE OF 1.5 DEGREES PUTS IT
AS THE 7TH COLDEST FOR THE UND/NWS LOCATION WHOSE DATA GOES BACK TO
1890.

THE TEMPERATURE DROPPED TO -26 DEGREES ON JANUARY 2ND AND AGAIN ON
THE 6TH 2014...THEN HIT 42 DEGREES 6 DAYS LATER ON THE 12TH. THE
THREE MONTH MEAN DEPARTURE FROM NORMAL OF -9.4 DEGREES IS
STATISTICALLY IN THE LOWER THIRD OF COLDEST EXPECTED
WINTERS...ANOTHER INDICATOR OF WHAT WE ALREADY KNEW.

TO FURTHER SUPPORT THE IDEA OF CONSISTENT AND FREQUENT COLD HAVE
CALCULATED THE NUMBER OF DAYS WHEN THE LOW TEMPERATURES FELL TO ZERO
OR BELOW. OVER THE PERIOD FROM 1890 TO 2013 THERE ARE 47 DAYS...ON
AVERAGE...THAT THE LOW FALLS TO ZERO OR BELOW DURING THE DECEMBER TO
FEBRUARY PERIOD. THIS WINTER THAT TOTAL WAS 71 DAYS WHICH IS 3RD
PLACE BEHIND THE 2ND PLACE 1949/50 WINTER AND 1ST PLACE 1916/1917
WINTER.

THERE WAS 1.42 INCHES OF LIQUID EQUIVALENT WHICH IS ONLY 0.53 INCHES
BELOW THE LONG TERM AVERAGE.

BECAUSE OF THE COLD WEATHER THE TOTAL 3 MONTH SNOWFALL OF 44.1 INCHES
IS THE 4TH HIGHEST. THE WINTER OF 199/97 HAD 57.3 INCHES OF SNOW
DURING THE DECEMBER...JANUARY AND FEBRUARY PERIOD.

THE AVERAGE WIND SPEED WAS 8.0 MPH WHICH IS ABOUT AVERAGE FOR THE IN
TOWN MEDIAN. THE HIGHEST WIND SPEED OF 50 MPH OCCURRED ON JANUARY
16TH. ANOTHER FACTOR ADDING TO THE OVERALL APPARENT SEVERITY OF THIS
WINTER INCLUDES THE 7 BLIZZARDS THAT IMPACTED THE RED RIVER VALLEY.
THIS IS WELL ABOVE THE USUAL 2 OR 3 THAT OCCUR EVERY WINTER. THE
PEAK ON RECORD OF 10 BLIZZARDS WAS THE 1996/97 WINTER.

THE ABOVE INFORMATION IS PROVISIONAL...IS BASED ON EDITED DATA AND
WILL LIKELY BE CHANGED SLIGHTLY AFTER FURTHER REVIEW BY THE NATIONAL
CLIMATE DATA CENTER. OFFICIAL RECORDS AND SUMMARIES WILL BE
AVAILABLE LATER THIS SPRING OR EARLY SUMMER.

$$

EWENS






U.S. Dept. of Commerce
NOAA National Weather Service
1325 East West Highway
Silver Spring, MD 20910
E-mail: w-nws.webmaster@noaa.gov
Page last modified: May 16, 2007
NATIONAL WEATHER SERVICE: for Safety, for Work, for Fun - FOR LIFE