590
CXUS53 KFGF 051846
CLSFGF

CLIMATE REPORT
NATIONAL WEATHER SERVICE EASTERN NORTH DAKOTA/GRAND FORKS
1245 PM CST FRI DEC 5 2014

...................................

...THE GRAND FORKS UNIV. (NWS) ND CLIMATE SUMMARY FOR THE SEASON, FROM
9/1/2014 TO 11/30/2014...

CLIMATE NORMAL PERIOD 1981 TO 2010
CLIMATE RECORD PERIOD 1890 TO 2014

WEATHER         OBSERVED          NORMAL  DEPART  LAST YEAR`S
                 VALUE   DATE(S)  VALUE   FROM    VALUE  DATE(S)
                                          NORMAL
................................................................
TEMPERATURE (F)
RECORD
 HIGH             100   09/02/1983
                        09/05/1978
                        09/07/1931
 LOW              -35   11/30/1905
HIGHEST            86   09/08       100     -14       90  09/06
LOWEST            -13   11/27       -35      22      -11  11/23
AVG. MAXIMUM     52.0              52.9    -0.9     52.7
AVG. MINIMUM     32.8              33.2    -0.4     34.1
MEAN             42.4              43.0    -0.6     43.4
DAYS MAX >= 90      0               0.5    -0.5        1
DAYS MAX <= 32     19              13.4     5.6       10
DAYS MIN <= 32     34              40.7    -6.7       43
DAYS MIN <= 0       3               2.0     1.0        2

PRECIPITATION (INCHES)
RECORD
 MAXIMUM        11.97   2008
 MINIMUM         0.37   1993
TOTALS           2.14              4.87   -2.73     5.01
DAILY AVG.       0.02              0.05   -0.03     0.05
DAYS >= .01        18              21.7    -3.7       28
DAYS >= .10         4              10.9    -6.9       10
DAYS >= .50         1               2.5    -1.5        3
DAYS >= 1.00        0               0.9    -0.9        1
GREATEST
 24 HR. TOTAL    0.51   MM                       09/28 TO 09/28
                                                          11/22 TO 11/22
                                                          11/22 TO 11/22
 STORM TOTAL       MM                                 MM
 (MM/DD(HH))            MM                    09/28(00) TO 09/28(00)
                                                 11/22(00) TO 11/22(00)2
                                                 11/22(00) TO 11/22(00)2

SNOWFALL (INCHES)
RECORDS
 TOTAL           24.1   1958
 24 HR TOTAL       MM
 SNOW DEPTH        MM   MM
TOTALS            3.8               7.1    -3.3      1.6
 LIQUID EQUIV    0.38              0.70   -0.32     0.16
SINCE 7/1         3.8               7.1    -3.3      1.6
 LIQUID 7/1      0.38              0.70   -0.32     0.16
SNOWDEPTH AVG.      0                MM      MM        0
DAYS >= TRACE      18               4.7    13.3       18
DAYS >= 1.0         1               2.3    -1.3        0
GREATEST
 SNOW DEPTH         1   11/30                          1  11/30
                        11/28                             11/28
                        11/29                             11/29
 24 HR TOTAL      1.2   MM                       11/22 TO 11/22
                                                          11/22 TO 11/22
                                                          11/22 TO 11/22
 STORM TOTAL        T                                 MM
 (MM/DD(HH))            MM                    11/22(00) TO 11/22(00)
                                                 11/22(00) TO 11/22(00)2
                                                 11/22(00) TO 11/22(00)2

DEGREE_DAYS
HEATING TOTAL    2071              2031      40     1992
 SINCE 7/1         MM              2094      MM       MM
COOLING TOTAL      31                31       0       46
 SINCE 1/1        394               463     -69      528

FREEZE DATES
RECORD
 EARLIEST     MM
 LATEST       MM
EARLIEST                        MM
LATEST                          MM
...................................................

WIND (MPH)
AVERAGE WIND SPEED              MM
RESULTANT WIND SPEED/DIRECTION  MM
HIGHEST WIND SPEED/DIRECTION    MM        DATE   MM
HIGHEST GUST SPEED/DIRECTION    MM        DATE   MM

SKY COVER
POSSIBLE SUNSHINE (PERCENT)   MM
AVERAGE SKY COVER             MM
NUMBER OF DAYS FAIR            0
NUMBER OF DAYS PC              0
NUMBER OF DAYS CLOUDY          0

AVERAGE RH (PERCENT)     MM

WEATHER CONDITIONS. NUMBER OF DAYS WITH
THUNDERSTORM              0     MIXED PRECIP               0
HEAVY RAIN                0     RAIN                       2
LIGHT RAIN                7     FREEZING RAIN              0
LT FREEZING RAIN          0     HAIL                       0
HEAVY SNOW                0     SNOW                       1
LIGHT SNOW                7     SLEET                      0
FOG                       0     FOG W/VIS <= 1/4 MILE      0
HAZE                      1

-  INDICATES NEGATIVE NUMBERS.
R  INDICATES RECORD WAS SET OR TIED.
MM INDICATES DATA IS MISSING.
T  INDICATES TRACE AMOUNT.

&&

THIS DATA IS PROVISIONAL AND SUBJECT TO CHANGE. THE FINAL AND
OFFICIAL RECORDS WILL BE AVAILABLE FROM THE NATIONAL CLIMATE DATA
CENTER.

$$











U.S. Dept. of Commerce
NOAA National Weather Service
1325 East West Highway
Silver Spring, MD 20910
E-mail: w-nws.webmaster@noaa.gov
Page last modified: May 16, 2007
NATIONAL WEATHER SERVICE: for Safety, for Work, for Fun - FOR LIFE