367
CXUS51 KOKX 012049
CLSEWR

CLIMATE REPORT
NATIONAL WEATHER SERVICE NEW YORK NY
449 PM EDT SUN JUN 1 2014

...................................

...THE NEWARK NJ CLIMATE SUMMARY FOR THE SEASON, FROM
3/1/2014 TO 5/31/2014...

CLIMATE NORMAL PERIOD 1981 TO 2010
CLIMATE RECORD PERIOD 1929 TO 2014

WEATHER         OBSERVED          NORMAL  DEPART  LAST YEAR`S
                 VALUE   DATE(S)  VALUE   FROM    VALUE
                                          NORMAL
.............................................................
TEMPERATURE (F)
RECORD
 HIGH              99   05/20/1996
 LOW                6   03/04/1943
HIGHEST            88   05/27        MM      MM
                        05/26
LOWEST             12   03/04        MM      MM
AVG. MAXIMUM     60.7              61.6    -0.9
AVG. MINIMUM     42.1              43.5    -1.4
MEAN             51.4              52.6    -1.2
DAYS MAX >= 90      0               1.4    -1.4
DAYS MAX <= 32      3               0.8     2.2
DAYS MIN <= 32     20              13.8     6.2
DAYS MIN <= 0       0               0.0     0.0

PRECIPITATION (INCHES)
RECORD
 MAXIMUM        26.50   1983
 MINIMUM         4.43   1935
TOTALS          15.63             12.47    3.16     9.91
DAILY AVG.       0.17              0.14    0.03
DAYS >= .01        29              33.8    -4.8
DAYS >= .10        18              21.0    -3.0
DAYS >= .50         8               8.2    -0.2
DAYS >= 1.00        3               3.1    -0.1
GREATEST
 24 HR. TOTAL    5.24   MM
 STORM TOTAL       MM
 (MM/DD(HH))            MM

SNOWFALL (INCHES)
RECORDS
 TOTAL           29.4   1956
 24 HR TOTAL     12.8   04/06/1982 TO 04/06/1982
TOTALS            0.6               5.5    -4.9
 LIQUID EQUIV    0.06              0.60   -0.54
SINCE 7/1        61.1              28.5    32.6
 LIQUID 7/1      6.11
DAYS >= TRACE       7               2.8     4.2
DAYS >= 1.0         0               1.5    -1.5
GREATEST
 SNOW DEPTH         0   MM
 24 HR TOTAL      0.3   04/15 TO 04/15
 STORM TOTAL      0.3
 (MM/DD(HH))            MM

DEGREE_DAYS
HEATING TOTAL    1291              1219      72
 SINCE 7/1       5166              4855     311
COOLING TOTAL      62                75     -13
 SINCE 1/1         62                76     -14
..............................................................

WIND (MPH)
AVERAGE WIND SPEED              10.0
HIGHEST WIND SPEED/DIRECTION    36/270    DATE  05/04
HIGHEST GUST SPEED/DIRECTION    48/250    DATE  05/10

SKY COVER
POSSIBLE SUNSHINE (PERCENT)   MM
AVERAGE SKY COVER           0.70
NUMBER OF DAYS FAIR            8
NUMBER OF DAYS PC             44
NUMBER OF DAYS CLOUDY         40

AVERAGE RH (PERCENT)     56

WEATHER CONDITIONS. NUMBER OF DAYS WITH
THUNDERSTORM              0     MIXED PRECIP               1
HEAVY RAIN               12     RAIN                      17
LIGHT RAIN               38     FREEZING RAIN              0
LT FREEZING RAIN          0     HAIL                       0
HEAVY SNOW                0     SNOW                       1
LIGHT SNOW                7     SLEET                      3
FOG                      27     FOG W/VIS <= 1/4 MILE      4
HAZE                     11

-  INDICATES NEGATIVE NUMBERS.
R  INDICATES RECORD WAS SET OR TIED.
MM INDICATES DATA IS MISSING.
T  INDICATES TRACE AMOUNT.

$$







U.S. Dept. of Commerce
NOAA National Weather Service
1325 East West Highway
Silver Spring, MD 20910
E-mail: w-nws.webmaster@noaa.gov
Page last modified: May 16, 2007
NATIONAL WEATHER SERVICE: for Safety, for Work, for Fun - FOR LIFE