109
CXUS51 KOKX 011841
CLSEWR

NYCCLMEWR 000
TTAA00 KOKX 011839


CLIMATE REPORT
NATIONAL WEATHER SERVICE NEW YORK NY
139 PM EST MON DEC 1 2014

...................................

...THE NEWARK NJ CLIMATE SUMMARY FOR THE SEASON, FROM
9/1/2014 TO 11/30/2014...

CLIMATE NORMAL PERIOD 1981 TO 2010
CLIMATE RECORD PERIOD 1929 TO 2014

WEATHER         OBSERVED          NORMAL  DEPART  LAST YEAR`S
                 VALUE   DATE(S)  VALUE   FROM    VALUE
                                          NORMAL
.............................................................
TEMPERATURE (F)
RECORD
 HIGH             105   09/02/1953
 LOW               12   11/27/1932
HIGHEST            95   09/06        MM      MM
                        09/02
LOWEST             21   11/19        MM      MM
AVG. MAXIMUM     65.8              65.5     0.3
AVG. MINIMUM     49.5              48.9     0.6
MEAN             57.7              57.2     0.5
DAYS MAX >= 90      3               1.1     1.9
DAYS MAX <= 32      0               0.1    -0.1
DAYS MIN <= 32     12               5.5     6.5
DAYS MIN <= 0       0               0.0     0.0

PRECIPITATION (INCHES)
RECORD
 MAXIMUM        20.22   1944
 MINIMUM         4.21   1931
TOTALS           9.80             11.07   -1.27     5.02
DAILY AVG.       0.11              0.12   -0.01
DAYS >= .01        27              26.8     0.2
DAYS >= .10        17              16.8     0.2
DAYS >= .50         8               7.9     0.1
DAYS >= 1.00        3               3.0     0.0
GREATEST
 24 HR. TOTAL    1.50   MM
 STORM TOTAL       MM
 (MM/DD(HH))            MM

SNOWFALL (INCHES)
RECORDS
 TOTAL            8.7   1938
 24 HR TOTAL       MM
TOTALS            1.4               0.4     1.0
 LIQUID EQUIV    0.14              0.00    0.14
SINCE 7/1         1.4               0.4     1.0
 LIQUID 7/1      0.14
DAYS >= TRACE       5               0.4     4.6
DAYS >= 1.0         1               0.1     0.9
GREATEST
 SNOW DEPTH         1R  11/27
 24 HR TOTAL      1.4   MM
 STORM TOTAL       MM
 (MM/DD(HH))            MM

DEGREE_DAYS
HEATING TOTAL     832               866     -34
 SINCE 7/1         MM               868      MM
COOLING TOTAL     190               157      33
 SINCE 1/1       1175              1192     -17
..............................................................

WIND (MPH)
AVERAGE WIND SPEED              8.9
HIGHEST WIND SPEED/DIRECTION    32/330    DATE  11/02
HIGHEST GUST SPEED/DIRECTION    41/330    DATE  11/02

SKY COVER
POSSIBLE SUNSHINE (PERCENT)   MM
AVERAGE SKY COVER           0.70
NUMBER OF DAYS FAIR           14
NUMBER OF DAYS PC             40
NUMBER OF DAYS CLOUDY         37

AVERAGE RH (PERCENT)     63

WEATHER CONDITIONS. NUMBER OF DAYS WITH
THUNDERSTORM              0     MIXED PRECIP               0
HEAVY RAIN                5     RAIN                      19
LIGHT RAIN               38     FREEZING RAIN              0
LT FREEZING RAIN          0     HAIL                       1
HEAVY SNOW                0     SNOW                       4
LIGHT SNOW                2     SLEET                      1
FOG                      26     FOG W/VIS <= 1/4 MILE      1
HAZE                      9

-  INDICATES NEGATIVE NUMBERS.
R  INDICATES RECORD WAS SET OR TIED.
MM INDICATES DATA IS MISSING.
T  INDICATES TRACE AMOUNT.

$$







U.S. Dept. of Commerce
NOAA National Weather Service
1325 East West Highway
Silver Spring, MD 20910
E-mail: w-nws.webmaster@noaa.gov
Page last modified: May 16, 2007
NATIONAL WEATHER SERVICE: for Safety, for Work, for Fun - FOR LIFE