469
CXUS51 KOKX 012321
CLSEWR

CLIMATE REPORT
NATIONAL WEATHER SERVICE NEW YORK NY
621 PM EST SAT MAR 1 2014


...THE NEWARK NJ CLIMATE SUMMARY FOR THE SEASON, FROM
12/1/2013 TO 2/28/2014...

CLIMATE NORMAL PERIOD 1981 TO 2010
CLIMATE RECORD PERIOD 1929 TO 2014

WEATHER         OBSERVED          NORMAL  DEPART  LAST YEAR`S
                 VALUE   DATE(S)  VALUE   FROM    VALUE
                                          NORMAL
.............................................................
TEMPERATURE (F)
RECORD
 HIGH              76   12/07/1998
                        02/15/1949
 LOW              -14   02/09/1934
HIGHEST            71   12/22        MM      MM
LOWEST              3   01/07        MM      MM
AVG. MAXIMUM     38.8              41.5    -2.7
AVG. MINIMUM     23.8              27.0    -3.2
MEAN             31.3              34.2    -2.9
DAYS MAX >= 90      0               0.0     0.0
DAYS MAX <= 32     28              14.7    13.3
DAYS MIN <= 32     73              62.6    10.4
DAYS MIN <= 0       0               0.4    -0.4

PRECIPITATION (INCHES)
RECORD
 MAXIMUM        14.28   2010
 MINIMUM         7.12   2007
TOTALS          12.34             10.23    2.11    11.40
DAILY AVG.       0.14              0.11    0.03
DAYS >= .01        36              30.8     5.2
DAYS >= .10        27              18.4     8.6
DAYS >= .50         7               7.6    -0.6
DAYS >= 1.00        3               2.7     0.3
GREATEST
 24 HR. TOTAL    1.48   MM
 STORM TOTAL       MM
 (MM/DD(HH))            MM

SNOWFALL (INCHES)
RECORDS
 TOTAL           66.0   2011
 24 HR TOTAL     17.7   MM
TOTALS           60.5              22.6    37.9
 LIQUID EQUIV    6.05              2.30    3.75
SINCE 7/1        60.5              23.0    37.5
 LIQUID 7/1      6.05
DAYS >= TRACE      28              11.3    16.7
DAYS >= 1.0        14               5.2     8.8
GREATEST
 SNOW DEPTH        18   02/14
 24 HR TOTAL     10.0   MM
 STORM TOTAL       MM
 (MM/DD(HH))            MM

DEGREE_DAYS
HEATING TOTAL    3005              2767     238
 SINCE 7/1         MM              3635      MM
COOLING TOTAL       0                 0       0
 SINCE 1/1          0                 0       0
..............................................................

WIND (MPH)
AVERAGE WIND SPEED              9.3
HIGHEST WIND SPEED/DIRECTION    38/270    DATE  01/06
HIGHEST GUST SPEED/DIRECTION    51/280    DATE  01/06

SKY COVER
POSSIBLE SUNSHINE (PERCENT)   MM
AVERAGE SKY COVER           0.70
NUMBER OF DAYS FAIR            9
NUMBER OF DAYS PC             41
NUMBER OF DAYS CLOUDY         40

AVERAGE RH (PERCENT)     65

WEATHER CONDITIONS. NUMBER OF DAYS WITH
THUNDERSTORM              0     MIXED PRECIP               1
HEAVY RAIN                6     RAIN                      14
LIGHT RAIN               30     FREEZING RAIN              1
LT FREEZING RAIN         12     HAIL                       0
HEAVY SNOW                5     SNOW                      14
LIGHT SNOW               27     SLEET                      9
FOG                      41     FOG W/VIS <= 1/4 MILE     12
HAZE                     16

-  INDICATES NEGATIVE NUMBERS.
R  INDICATES RECORD WAS SET OR TIED.
MM INDICATES DATA IS MISSING.
T  INDICATES TRACE AMOUNT.

$$







U.S. Dept. of Commerce
NOAA National Weather Service
1325 East West Highway
Silver Spring, MD 20910
E-mail: w-nws.webmaster@noaa.gov
Page last modified: May 16, 2007
NATIONAL WEATHER SERVICE: for Safety, for Work, for Fun - FOR LIFE