639
CXUS51 KOKX 011413
CLSEWR

CLIMATE REPORT
NATIONAL WEATHER SERVICE NEW YORK NY
1013 AM EDT MON SEP 1 2014

...................................

...THE NEWARK NJ CLIMATE SUMMARY FOR THE SEASON, FROM
6/1/2014 TO 8/31/2014...

CLIMATE NORMAL PERIOD 1981 TO 2010
CLIMATE RECORD PERIOD 1929 TO 2014

WEATHER         OBSERVED          NORMAL  DEPART  LAST YEAR`S
                 VALUE   DATE(S)  VALUE   FROM    VALUE
                                          NORMAL
.............................................................
TEMPERATURE (F)
RECORD
 HIGH             108   07/22/2011
 LOW               41   06/01/1938
HIGHEST            96   07/02        MM      MM
LOWEST             53   06/02        MM      MM
AVG. MAXIMUM     83.8              83.9    -0.1
AVG. MINIMUM     65.8              66.5    -0.7
MEAN             74.8              75.2    -0.4
DAYS MAX >= 90     12              18.3    -6.3
DAYS MAX <= 32      0               0.0     0.0
DAYS MIN <= 32      0               0.0     0.0
DAYS MIN <= 0       0               0.0     0.0

PRECIPITATION (INCHES)
RECORD
 MAXIMUM        23.57   2011
 MINIMUM         4.46   1966
TOTALS          11.27             12.48   -1.21    17.05
DAILY AVG.       0.12              0.14   -0.02
DAYS >= .01        24              30.8    -6.8
DAYS >= .10        19              19.5    -0.5
DAYS >= .50         9               8.3     0.7
DAYS >= 1.00        4               3.7     0.3
GREATEST
 24 HR. TOTAL    1.87   MM
 STORM TOTAL       MM
 (MM/DD(HH))            MM

SNOWFALL (INCHES)
RECORDS
 TOTAL              T   2011
                        2009
                        2008
 24 HR TOTAL       MM
TOTALS            0.0               0.0     0.0
 LIQUID EQUIV    0.00              0.00    0.00
SINCE 7/1         0.0               0.0     0.0
 LIQUID 7/1      0.00
DAYS >= TRACE       0               0.0     0.0
DAYS >= 1.0         0               0.0     0.0
GREATEST
 SNOW DEPTH         0   MM
 24 HR TOTAL      0.0   MM
 STORM TOTAL       MM
 (MM/DD(HH))            MM

DEGREE_DAYS
HEATING TOTAL       0                18     -18
 SINCE 7/1          0                 1      -1
COOLING TOTAL     927               957     -30
 SINCE 1/1        989              1034     -45
..............................................................

WIND (MPH)
AVERAGE WIND SPEED              8.0
HIGHEST WIND SPEED/DIRECTION    35/260    DATE  06/03
HIGHEST GUST SPEED/DIRECTION    48/280    DATE  08/31

SKY COVER
POSSIBLE SUNSHINE (PERCENT)   MM
AVERAGE SKY COVER           0.60
NUMBER OF DAYS FAIR           12
NUMBER OF DAYS PC             50
NUMBER OF DAYS CLOUDY         30

AVERAGE RH (PERCENT)     63

WEATHER CONDITIONS. NUMBER OF DAYS WITH
THUNDERSTORM              0     MIXED PRECIP               0
HEAVY RAIN               13     RAIN                      16
LIGHT RAIN               37     FREEZING RAIN              0
LT FREEZING RAIN          0     HAIL                       0
HEAVY SNOW                0     SNOW                       0
LIGHT SNOW                0     SLEET                      0
FOG                      23     FOG W/VIS <= 1/4 MILE      1
HAZE                      6

-  INDICATES NEGATIVE NUMBERS.
R  INDICATES RECORD WAS SET OR TIED.
MM INDICATES DATA IS MISSING.
T  INDICATES TRACE AMOUNT.

$$







U.S. Dept. of Commerce
NOAA National Weather Service
1325 East West Highway
Silver Spring, MD 20910
E-mail: w-nws.webmaster@noaa.gov
Page last modified: May 16, 2007
NATIONAL WEATHER SERVICE: for Safety, for Work, for Fun - FOR LIFE