254
CXUS51 KCLE 041936
CLSERI

CLIMATE REPORT
NATIONAL WEATHER SERVICE CLEVELAND OH
131 PM EDT WED JUN 4 2014

...................................

...THE ERIE PA CLIMATE SUMMARY FOR THE SEASON, FROM
3/1/2014 TO 5/31/2014...

CLIMATE NORMAL PERIOD 1981 TO 2010
CLIMATE RECORD PERIOD 1873 TO 2014

WEATHER         OBSERVED          NORMAL  DEPART
                 VALUE   DATE(S)  VALUE   FROM
                                          NORMAL
................................................
TEMPERATURE (F)
RECORD
 HIGH              91   05/30/1879
 LOW               -9   03/02/1980
HIGHEST            88   05/13
LOWEST             -4   03/04
                        03/03
AVG. MAXIMUM     53.6              55.5    -1.9
AVG. MINIMUM     35.5              37.9    -2.4
MEAN             44.5              46.7    -2.2
DAYS MAX >= 90      0               0.1
DAYS MAX <= 32     11               5.7
DAYS MIN <= 32     35              30.4
DAYS MIN <= 0       2               0.0

PRECIPITATION (INCHES)
RECORD
 MAXIMUM        19.76   2011
 MINIMUM         4.46   1962
TOTALS          10.24              9.72    0.52
DAYS >= .01        41              41.0
DAYS >= .10        28              24.3
DAYS >= .50         6               6.0
DAYS >= 1.00        0               1.1

SNOWFALL (INCHES)
RECORDS
 TOTAL           34.9   2005
TOTALS           18.8              16.9
DAYS >= TRACE      17
DAYS >= 1.0         6               4.8

DEGREE_DAYS
HEATING TOTAL    1906              1721     185
COOLING TOTAL      39                39       0
.................................................

WIND (MPH)
HIGHEST GUST SPEED/DIRECTION    58/130    DATE  04/29

SKY COVER
POSSIBLE SUNSHINE (PERCENT)   MM
NUMBER OF DAYS FAIR           36
NUMBER OF DAYS PC             40
NUMBER OF DAYS CLOUDY         16


WEATHER CONDITIONS. NUMBER OF DAYS WITH
THUNDERSTORM              0     MIXED PRECIP               0
HEAVY RAIN               15     RAIN                      21
LIGHT RAIN               41     FREEZING RAIN              1
LT FREEZING RAIN          1     HAIL                       0
HEAVY SNOW                2     SNOW                       4
LIGHT SNOW               18     SLEET                      0
FOG                      37     FOG W/VIS <= 1/4 MILE      9
HAZE                     23

-  INDICATES NEGATIVE NUMBERS.
R  INDICATES RECORD WAS SET OR TIED.
MM INDICATES DATA IS MISSING.
T  INDICATES TRACE AMOUNT.

$$







U.S. Dept. of Commerce
NOAA National Weather Service
1325 East West Highway
Silver Spring, MD 20910
E-mail: w-nws.webmaster@noaa.gov
Page last modified: May 16, 2007
NATIONAL WEATHER SERVICE: for Safety, for Work, for Fun - FOR LIFE