625
CXUS51 KCLE 010532
CLSERI


CLIMATE REPORT
NATIONAL WEATHER SERVICE CLEVELAND OH
1230 AM EST SAT MAR 1 2014

...................................

...THE ERIE PA CLIMATE SUMMARY FOR THE SEASON, FROM
12/1/2013 TO 2/28/2014...

CLIMATE NORMAL PERIOD 1981 TO 2010
CLIMATE RECORD PERIOD 1873 TO 2014

WEATHER         OBSERVED          NORMAL  DEPART
                 VALUE   DATE(S)  VALUE   FROM
                                          NORMAL
................................................
TEMPERATURE (F)
RECORD
 HIGH              75   02/26/2000
                        12/03/1982
 LOW              -18   01/19/1994
HIGHEST            64   12/05
LOWEST            -10   01/07
AVG. MAXIMUM     31.7              35.8    -4.1
AVG. MINIMUM     17.1              22.9    -5.8
MEAN             24.4              29.3    -4.9
DAYS MAX >= 90      0               0.0
DAYS MAX <= 32     52              34.5
DAYS MIN <= 32     79              73.1
DAYS MIN <= 0       8               1.9

PRECIPITATION (INCHES)
RECORD
 MAXIMUM        16.20   1887
 MINIMUM         3.00   1906
TOTALS          11.95              9.08    2.87
DAYS >= .01        60              53.8
DAYS >= .10        33              25.8
DAYS >= .50         8               4.1
DAYS >= 1.00        1               0.7

SNOWFALL (INCHES)
RECORDS
 TOTAL          126.0   1978
TOTALS          105.0              75.3
DAYS >= TRACE      62
DAYS >= 1.0        31              20.7

DEGREE_DAYS
HEATING TOTAL    3622              3210     412
COOLING TOTAL       0                 0       0
.................................................

WIND (MPH)
HIGHEST GUST SPEED/DIRECTION    52/150    DATE  02/17

SKY COVER
POSSIBLE SUNSHINE (PERCENT)   MM
NUMBER OF DAYS FAIR           11
NUMBER OF DAYS PC             26
NUMBER OF DAYS CLOUDY         53


WEATHER CONDITIONS. NUMBER OF DAYS WITH
THUNDERSTORM              0     MIXED PRECIP               0
HEAVY RAIN                4     RAIN                      10
LIGHT RAIN               19     FREEZING RAIN              0
LT FREEZING RAIN          4     HAIL                       0
HEAVY SNOW               11     SNOW                      24
LIGHT SNOW               63     SLEET                      0
FOG                      62     FOG W/VIS <= 1/4 MILE     17
HAZE                     56

-  INDICATES NEGATIVE NUMBERS.
R  INDICATES RECORD WAS SET OR TIED.
MM INDICATES DATA IS MISSING.
T  INDICATES TRACE AMOUNT.

$$





U.S. Dept. of Commerce
NOAA National Weather Service
1325 East West Highway
Silver Spring, MD 20910
E-mail: w-nws.webmaster@noaa.gov
Page last modified: May 16, 2007
NATIONAL WEATHER SERVICE: for Safety, for Work, for Fun - FOR LIFE