477
CXUS51 KCLE 070153
CLSERI

CLIMATE REPORT
NATIONAL WEATHER SERVICE CLEVELAND OH
849 PM EST SAT DEC 6 2014

...................................

...THE ERIE PA CLIMATE SUMMARY FOR THE SEASON, FROM
9/1/2014 TO 11/30/2014...

CLIMATE NORMAL PERIOD 1981 TO 2010
CLIMATE RECORD PERIOD 1873 TO 2014

WEATHER         OBSERVED          NORMAL  DEPART
                 VALUE   DATE(S)  VALUE   FROM
                                          NORMAL
................................................
TEMPERATURE (F)
RECORD
 HIGH              99   09/03/1953
 LOW                6   11/30/1929
                        11/22/1880
HIGHEST            90   09/05
LOWEST             12   11/19
AVG. MAXIMUM     59.9              60.9    -1.0
AVG. MINIMUM     45.2              45.9    -0.7
MEAN             52.6              53.4    -0.8
DAYS MAX >= 90      1               0.1
DAYS MAX <= 32      4               0.9
DAYS MIN <= 32     13               9.6
DAYS MIN <= 0       0               0.0

PRECIPITATION (INCHES)
RECORD
 MAXIMUM        20.91   1979
 MINIMUM         4.52   1908
TOTALS          10.52             12.59   -2.07
DAYS >= .01        49              40.0
DAYS >= .10        29              26.0
DAYS >= .50         5               8.0
DAYS >= 1.00        1               2.4

SNOWFALL (INCHES)
RECORDS
 TOTAL           46.9   1950
TOTALS           25.0               8.7
DAYS >= TRACE      15
DAYS >= 1.0         4               2.2

DEGREE_DAYS
HEATING TOTAL    1196              1138      58
COOLING TOTAL      87                80       7
.................................................

WIND (MPH)
HIGHEST GUST SPEED/DIRECTION    51/200    DATE  11/24

SKY COVER
POSSIBLE SUNSHINE (PERCENT)   MM
NUMBER OF DAYS FAIR           30
NUMBER OF DAYS PC             29
NUMBER OF DAYS CLOUDY         32


WEATHER CONDITIONS. NUMBER OF DAYS WITH
THUNDERSTORM              0     MIXED PRECIP               0
HEAVY RAIN                9     RAIN                      20
LIGHT RAIN               45     FREEZING RAIN              0
LT FREEZING RAIN          1     HAIL                       0
HEAVY SNOW                2     SNOW                       6
LIGHT SNOW               14     SLEET                      0
FOG                      43     FOG W/VIS <= 1/4 MILE      3
HAZE                     22

-  INDICATES NEGATIVE NUMBERS.
R  INDICATES RECORD WAS SET OR TIED.
MM INDICATES DATA IS MISSING.
T  INDICATES TRACE AMOUNT.

$$







U.S. Dept. of Commerce
NOAA National Weather Service
1325 East West Highway
Silver Spring, MD 20910
E-mail: w-nws.webmaster@noaa.gov
Page last modified: May 16, 2007
NATIONAL WEATHER SERVICE: for Safety, for Work, for Fun - FOR LIFE