835
CXUS55 KLKN 030716
CLSELY


CLIMATE REPORT
NATIONAL WEATHER SERVICE ELKO NV
1050 PM PST TUE DEC 2 2014

...................................

...THE ELY AIRPORT NV CLIMATE SUMMARY FOR THE SEASON, FROM
9/1/2014 TO 11/30/2014...

CLIMATE NORMAL PERIOD 1981 TO 2010
CLIMATE RECORD PERIOD 1893 TO 2014

WEATHER         OBSERVED          NORMAL  DEPART  LAST YEAR`S
                 VALUE   DATE(S)  VALUE   FROM    VALUE
                                          NORMAL
.............................................................
TEMPERATURE (F)
RECORD
 HIGH              93   09/12/1990
                        09/03/1950
                        09/01/1950
 LOW              -20   11/25/2010
HIGHEST            89   09/02        88       1       83
LOWEST              1   11/16                 2       10
AVG. MAXIMUM     67.6              62.3     5.3     61.3
AVG. MINIMUM     31.5              28.2     3.3     29.9
MEAN             49.5              45.2     4.3     45.6
DAYS MAX >= 90      0               0.2    -0.2        0
DAYS MAX <= 32      1               2.4    -1.4        1
DAYS MIN <= 32     47              56.8    -9.8       62
DAYS MIN <= 0       0               1.4    -1.4        0

PRECIPITATION (INCHES)
RECORD
 MAXIMUM         7.30   1982
 MINIMUM         0.35   1893
TOTALS           1.27              2.53   -1.26     3.40
DAILY AVG.          T              0.03   -0.03     0.04
DAYS >= .01        12              16.0    -4.0       21
DAYS >= .10         4               7.1    -3.1       10
DAYS >= .50         0               1.0    -1.0        1
DAYS >= 1.00        0               0.1    -0.1        0

SNOWFALL (INCHES)
RECORDS
 TOTAL           26.0   1985
TOTALS            0.7               9.5    -8.8     12.9
DAYS >= 1.0         0               3.0    -3.0        2
GREATEST
 SNOW DEPTH         1   11/16                          8

DEGREE_DAYS
HEATING TOTAL    1399              1805    -406     1757
COOLING TOTAL      18                 6      12       17
..............................................................

WIND (MPH)
AVERAGE WIND SPEED              9.6
HIGHEST WIND SPEED/DIRECTION    40/150    DATE  11/01
HIGHEST GUST SPEED/DIRECTION    50/150    DATE  11/01

AVERAGE RH (PERCENT)     47

WEATHER CONDITIONS. NUMBER OF DAYS WITH
THUNDERSTORM              0     MIXED PRECIP               0
HEAVY RAIN                0     RAIN                       4
LIGHT RAIN               15     FREEZING RAIN              0
LT FREEZING RAIN          0     HAIL                       0
HEAVY SNOW                0     SNOW                       1
LIGHT SNOW                6     SLEET                      0
FOG                       8     FOG W/VIS <= 1/4 MILE      0
HAZE                      5

-  INDICATES NEGATIVE NUMBERS.
R  INDICATES RECORD WAS SET OR TIED.
MM INDICATES DATA IS MISSING.
T  INDICATES TRACE AMOUNT.

&&

==============================================================

...WARMEST METEOROLOGICAL AUTUMN ON RECORD IN ELY...
...18TH DRIEST METEOROLOGICAL AUTUMN ON RECORD IN ELY...
...6TH LEAST SNOWY METEOROLOGICAL AUTUMN ON RECORD IN ELY...

THE AVERAGE TEMPERATURE IN ELY DURING METEOROLOGICAL AUTUMN
2014 (SEPTEMBER, OCTOBER AND NOVEMBER) WAS 49.5 DEGREES...
WHICH IS 4.3 DEGREES ABOVE THE 1981-2010 CLIMATOLOGICAL NORMAL
OF 45.2 DEGREES. THIS MAKES METEOROLOGICAL AUTUMN 2014 THE
WARMEST ON RECORD. THE TOTAL PRECIPITATION WAS 1.27 INCHES...
WHICH IS 1.26 INCHES OR 50 PERCENT BELOW THE 1981-2010
CLIMATOLOGICAL NORMAL OF 2.53 INCHES. THIS MAKES
METEOROLOGICAL AUTUMN 2014 THE 18TH DRIEST ON RECORD. THE
TOTAL SNOWFALL WAS 0.7 INCHES...WHICH IS 8.8 INCHES OR 93
PERCENT BELOW THE 1981-2010 CLIMATOLOGICAL NORMAL OF 9.5
INCHES. THIS MAKES METEOROLOGICAL AUTUMN 2014 THE 6TH LEAST
SNOWY ON RECORD.

SEPTEMBER 2014 WAS ALSO THE WARMEST ON RECORD IN ELY.

$$

RCM




U.S. Dept. of Commerce
NOAA National Weather Service
1325 East West Highway
Silver Spring, MD 20910
E-mail: w-nws.webmaster@noaa.gov
Page last modified: May 16, 2007
NATIONAL WEATHER SERVICE: for Safety, for Work, for Fun - FOR LIFE