299
CXUS53 KDVN 011625
CLSDVN

CLIMATE REPORT
NATIONAL WEATHER SERVICE QUAD CITIES IA IL
1025 AM CST SAT MAR 1 2014

...................................

...THE DAVENPORT IA CLIMATE SUMMARY FOR THE SEASON, FROM
12/1/2013 TO 2/28/2014...

CLIMATE NORMAL PERIOD 1981 TO 2010
CLIMATE RECORD PERIOD 9999 TO 9999

WEATHER         OBSERVED          NORMAL  DEPART
                 VALUE   DATE(S)  VALUE   FROM
                                          NORMAL
................................................
TEMPERATURE (F)
HIGHEST            52   12/04        40      12
LOWEST            -23   02/11        12     -35
AVG. MAXIMUM     24.8              32.4    -7.6
AVG. MINIMUM      5.8              15.9   -10.1
MEAN             15.2              24.1    -8.9
DAYS MAX >= 90      0
DAYS MAX <= 32     61
DAYS MIN <= 32     88
DAYS MIN <= 0      35

PRECIPITATION (INCHES)
TOTALS           3.91              4.26   -0.35
DAILY AVG.       0.04              0.05   -0.01
DAYS >= .01        32
DAYS >= .10         9
DAYS >= .50         1
DAYS >= 1.00        1
GREATEST
 24 HR. TOTAL    1.14   02/20 TO 02/20

SNOWFALL (INCHES)
TOTALS           39.5
SINCE 7/1        42.8
SNOWDEPTH AVG.      2
DAYS >= TRACE      52
DAYS >= 1.0        12
GREATEST
 SNOW DEPTH         9   02/18
 24 HR TOTAL      6.2   12/21 TO 12/22

DEGREE_DAYS
HEATING TOTAL    4450              3677     773
 SINCE 7/1       5863              5025     838
COOLING TOTAL       0                 0       0
 SINCE 1/1          0                 0       0
.................................................

WIND (MPH)
AVERAGE WIND SPEED              12.1
HIGHEST WIND SPEED/DIRECTION    46/300    DATE  01/26
HIGHEST GUST SPEED/DIRECTION    59/290    DATE  01/26

SKY COVER
POSSIBLE SUNSHINE (PERCENT)   MM
AVERAGE SKY COVER           0.40
NUMBER OF DAYS FAIR           47
NUMBER OF DAYS PC             19
NUMBER OF DAYS CLOUDY         24

AVERAGE RH (PERCENT)     75

WEATHER CONDITIONS. NUMBER OF DAYS WITH
THUNDERSTORM              1     HAIL                       0
SLEET                     1     FOG                       59
FOG W/VIS <= 1/4 MILE    11     HAZE                      49

-  INDICATES NEGATIVE NUMBERS.
R  INDICATES RECORD WAS SET OR TIED.
MM INDICATES DATA IS MISSING.
T  INDICATES TRACE AMOUNT.

$$








U.S. Dept. of Commerce
NOAA National Weather Service
1325 East West Highway
Silver Spring, MD 20910
E-mail: w-nws.webmaster@noaa.gov
Page last modified: May 16, 2007
NATIONAL WEATHER SERVICE: for Safety, for Work, for Fun - FOR LIFE