857
CXUS53 KEAX 010647
CLSDMO

STLCLMWS4 000
TTAA00 KEAX 010644


CLIMATE REPORT
NATIONAL WEATHER SERVICE KANSAS CITY/PLEASANT HILL MO
143 AM CDT SUN JUN 1 2014

...................................

...THE SEDALIA CLIMATE SUMMARY FOR THE SEASON, FROM
3/1/2014 TO 5/31/2014...

CLIMATE NORMAL PERIOD 1981 TO 2010
CLIMATE RECORD PERIOD 9999 TO 9999

WEATHER         OBSERVED          NORMAL  DEPART  LAST YEAR`S
                 VALUE   DATE(S)  VALUE   FROM    VALUE  DATE(S)
                                          NORMAL
................................................................
TEMPERATURE (F)
HIGHEST            90   05/06        87       3       90  05/14
LOWEST               R  03/03        15     -16       16  03/03
AVG. MAXIMUM     66.6              66.6     0.0     61.8
AVG. MINIMUM     43.7              45.8    -2.1     42.7
MEAN             55.2              56.2    -1.0     52.3
DAYS MAX >= 90      1               0.4     0.6        1
DAYS MAX <= 32      2               0.9     1.1        2
DAYS MIN <= 32     20              21.6    -1.6       22
DAYS MIN <= 0       1               0.0     1.0        0

PRECIPITATION (INCHES)
TOTALS          10.43             11.55   -1.12    17.73
DAILY AVG.       0.12              0.13   -0.01     0.19
DAYS >= .01        29              31.5    -2.5       35
DAYS >= .10        13              20.0    -7.0       23
DAYS >= .50         8               7.9     0.1       13
DAYS >= 1.00        2               3.0    -1.0        6
GREATEST
 24 HR. TOTAL    3.55   MM

DEGREE_DAYS
HEATING TOTAL    1082               948     134     1298
COOLING TOTAL     195               140      55      147
.................................................................

WIND (MPH)
AVERAGE WIND SPEED              10.8
HIGHEST WIND SPEED/DIRECTION    36/200    DATE  03/26
HIGHEST GUST SPEED/DIRECTION    53/210    DATE  05/10

SKY COVER
POSSIBLE SUNSHINE (PERCENT)    0
AVERAGE SKY COVER           0.30
NUMBER OF DAYS FAIR           61
NUMBER OF DAYS PC             15
NUMBER OF DAYS CLOUDY         16

AVERAGE RH (PERCENT)     60

WEATHER CONDITIONS. NUMBER OF DAYS WITH
THUNDERSTORM              0     MIXED PRECIP               0
HEAVY RAIN               12     RAIN                      11
LIGHT RAIN               32     FREEZING RAIN              0
LT FREEZING RAIN          2     HAIL                       0
HEAVY SNOW                0     SNOW                       1
LIGHT SNOW                8     SLEET                      0
FOG                      34     FOG W/VIS <= 1/4 MILE      0
HAZE                     16

-  INDICATES NEGATIVE NUMBERS.
R  INDICATES RECORD WAS SET OR TIED.
MM INDICATES DATA IS MISSING.
T  INDICATES TRACE AMOUNT.

$$







U.S. Dept. of Commerce
NOAA National Weather Service
1325 East West Highway
Silver Spring, MD 20910
E-mail: w-nws.webmaster@noaa.gov
Page last modified: May 16, 2007
NATIONAL WEATHER SERVICE: for Safety, for Work, for Fun - FOR LIFE