869
CXUS53 KEAX 010658
CLSDMO

STLCLMWS4 000
TTAA00 KEAX 010656


CLIMATE REPORT
NATIONAL WEATHER SERVICE KANSAS CITY/PLEASANT HILL MO
1255 AM CST SAT MAR 1 2014

...................................

...THE SEDALIA CLIMATE SUMMARY FOR THE SEASON, FROM
12/1/2013 TO 2/28/2014...

CLIMATE NORMAL PERIOD 1981 TO 2010
CLIMATE RECORD PERIOD 9999 TO 9999

WEATHER         OBSERVED          NORMAL  DEPART  LAST YEAR`S
                 VALUE   DATE(S)  VALUE   FROM    VALUE  DATE(S)
                                          NORMAL
................................................................
TEMPERATURE (F)
HIGHEST            72   02/20        70       2       76  01/28
LOWEST            -10R  01/06                -9        8  02/01
                                                          01/02
AVG. MAXIMUM     38.5              43.1    -4.6     45.3
AVG. MINIMUM     18.3              25.3    -7.0     27.2
MEAN             28.4              34.2    -5.8     36.2
DAYS MAX >= 90      0               0.0     0.0        0
DAYS MAX <= 32     35              21.3    13.7       16
DAYS MIN <= 32     80              75.5     4.5       64
DAYS MIN <= 0       6               5.0     1.0        0

PRECIPITATION (INCHES)
TOTALS           2.41              5.92   -3.51     6.08
DAILY AVG.       0.03              0.07   -0.04     0.07
DAYS >= .01        12              20.1    -8.1       22
DAYS >= .10         4              11.1    -7.1       12
DAYS >= .50         1               3.5    -2.5        3
DAYS >= 1.00        1               1.1    -0.1        1
GREATEST
 24 HR. TOTAL    1.18   MM

DEGREE_DAYS
HEATING TOTAL    3270              2772     498     2561
COOLING TOTAL       0                 0       0        1
.................................................................

WIND (MPH)
AVERAGE WIND SPEED              10.8
HIGHEST WIND SPEED/DIRECTION    43/240    DATE  02/20
HIGHEST GUST SPEED/DIRECTION    61/250    DATE  02/20

SKY COVER
POSSIBLE SUNSHINE (PERCENT)   MM
AVERAGE SKY COVER           0.40
NUMBER OF DAYS FAIR           47
NUMBER OF DAYS PC             27
NUMBER OF DAYS CLOUDY         16

AVERAGE RH (PERCENT)     66

WEATHER CONDITIONS. NUMBER OF DAYS WITH
THUNDERSTORM              0     MIXED PRECIP               0
HEAVY RAIN                0     RAIN                       2
LIGHT RAIN                8     FREEZING RAIN              2
LT FREEZING RAIN          5     HAIL                       0
HEAVY SNOW                1     SNOW                       3
LIGHT SNOW               30     SLEET                      0
FOG                      33     FOG W/VIS <= 1/4 MILE      5
HAZE                     16

-  INDICATES NEGATIVE NUMBERS.
R  INDICATES RECORD WAS SET OR TIED.
MM INDICATES DATA IS MISSING.
T  INDICATES TRACE AMOUNT.

$$







U.S. Dept. of Commerce
NOAA National Weather Service
1325 East West Highway
Silver Spring, MD 20910
E-mail: w-nws.webmaster@noaa.gov
Page last modified: May 16, 2007
NATIONAL WEATHER SERVICE: for Safety, for Work, for Fun - FOR LIFE