593
CXUS53 KEAX 010653
CLSDMO

STLCLMWS4 000
TTAA00 KEAX 010641


CLIMATE REPORT
NATIONAL WEATHER SERVICE KANSAS CITY/PLEASANT HILL MO
1241 AM CST MON DEC 1 2014

...................................

...THE SEDALIA CLIMATE SUMMARY FOR THE SEASON, FROM
9/1/2014 TO 11/30/2014...

CLIMATE NORMAL PERIOD 1981 TO 2010
CLIMATE RECORD PERIOD 9999 TO 9999

WEATHER         OBSERVED          NORMAL  DEPART  LAST YEAR`S
                 VALUE   DATE(S)  VALUE   FROM    VALUE  DATE(S)
                                          NORMAL
................................................................
TEMPERATURE (F)
HIGHEST            93   09/04        92       1       95  09/09
LOWEST             13R  11/18        17      -4       13  11/24
AVG. MAXIMUM     66.0              67.9    -1.9     68.0
AVG. MINIMUM     46.0              48.1    -2.1     46.6
MEAN             56.0              58.0    -2.0     57.3
DAYS MAX >= 90      3               3.2    -0.2        6
DAYS MAX <= 32      4               1.0     3.0        3
DAYS MIN <= 32     20              19.2     0.8       18
DAYS MIN <= 0       0               0.0     0.0        0

PRECIPITATION (INCHES)
TOTALS          11.76             10.85    0.91     9.15
DAILY AVG.       0.13              0.12    0.01     0.10
DAYS >= .01        26              25.6     0.4       26
DAYS >= .10        14              15.9    -1.9       16
DAYS >= .50         6               6.7    -0.7        7
DAYS >= 1.00        4               3.0     1.0        2
GREATEST
 24 HR. TOTAL    3.48   10/01 TO 10/02

DEGREE_DAYS
HEATING TOTAL     985               844     141      949
COOLING TOTAL     192               206     -14      270
.................................................................

WIND (MPH)
AVERAGE WIND SPEED              9.3
HIGHEST WIND SPEED/DIRECTION    32/190    DATE  11/10
HIGHEST GUST SPEED/DIRECTION    50/050    DATE  10/09

SKY COVER
POSSIBLE SUNSHINE (PERCENT)   MM
AVERAGE SKY COVER           0.40
NUMBER OF DAYS FAIR           52
NUMBER OF DAYS PC             24
NUMBER OF DAYS CLOUDY         15

AVERAGE RH (PERCENT)     67

WEATHER CONDITIONS. NUMBER OF DAYS WITH
THUNDERSTORM              0     MIXED PRECIP               0
HEAVY RAIN                8     RAIN                      13
LIGHT RAIN               35     FREEZING RAIN              0
LT FREEZING RAIN          1     HAIL                       0
HEAVY SNOW                0     SNOW                       0
LIGHT SNOW                4     SLEET                      0
FOG                      38     FOG W/VIS <= 1/4 MILE      7
HAZE                     25

-  INDICATES NEGATIVE NUMBERS.
R  INDICATES RECORD WAS SET OR TIED.
MM INDICATES DATA IS MISSING.
T  INDICATES TRACE AMOUNT.

$$







U.S. Dept. of Commerce
NOAA National Weather Service
1325 East West Highway
Silver Spring, MD 20910
E-mail: w-nws.webmaster@noaa.gov
Page last modified: May 16, 2007
NATIONAL WEATHER SERVICE: for Safety, for Work, for Fun - FOR LIFE