811
CXUS53 KDLH 011609
CLSDLH

CLIMATE REPORT
NATIONAL WEATHER SERVICE DULUTH MN
1109 AM CDT SUN JUN 1 2014

...................................

...THE DULUTH CLIMATE SUMMARY FOR THE SEASON, FROM
3/1/2014 TO 5/31/2014...

CLIMATE NORMAL PERIOD 1981 TO 2010
CLIMATE RECORD PERIOD 1870 TO 2014

WEATHER         OBSERVED          NORMAL  DEPART  LAST YEAR`S
                 VALUE   DATE(S)  VALUE   FROM    VALUE
                                          NORMAL
.............................................................
TEMPERATURE (F)
RECORD
 HIGH              95   05/30/1939
 LOW              -29   03/02/1989
HIGHEST            85   05/26        MM      MM       80
LOWEST            -23   03/03        MM      MM      -13
                        03/02
MEAN             35.1              39.0    -3.9     35.2

PRECIPITATION (INCHES)
RECORD
 MAXIMUM        15.77   1894
 MINIMUM         1.95   1900
TOTALS           9.58              7.15    2.43    10.79

SNOWFALL (INCHES)
SINCE 7/1       131.0

DEGREE_DAYS
HEATING TOTAL    2739              2399     340     2712
COOLING TOTAL      18                 4      14        1
..............................................................

WIND (MPH)
AVERAGE WIND SPEED              11.2
HIGHEST WIND SPEED/DIRECTION    40/070
HIGHEST GUST SPEED/DIRECTION    55/070

SKY COVER
POSSIBLE SUNSHINE (PERCENT)   MM



-  INDICATES NEGATIVE NUMBERS.
R  INDICATES RECORD WAS SET OR TIED.
MM INDICATES DATA IS MISSING.
T  INDICATES TRACE AMOUNT.

$$

.THE 2014 SPRING SEASON WAS COLDER AND WETTER THAN NORMAL AT DULUTH
MN...

THE AVERAGE TEMPERATURE FOR THE SPRING SEASON WAS 35.1 DEGREES WHICH
WAS 3.9 DEGREES BELOW THE NORMAL OF 39.0 DEGREES. THIS WAS TIED FOR
THE 26TH COLDEST METEOROLOGICAL SPRING ON RECORD AT DULUTH. 9.58
INCHES OF  PRECIPITATION WAS REPORTED FOR THE SEASON WHICH WAS 2.43
INCHES ABOVE THE NORMAL OF 7.15 INCHES. THIS WAS THE 23RD WETTEST
SPRING SEASON ON RECORD. 47.2 INCHES OF SNOW FELL IN THE SPRING
SEASON WHICH WAS 26.7 INCHES ABOVE THE NORMAL OF 20.5 INCHES RANKING
THIS AS THE 5TH SNOWIEST SPRING SEASON ON RECORD. 131.0 INCHES OF
SNOW FELL SINCE JULY 1ST WHICH IS 44.9 INCHES ABOVE THE NORMAL OF
86.1 INCHES. THIS RANKS AS THE 3RD SNOWIEST SNOW SEASON ON RECORD AT
DULUTH.

$$











U.S. Dept. of Commerce
NOAA National Weather Service
1325 East West Highway
Silver Spring, MD 20910
E-mail: w-nws.webmaster@noaa.gov
Page last modified: May 16, 2007
NATIONAL WEATHER SERVICE: for Safety, for Work, for Fun - FOR LIFE