730
CXUS51 KALY 010645
CLSDDH

CLIMATE REPORT
NATIONAL WEATHER SERVICE ALBANY NY
238 AM EDT SUN JUN 1 2014

...................................

...THE BENNINGTON VT CLIMATE SUMMARY FOR THE SEASON, FROM
3/1/2014 TO 5/31/2014...

CLIMATE NORMAL PERIOD 1981 TO 2010
CLIMATE RECORD PERIOD 9999 TO 9999

WEATHER         OBSERVED          NORMAL  DEPART  LAST YEAR`S
                 VALUE   DATE(S)  VALUE   FROM    VALUE  DATE(S)
                                          NORMAL
................................................................
TEMPERATURE (F)
HIGHEST            83   05/27                         89  05/31
                        05/12
LOWEST             -8   03/04                          9  03/21
AVG. MAXIMUM     53.9              55.8    -1.9     55.9
AVG. MINIMUM     30.9              33.4    -2.5     33.7
MEAN             42.4              44.6    -2.2     44.8
DAYS MAX >= 90      0               0.3    -0.3        0
DAYS MAX <= 32     11               4.2     6.8        3
DAYS MIN <= 32     44              42.5     1.5       44
DAYS MIN <= 0       4               0.6     3.4        0

PRECIPITATION (INCHES)
TOTALS           6.97             10.08   -3.11    11.81
DAILY AVG.       0.08              0.11   -0.03     0.13
DAYS >= .01        34                                 38
DAYS >= .10        15                                 20
DAYS >= .50         6                                  9
DAYS >= 1.00        0                                  3
GREATEST
 24 HR. TOTAL    1.03   05/16 TO 05/17

DEGREE_DAYS
HEATING TOTAL    2003              1888     115
 SINCE 7/1       7251              7139     112
COOLING TOTAL      16                13       3
 SINCE 1/1         16                14       2

FREEZE DATES
EARLIEST                        10/01
LATEST                          05/10
.................................................................

WIND (MPH)
AVERAGE WIND SPEED              6.4
HIGHEST WIND SPEED/DIRECTION    38/140    DATE  04/08
HIGHEST GUST SPEED/DIRECTION    54/150    DATE  04/07


WEATHER CONDITIONS. NUMBER OF DAYS WITH
THUNDERSTORM              2     MIXED PRECIP               0
HEAVY RAIN                3     RAIN                       9
LIGHT RAIN               37     FREEZING RAIN              1
LT FREEZING RAIN          1     HAIL                       0
HEAVY SNOW                0     SNOW                       2
LIGHT SNOW               11     SLEET                      0
FOG                      31     FOG W/VIS <= 1/4 MILE      6
HAZE                      8

-  INDICATES NEGATIVE NUMBERS.
R  INDICATES RECORD WAS SET OR TIED.
MM INDICATES DATA IS MISSING.
T  INDICATES TRACE AMOUNT.

$$









U.S. Dept. of Commerce
NOAA National Weather Service
1325 East West Highway
Silver Spring, MD 20910
E-mail: w-nws.webmaster@noaa.gov
Page last modified: May 16, 2007
NATIONAL WEATHER SERVICE: for Safety, for Work, for Fun - FOR LIFE