855
CXUS51 KALY 010646
CLSDDH

ALBCLSDDH 000
TTAA00 KALY 010644


CLIMATE REPORT
NATIONAL WEATHER SERVICE ALBANY NY
142 AM EST SAT MAR 1 2014

...................................

...THE BENNINGTON VT CLIMATE SUMMARY FOR THE SEASON, FROM
12/1/2013 TO 2/28/2014...

CLIMATE NORMAL PERIOD 1981 TO 2010
CLIMATE RECORD PERIOD 9999 TO 9999

WEATHER         OBSERVED          NORMAL  DEPART  LAST YEAR`S
                 VALUE   DATE(S)  VALUE   FROM    VALUE  DATE(S)
                                          NORMAL
................................................................
TEMPERATURE (F)
HIGHEST            66   12/22                         62  01/30
LOWEST            -17R  01/04                        -14  01/03
                        01/03
AVG. MAXIMUM     31.6              33.7    -2.1     36.2
AVG. MINIMUM     13.3              15.5    -2.2     19.1
MEAN             22.5              24.6    -2.1     27.6
DAYS MAX >= 90      0               0.0     0.0        0
DAYS MAX <= 32     48              40.1     7.9       31
DAYS MIN <= 32     84              83.0     1.0       79
DAYS MIN <= 0      16              10.2     5.8        7

PRECIPITATION (INCHES)
TOTALS           8.74              7.78    0.96     5.51
DAILY AVG.       0.10              0.09    0.01     0.06
DAYS >= .01        42                                 40
DAYS >= .10        15                                 22
DAYS >= .50         7                                  1
DAYS >= 1.00        2                                  0
GREATEST
 24 HR. TOTAL    1.19   02/20 TO 02/21

DEGREE_DAYS
HEATING TOTAL    3717              3638      79
 SINCE 7/1       5248              5251      -3
COOLING TOTAL       0                 0       0
 SINCE 1/1          0                 0       0

FREEZE DATES
EARLIEST                        10/01
LATEST                          05/10
.................................................................

WIND (MPH)
AVERAGE WIND SPEED              5.0
HIGHEST WIND SPEED/DIRECTION    37/110    DATE  12/15
HIGHEST GUST SPEED/DIRECTION    60/330    DATE  12/22


WEATHER CONDITIONS. NUMBER OF DAYS WITH
THUNDERSTORM              1     MIXED PRECIP               0
HEAVY RAIN                3     RAIN                       6
LIGHT RAIN               15     FREEZING RAIN              0
LT FREEZING RAIN          0     HAIL                       0
HEAVY SNOW                7     SNOW                      14
LIGHT SNOW               46     SLEET                      0
FOG                      43     FOG W/VIS <= 1/4 MILE     12
HAZE                     42

-  INDICATES NEGATIVE NUMBERS.
R  INDICATES RECORD WAS SET OR TIED.
MM INDICATES DATA IS MISSING.
T  INDICATES TRACE AMOUNT.

$$








U.S. Dept. of Commerce
NOAA National Weather Service
1325 East West Highway
Silver Spring, MD 20910
E-mail: w-nws.webmaster@noaa.gov
Page last modified: May 16, 2007
NATIONAL WEATHER SERVICE: for Safety, for Work, for Fun - FOR LIFE