350
CXUS51 KALY 011211
CLSDDH

ALBCLMDDH 000
TTAA00 KALY 011208


CLIMATE REPORT
NATIONAL WEATHER SERVICE ALBANY NY
806 AM EDT MON SEP 1 2014

...................................

...THE BENNINGTON VT CLIMATE SUMMARY FOR THE SEASON, FROM
6/1/2014 TO 8/31/2014...

CLIMATE NORMAL PERIOD 1981 TO 2010
CLIMATE RECORD PERIOD 9999 TO 9999

WEATHER         OBSERVED          NORMAL  DEPART  LAST YEAR`S
                 VALUE   DATE(S)  VALUE   FROM    VALUE  DATE(S)
                                          NORMAL
................................................................
TEMPERATURE (F)
HIGHEST            89   07/02                         92  07/19
                        07/01
LOWEST             42R  06/01                         41  08/24
                                                          06/20
AVG. MAXIMUM     77.9              77.4     0.5     78.7
AVG. MINIMUM     54.5              54.9    -0.4     56.5
MEAN             66.2              66.1     0.1     67.6
DAYS MAX >= 90      0               1.1    -1.1        3
DAYS MAX <= 32      0               0.0     0.0        0
DAYS MIN <= 32      0               0.2    -0.2        0
DAYS MIN <= 0       0               0.0     0.0        0

PRECIPITATION (INCHES)
TOTALS          13.13             12.47    0.66    17.25
DAILY AVG.       0.14              0.14    0.00     0.19
DAYS >= .01        41                                 43
DAYS >= .10        24                                 26
DAYS >= .50        10                                 12
DAYS >= 1.00        3                                  6
GREATEST
 24 HR. TOTAL    1.89   MM

DEGREE_DAYS
HEATING TOTAL     100               169     -69
 SINCE 7/1         53                72     -19
COOLING TOTAL     237               274     -37
 SINCE 1/1        253               288     -35

FREEZE DATES
EARLIEST                        10/01
LATEST                          05/10
.................................................................

WIND (MPH)
AVERAGE WIND SPEED              3.5
HIGHEST WIND SPEED/DIRECTION    25/220    DATE  07/08
HIGHEST GUST SPEED/DIRECTION    40/250    DATE  07/07


WEATHER CONDITIONS. NUMBER OF DAYS WITH
THUNDERSTORM              0     MIXED PRECIP               0
HEAVY RAIN               19     RAIN                      23
LIGHT RAIN               42     FREEZING RAIN              0
LT FREEZING RAIN          0     HAIL                       0
HEAVY SNOW                0     SNOW                       0
LIGHT SNOW                0     SLEET                      0
FOG                      74     FOG W/VIS <= 1/4 MILE      9
HAZE                     31

-  INDICATES NEGATIVE NUMBERS.
R  INDICATES RECORD WAS SET OR TIED.
MM INDICATES DATA IS MISSING.
T  INDICATES TRACE AMOUNT.

$$








U.S. Dept. of Commerce
NOAA National Weather Service
1325 East West Highway
Silver Spring, MD 20910
E-mail: w-nws.webmaster@noaa.gov
Page last modified: May 16, 2007
NATIONAL WEATHER SERVICE: for Safety, for Work, for Fun - FOR LIFE