766
CXUS51 KALY 020225 CCA
CLSDDH

CLIMATE REPORT...CORRECTED
NATIONAL WEATHER SERVICE ALBANY NY
924 PM EST MON DEC 1 2014

...................................

...THE BENNINGTON VT CLIMATE SUMMARY FOR THE SEASON, FROM
9/1/2014 TO 11/30/2014...

CLIMATE NORMAL PERIOD 1981 TO 2010
CLIMATE RECORD PERIOD 9999 TO 9999

WEATHER         OBSERVED          NORMAL  DEPART  LAST YEAR`S
                 VALUE   DATE(S)  VALUE   FROM    VALUE  DATE(S)
                                          NORMAL
................................................................
TEMPERATURE (F)
HIGHEST            87   09/05                         92  09/11
LOWEST             10   11/29                          6  11/30
AVG. MAXIMUM     59.8              58.8     1.0     59.3
AVG. MINIMUM     39.2              37.8     1.4     36.7
MEAN             49.5              48.3     1.2     48.0
DAYS MAX >= 90      0               0.2    -0.2        1
DAYS MAX <= 32      4               2.0     2.0        5
DAYS MIN <= 32     26              30.6    -4.6       27
DAYS MIN <= 0       0               0.0     0.0        0

PRECIPITATION (INCHES)
TOTALS           7.09             10.37   -3.28    10.18
DAILY AVG.       0.07              0.11   -0.04     0.11
DAYS >= .01        31                                 35
DAYS >= .10        19                                 18
DAYS >= .50         4                                  7
DAYS >= 1.00        1                                  3
GREATEST
 24 HR. TOTAL    1.31   10/23 TO 10/23

DEGREE_DAYS
HEATING TOTAL    1440              1541    -101
 SINCE 7/1       1493              1613    -120
COOLING TOTAL      55                25      30
 SINCE 1/1        308               313      -5

FREEZE DATES
EARLIEST                        10/01
LATEST                          05/10
.................................................................

WIND (MPH)
AVERAGE WIND SPEED              5.1
HIGHEST WIND SPEED/DIRECTION    38/140    DATE  11/24
HIGHEST GUST SPEED/DIRECTION    58/130    DATE  11/24


WEATHER CONDITIONS. NUMBER OF DAYS WITH
THUNDERSTORM              1     MIXED PRECIP               0
HEAVY RAIN                1     RAIN                       8
LIGHT RAIN               27     FREEZING RAIN              0
LT FREEZING RAIN          0     HAIL                       0
HEAVY SNOW                0     SNOW                       2
LIGHT SNOW               11     SLEET                      0
FOG                      52     FOG W/VIS <= 1/4 MILE      9
HAZE                     10

-  INDICATES NEGATIVE NUMBERS.
R  INDICATES RECORD WAS SET OR TIED.
MM INDICATES DATA IS MISSING.
T  INDICATES TRACE AMOUNT.

$$











U.S. Dept. of Commerce
NOAA National Weather Service
1325 East West Highway
Silver Spring, MD 20910
E-mail: w-nws.webmaster@noaa.gov
Page last modified: May 16, 2007
NATIONAL WEATHER SERVICE: for Safety, for Work, for Fun - FOR LIFE