350
CXUS53 KDDC 021516
CLSDDC


CLIMATE REPORT
NATIONAL WEATHER SERVICE DODGE CITY KS
959 AM CDT MON JUN 2 2014

...................................

...THE DODGE CITY KS CLIMATE SUMMARY FOR THE SEASON, FROM
3/1/2014 TO 5/31/2014...

CLIMATE NORMAL PERIOD 1981 TO 2010
CLIMATE RECORD PERIOD 1875 TO 2014

WEATHER         OBSERVED          NORMAL  DEPART  LAST YEAR`S
                 VALUE   DATE(S)  VALUE   FROM    VALUE  DATE(S)
                                          NORMAL
................................................................
TEMPERATURE (F)
RECORD
 HIGH             106   05/29/2011
 LOW              -15   03/11/1948
HIGHEST            98   05/19        MM      MM      102  05/18
                        05/04
LOWEST             -5   03/03        MM      MM       13  03/26
AVG. MAXIMUM     68.6              67.4     1.2     67.0
AVG. MINIMUM     38.3              40.9    -2.6     37.3
MEAN             53.4              54.2    -0.8     52.2
DAYS MAX >= 90     12               3.7     8.3        8
DAYS MAX <= 32      3               1.4     1.6        1
DAYS MIN <= 32     33              22.0    11.0       44
DAYS MIN <= 0       2               0.1     1.9        0

PRECIPITATION (INCHES)
RECORD
 MAXIMUM        15.62   1881
 MINIMUM         1.35   1893
TOTALS           2.68              6.26   -3.58     2.05
DAILY AVG.       0.03              0.07   -0.04     0.02
DAYS >= .01        17              22.5    -5.5       17
DAYS >= .10         7              12.6    -5.6        6
DAYS >= .50         1               4.2    -3.2        1
DAYS >= 1.00        1               1.2    -0.2        0
GREATEST
 24 HR. TOTAL    1.45   05/11 TO 05/11           04/26 TO 04/26

SNOWFALL (INCHES)
RECORDS
 TOTAL           25.8   1970
 24 HR TOTAL     13.3   03/16/1924
 SNOW DEPTH        14   03/28/2009
                        03/26/1957
                        03/25/1957
TOTALS            6.6               6.0     0.6      3.3
DAYS >= TRACE       7               2.9     4.1       15
DAYS >= 1.0         2               1.6     0.4        2
GREATEST
 SNOW DEPTH         3   03/04                          3  03/01
                        03/03
 24 HR TOTAL      2.7   03/02 TO 03/02           03/23 TO 03/24

DEGREE_DAYS
HEATING TOTAL    1214              1107     107     1322
 SINCE 7/1       5371              4954     417     5033
COOLING TOTAL     172               109      63      162
 SINCE 1/1        172               109      63      162
.....................................................

WIND (MPH)
AVERAGE WIND SPEED              14.7
RESULTANT WIND SPEED/DIRECTION   1/220
HIGHEST WIND SPEED/DIRECTION    47/360    DATE  03/11
HIGHEST GUST SPEED/DIRECTION    59/360    DATE  03/11

SKY COVER
POSSIBLE SUNSHINE (PERCENT)   MM
AVERAGE SKY COVER           0.20
NUMBER OF DAYS FAIR           63
NUMBER OF DAYS PC             23
NUMBER OF DAYS CLOUDY          6

AVERAGE RH (PERCENT)     54

WEATHER CONDITIONS. NUMBER OF DAYS WITH
THUNDERSTORM             10     MIXED PRECIP               0
HEAVY RAIN                2     RAIN                       2
LIGHT RAIN               22     FREEZING RAIN              0
LT FREEZING RAIN          1     HAIL                       0
HEAVY SNOW                0     SNOW                       3
LIGHT SNOW                7     SLEET                      0
FOG                      29     FOG W/VIS <= 1/4 MILE      5
HAZE                     34

-  INDICATES NEGATIVE NUMBERS.
R  INDICATES RECORD WAS SET OR TIED.
MM INDICATES DATA IS MISSING.
T  INDICATES TRACE AMOUNT.

$$





U.S. Dept. of Commerce
NOAA National Weather Service
1325 East West Highway
Silver Spring, MD 20910
E-mail: w-nws.webmaster@noaa.gov
Page last modified: May 16, 2007
NATIONAL WEATHER SERVICE: for Safety, for Work, for Fun - FOR LIFE