087
CXUS53 KDDC 021951
CLSDDC


CLIMATE REPORT
NATIONAL WEATHER SERVICE DODGE CITY KS
136 PM CST TUE DEC 2 2014

...................................

...THE DODGE CITY KS CLIMATE SUMMARY FOR THE SEASON, FROM
9/1/2014 TO 11/30/2014...

CLIMATE NORMAL PERIOD 1981 TO 2010
CLIMATE RECORD PERIOD 1875 TO 2014

WEATHER         OBSERVED          NORMAL  DEPART  LAST YEAR`S
                 VALUE   DATE(S)  VALUE   FROM    VALUE  DATE(S)
                                          NORMAL
................................................................
TEMPERATURE (F)
RECORD
 HIGH             107   09/01/2011
 LOW              -13   11/27/1887
HIGHEST           100   09/09        MM      MM      101  09/07
LOWEST              3   11/17        MM      MM       15  11/27
AVG. MAXIMUM     70.5              69.3     1.2     69.9
AVG. MINIMUM     42.4              43.3    -0.9     43.1
MEAN             56.4              56.3     0.1     56.5
DAYS MAX >= 90      8               8.4    -0.4       13
DAYS MAX <= 32      4               1.3     2.7        3
DAYS MIN <= 32     23              20.6     2.4       22
DAYS MIN <= 0       0               0.0     0.0        0

PRECIPITATION (INCHES)
RECORD
 MAXIMUM        12.72   1906
 MINIMUM         0.25   1980
TOTALS           3.95              4.17   -0.22     4.76
DAILY AVG.       0.05              0.05    0.00     0.05
DAYS >= .01        17              16.3     0.7       20
DAYS >= .10         7               7.7    -0.7       11
DAYS >= .50         3               2.5     0.5        2
DAYS >= 1.00        1               1.1    -0.1        1
GREATEST
 24 HR. TOTAL    1.81   10/09 TO 10/10           10/28 TO 10/28

SNOWFALL (INCHES)
RECORDS
 TOTAL           16.7   1992
 24 HR TOTAL     12.1   11/24/1992
 SNOW DEPTH        14   11/25/1992
                        11/26/1992
TOTALS            2.2               2.2     0.0      5.0
 LIQUID EQUIV    0.22              0.20    0.02     0.50
SINCE 7/1         2.2               2.2     0.0      5.0
 LIQUID 7/1      0.22              0.20    0.02     0.50
SNOWDEPTH AVG.      0                MM      MM        0
DAYS >= TRACE       3               1.4     1.6        3
DAYS >= 1.0         1               0.6     0.4        2
GREATEST
 SNOW DEPTH         2   11/17                          2  11/23
                        11/16
 24 HR TOTAL      2.2   11/15 TO 11/16           10/18 TO 10/18

DEGREE_DAYS
HEATING TOTAL     985              1010     -25     1028
 SINCE 7/1        998              1014     -16     1028
COOLING TOTAL     230               216      14      277
 SINCE 1/1       1475              1463      12     1641
.........................................................

WIND (MPH)
AVERAGE WIND SPEED              12.6
RESULTANT WIND SPEED/DIRECTION   2/196
HIGHEST WIND SPEED/DIRECTION    44/360    DATE  11/23
HIGHEST GUST SPEED/DIRECTION    57/350    DATE  11/23

SKY COVER
POSSIBLE SUNSHINE (PERCENT)   MM
AVERAGE SKY COVER           0.20
NUMBER OF DAYS FAIR           71
NUMBER OF DAYS PC             17
NUMBER OF DAYS CLOUDY          3

AVERAGE RH (PERCENT)     57

WEATHER CONDITIONS. NUMBER OF DAYS WITH
THUNDERSTORM              6     MIXED PRECIP               0
HEAVY RAIN                4     RAIN                       5
LIGHT RAIN               20     FREEZING RAIN              0
LT FREEZING RAIN          0     HAIL                       0
HEAVY SNOW                0     SNOW                       1
LIGHT SNOW                3     SLEET                      0
FOG                      29     FOG W/VIS <= 1/4 MILE      5
HAZE                     22

-  INDICATES NEGATIVE NUMBERS.
R  INDICATES RECORD WAS SET OR TIED.
MM INDICATES DATA IS MISSING.
T  INDICATES TRACE AMOUNT.

$$





U.S. Dept. of Commerce
NOAA National Weather Service
1325 East West Highway
Silver Spring, MD 20910
E-mail: w-nws.webmaster@noaa.gov
Page last modified: May 16, 2007
NATIONAL WEATHER SERVICE: for Safety, for Work, for Fun - FOR LIFE