277
CXUS53 KDVN 011510
CLSDBQ


CLIMATE REPORT
NATIONAL WEATHER SERVICE QUAD CITIES IA IL
1004 AM CDT MON SEP 1 2014

...................................

...THE DUBUQUE CLIMATE SUMMARY FOR THE SEASON, FROM
6/1/2014 TO 8/31/2014...

CLIMATE NORMAL PERIOD 1981 TO 2010
CLIMATE RECORD PERIOD 1873 TO 2014

WEATHER         OBSERVED          NORMAL  DEPART
                 VALUE   DATE(S)  VALUE   FROM
                                          NORMAL
................................................
TEMPERATURE (F)
RECORD
 HIGH             110   07/14/1936
 LOW               36   06/11/1972
HIGHEST            89   08/24        82       7
                        07/22
LOWEST             48   07/16        54      -6
AVG. MAXIMUM     78.3              80.1    -1.8
AVG. MINIMUM     59.7              60.2    -0.5
MEAN             69.0              70.1    -1.1
DAYS MAX >= 90      0               5.9    -5.9
DAYS MAX <= 32      0               0.0     0.0
DAYS MIN <= 32      0               0.0     0.0
DAYS MIN <= 0       0               0.0     0.0

PRECIPITATION (INCHES)
TOTALS          17.77             13.11    4.66
DAILY AVG.       0.20              0.14    0.06
DAYS >= .01        26              30.3    -4.3
DAYS >= .10        17
DAYS >= .50        12
DAYS >= 1.00        6               3.6     2.4
GREATEST
 24 HR. TOTAL    4.73   06/18 TO 06/19

SNOWFALL (INCHES)
TOTALS            0.0               0.0     0.0
SINCE 7/1         0.0               0.0     0.0
SNOWDEPTH AVG.      0
DAYS >= TRACE       0               0.0     0.0
DAYS >= 1.0         0               0.0     0.0
GREATEST
 SNOW DEPTH         0   MM
 24 HR TOTAL      0.0   MM

DEGREE_DAYS
HEATING TOTAL      39                67     -28
 SINCE 7/1         29                27       2
COOLING TOTAL     428               539    -111
 SINCE 1/1        482               576     -94
.................................................

WIND (MPH)
AVERAGE WIND SPEED              8.2
HIGHEST WIND SPEED/DIRECTION    37/280    DATE  06/30
HIGHEST GUST SPEED/DIRECTION    52/260    DATE  08/26

SKY COVER
POSSIBLE SUNSHINE (PERCENT)   MM
AVERAGE SKY COVER           0.30
NUMBER OF DAYS FAIR           53
NUMBER OF DAYS PC             37
NUMBER OF DAYS CLOUDY          2

AVERAGE RH (PERCENT)     76

WEATHER CONDITIONS. NUMBER OF DAYS WITH
THUNDERSTORM             24     HAIL                       0
SLEET                     0     FOG                       39
FOG W/VIS <= 1/4 MILE     6     HAZE                       7

-  INDICATES NEGATIVE NUMBERS.
R  INDICATES RECORD WAS SET OR TIED.
MM INDICATES DATA IS MISSING.
T  INDICATES TRACE AMOUNT.

$$






U.S. Dept. of Commerce
NOAA National Weather Service
1325 East West Highway
Silver Spring, MD 20910
E-mail: w-nws.webmaster@noaa.gov
Page last modified: May 16, 2007
NATIONAL WEATHER SERVICE: for Safety, for Work, for Fun - FOR LIFE