688
CXUS51 KRNK 011000
CLSDAN

CLIMATE REPORT
NATIONAL WEATHER SERVICE BLACKSBURG VA
552 AM EDT SUN JUN 1 2014

...................................

...THE DANVILLE VA CLIMATE SUMMARY FOR THE SEASON, FROM
3/1/2014 TO 5/31/2014...

CLIMATE NORMAL PERIOD 1981 TO 2010
CLIMATE RECORD PERIOD 1948 TO 2014

WEATHER         OBSERVED          NORMAL  DEPART
                 VALUE   DATE(S)  VALUE   FROM
                                          NORMAL
................................................
TEMPERATURE (F)
RECORD
 HIGH              98   05/27/1965
 LOW                8   03/06/1960
HIGHEST            90
LOWEST              9   03/04
AVG. MAXIMUM     69.4              68.7     0.7
AVG. MINIMUM     44.2              46.8    -2.6
MEAN             56.8              57.8    -1.0
DAYS MAX >= 90      1               1.0     0.0
DAYS MAX <= 32      0               0.1    -0.1
DAYS MIN <= 32     20               9.7    10.3
DAYS MIN <= 0       0               0.0     0.0

PRECIPITATION (INCHES)
RECORD
 MAXIMUM        18.38   1998
 MINIMUM         3.07   1985
TOTALS          13.44             11.45    1.99
DAILY AVG.       0.14              0.12    0.02
DAYS >= .01        29              31.7    -2.7
DAYS >= .10        17              21.0    -4.0
DAYS >= .50         7               8.4    -1.4
DAYS >= 1.00        6               3.1     2.9
GREATEST
 24 HR. TOTAL    2.67

SNOWFALL (INCHES)
TOTALS            5.5
SINCE 7/1        13.4
SNOWDEPTH AVG.      0
DAYS >= TRACE       5
DAYS >= 1.0         2
GREATEST
 SNOW DEPTH         3R
 24 HR TOTAL      2.7R

DEGREE_DAYS
HEATING TOTAL     889               810      79
 SINCE 7/1         MM              3811      MM
COOLING TOTAL     161               144      17
 SINCE 1/1        161               144      17
.................................................

WIND (MPH)
AVERAGE WIND SPEED              6.5
HIGHEST WIND SPEED/DIRECTION    35/260
HIGHEST GUST SPEED/DIRECTION    43/260

SKY COVER
POSSIBLE SUNSHINE (PERCENT)   MM
NUMBER OF DAYS FAIR           62
NUMBER OF DAYS PC             18
NUMBER OF DAYS CLOUDY         12

AVERAGE RH (PERCENT)     62

WEATHER CONDITIONS. NUMBER OF DAYS WITH
THUNDERSTORM              9     MIXED PRECIP               0
HEAVY RAIN                8     RAIN                       9
LIGHT RAIN               29     FREEZING RAIN              1
LT FREEZING RAIN          5     HAIL                       0
HEAVY SNOW                0     SNOW                       0
LIGHT SNOW                5     SLEET                      3
FOG                      28     FOG W/VIS <= 1/4 MILE      4
HAZE                      3

-  INDICATES NEGATIVE NUMBERS.
R  INDICATES RECORD WAS SET OR TIED.
MM INDICATES DATA IS MISSING.
T  INDICATES TRACE AMOUNT.

REMARKS:
DUE TO A POWER FAILURE CAUSING A MISSING LOW TEMPERATURE ON JANUARY
22...THE SEASONAL TOTAL AND DEPARTURE FROM NORMAL FOR HDD WILL BE
CALCULATED WITHOUT DATA FROM THAT DATE.
$$




U.S. Dept. of Commerce
NOAA National Weather Service
1325 East West Highway
Silver Spring, MD 20910
E-mail: w-nws.webmaster@noaa.gov
Page last modified: May 16, 2007
NATIONAL WEATHER SERVICE: for Safety, for Work, for Fun - FOR LIFE