407
CXUS51 KRNK 011943 CCA
CLSDAN

CLIMATE REPORT
NATIONAL WEATHER SERVICE BLACKSBURG VA
650 AM EST SAT MAR 1 2014

...................................

...THE DANVILLE VA CLIMATE SUMMARY FOR THE SEASON, FROM
12/1/2013 TO 2/28/2014...

CLIMATE NORMAL PERIOD 1981 TO 2010
CLIMATE RECORD PERIOD 1948 TO 2014

WEATHER         OBSERVED          NORMAL  DEPART
                 VALUE   DATE(S)  VALUE   FROM
                                          NORMAL
................................................
TEMPERATURE (F)
RECORD
 HIGH              85   02/27/1977
 LOW               -5   01/21/1985
HIGHEST            78
LOWEST              0   01/30
AVG. MAXIMUM     50.5              48.7     1.8
AVG. MINIMUM     28.2              30.4    -2.2
MEAN             39.3              39.5    -0.2
DAYS MAX >= 90      0               0.0     0.0
DAYS MAX <= 32      6               4.7     1.3
DAYS MIN <= 32     66              55.6    10.4
DAYS MIN <= 0       1               0.0     1.0

PRECIPITATION (INCHES)
RECORD
 MAXIMUM        18.47   1997
 MINIMUM         5.01   2011
TOTALS           9.35              9.70   -0.35
DAILY AVG.       0.11              0.11    0.00
DAYS >= .01        28              28.9    -0.9
DAYS >= .10        18              18.5    -0.5
DAYS >= .50         8               7.5     0.5
DAYS >= 1.00        2               2.3    -0.3
GREATEST
 24 HR. TOTAL    1.82

SNOWFALL (INCHES)
TOTALS            7.9
SINCE 7/1         7.9
SNOWDEPTH AVG.      0
DAYS >= TRACE       7
DAYS >= 1.0         1
GREATEST
 SNOW DEPTH         6
 24 HR TOTAL      5.5

DEGREE_DAYS
HEATING TOTAL    2257              2293     -36
 SINCE 7/1         MM              3001      MM
COOLING TOTAL       3                 0       3
 SINCE 1/1          0                 0       0
.................................................

WIND (MPH)
AVERAGE WIND SPEED              5.5
HIGHEST WIND SPEED/DIRECTION    33/240
HIGHEST GUST SPEED/DIRECTION    39/230

SKY COVER
POSSIBLE SUNSHINE (PERCENT)   MM
NUMBER OF DAYS FAIR           52
NUMBER OF DAYS PC             22
NUMBER OF DAYS CLOUDY         16

AVERAGE RH (PERCENT)     61

WEATHER CONDITIONS. NUMBER OF DAYS WITH
THUNDERSTORM              1     MIXED PRECIP               0
HEAVY RAIN                8     RAIN                      11
LIGHT RAIN               30     FREEZING RAIN              0
LT FREEZING RAIN          3     HAIL                       0
HEAVY SNOW                1     SNOW                       1
LIGHT SNOW                7     SLEET                      0
FOG                      30     FOG W/VIS <= 1/4 MILE      8
HAZE                      3

-  INDICATES NEGATIVE NUMBERS.
R  INDICATES RECORD WAS SET OR TIED.
MM INDICATES DATA IS MISSING.
T  INDICATES TRACE AMOUNT.

REMARKS:
DUE TO A POWER FAILURE CAUSING A MISSING LOW TEMPERATURE ON JANUARY
22...THE SEASONAL TOTAL AND DEPARTURE FROM NORMAL FOR HDD WILL BE
CALCULATED WITHOUT DATA FROM THAT DATE.

$$




U.S. Dept. of Commerce
NOAA National Weather Service
1325 East West Highway
Silver Spring, MD 20910
E-mail: w-nws.webmaster@noaa.gov
Page last modified: May 16, 2007
NATIONAL WEATHER SERVICE: for Safety, for Work, for Fun - FOR LIFE