824
CXUS51 KGYX 020914
CLSCON

PWMCLMCON 000
TTAA00 KGYX 020910


CLIMATE REPORT
NATIONAL WEATHER SERVICE GRAY ME
510 AM EDT TUE SEP 2 2014

...................................

...THE CONCORD NH CLIMATE SUMMARY FOR THE SEASON, FROM
6/1/2014 TO 8/31/2014...

CLIMATE NORMAL PERIOD 1981 TO 2010
CLIMATE RECORD PERIOD 1868 TO 2014 /SINCE 1869 FOR TEMPERATURES/

WEATHER         OBSERVED          NORMAL  DEPART  LAST YEAR`S
                 VALUE   DATE(S)  VALUE   FROM    VALUE  DATE(S)
                                          NORMAL
................................................................
TEMPERATURE (F)
RECORD
 HIGH             102   07/03/1966
                        07/04/1911
 LOW               29   08/31/1965
HIGHEST            92   07/02        95      -3
LOWEST             41   06/22        37       4
                        06/01
AVG. MAXIMUM     79.9              80.2    -0.3
AVG. MINIMUM     54.8              55.5    -0.7
MEAN             67.3              67.8    -0.5
DAYS MAX >= 90      3               9.9    -6.9
DAYS MAX <= 32      0               0.0     0.0
DAYS MIN <= 32      0               0.0     0.0
DAYS MIN <= 0       0               0.0     0.0

PRECIPITATION (INCHES)
RECORD
 MAXIMUM        20.49   1897
 MINIMUM         2.74   1999
TOTALS          15.14             10.61    4.53
DAILY AVG.       0.16              0.12    0.04
DAYS >= .01        30              33.4    -3.4
DAYS >= .10        20              20.2    -0.2
DAYS >= .50        11               7.0     4.0
DAYS >= 1.00        5               2.6     2.4
GREATEST
 24 HR. TOTAL    2.56   06/25 TO 06/26

SNOWFALL (INCHES)
RECORDS
 TOTAL            0.0
TOTALS            0.0               0.0     0.0
SINCE 7/1         0.0               0.0     0.0
SNOWDEPTH AVG.      0
DAYS >= TRACE       0               0.0     0.0
DAYS >= 1.0         0               0.0     0.0
GREATEST
 SNOW DEPTH         0
 24 HR TOTAL      0.0

DEGREE_DAYS
HEATING TOTAL      88               133     -45
 SINCE 7/1         32                48     -16
COOLING TOTAL     329               395     -66
 SINCE 1/1        331               413     -82
.................................................................

WIND (MPH)
AVERAGE WIND SPEED              4.7
HIGHEST WIND SPEED/DIRECTION    28/320    DATE  07/05
HIGHEST GUST SPEED/DIRECTION    39/320    DATE  07/05

SKY COVER
AVERAGE SKY COVER           0.30

AVERAGE RH (PERCENT)     72

WEATHER CONDITIONS. NUMBER OF DAYS WITH
THUNDERSTORM              0     HEAVY RAIN                15
RAIN                     19     LIGHT RAIN                34
FREEZING RAIN             0     LT FREEZING RAIN           0
HEAVY SNOW                0     SNOW                       0
LIGHT SNOW                0     FOG                       54
FOG W/VIS <= 1/4 MILE    16     HAZE                       8

-  INDICATES NEGATIVE NUMBERS.
R  INDICATES RECORD WAS SET OR TIED.
MM INDICATES DATA IS MISSING.
T  INDICATES TRACE AMOUNT.

&&

A NARRATIVE SUMMARY WILL BE PROVIDED IN THE COMING DAYS.

$$

KIMBLE




U.S. Dept. of Commerce
NOAA National Weather Service
1325 East West Highway
Silver Spring, MD 20910
E-mail: w-nws.webmaster@noaa.gov
Page last modified: May 16, 2007
NATIONAL WEATHER SERVICE: for Safety, for Work, for Fun - FOR LIFE