622
CXUS51 KGYX 071132 CCA
CLSCON

PWMCLMCON 000
TTAA00 KGYX 041053


CLIMATE REPORT
NATIONAL WEATHER SERVICE GRAY ME
601 AM EST THU DEC 4 2014

...................................

...THE CONCORD NH CLIMATE SUMMARY FOR THE SEASON, FROM
9/1/2014 TO 11/30/2014...

CLIMATE NORMAL PERIOD 1981 TO 2010
CLIMATE RECORD PERIOD 1868 TO 2014 /SINCE 1869 FOR TEMPERATURES/

WEATHER         OBSERVED          NORMAL  DEPART  LAST YEAR`S
                 VALUE   DATE(S)  VALUE   FROM    VALUE  DATE(S)
                                          NORMAL
................................................................
TEMPERATURE (F)
RECORD
 HIGH              98   09/02/1953
 LOW              -17   11/30/1875
HIGHEST            89   09/06        88       1
                        09/05
LOWEST              5   11/29        11      -6
AVG. MAXIMUM     60.2              60.5    -0.3
AVG. MINIMUM     38.1              37.1     1.0
MEAN             49.2              48.8     0.4
DAYS MAX >= 90      0               0.6    -0.6
DAYS MAX <= 32      4               1.3     2.7
DAYS MIN <= 32     34              35.0    -1.0
DAYS MIN <= 0       0               0.0     0.0

PRECIPITATION (INCHES)
RECORD
 MAXIMUM        22.08   2005
 MINIMUM         2.88   1908
TOTALS           7.99             11.14   -3.15
DAILY AVG.       0.08              0.12   -0.04
DAYS >= .01        31              30.6     0.4
DAYS >= .10        14              19.2    -5.2
DAYS >= .50         4               7.4    -3.4
DAYS >= 1.00        3               2.8     0.2
GREATEST
 24 HR. TOTAL    1.80   10/16

SNOWFALL (INCHES)
RECORDS
 TOTAL           25.7   2011
TOTALS           12.9               2.6    10.3
SINCE 7/1        12.9               2.6    10.3
SNOWDEPTH AVG.      0
DAYS >= TRACE       6               1.9     4.1
DAYS >= 1.0         2               1.0     1.0
GREATEST
 SNOW DEPTH        10   11/29
                        11/27
                        11/28
 24 HR TOTAL     11.1   11/26 TO 11/27

DEGREE_DAYS
HEATING TOTAL    1472              1512     -40
 SINCE 7/1       1504              1560     -56
COOLING TOTAL      56                39      17
 SINCE 1/1        387               452     -65
.................................................................

WIND (MPH)
AVERAGE WIND SPEED              5.4
HIGHEST WIND SPEED/DIRECTION    32/320    DATE  11/02
HIGHEST GUST SPEED/DIRECTION    45/330    DATE  11/02

SKY COVER
AVERAGE SKY COVER           0.50

AVERAGE RH (PERCENT)     73

WEATHER CONDITIONS. NUMBER OF DAYS WITH
THUNDERSTORM              0     HEAVY RAIN                 4
RAIN                      8     LIGHT RAIN                29
FREEZING RAIN             0     LT FREEZING RAIN           0
HEAVY SNOW                1     SNOW                       1
LIGHT SNOW                6     FOG                       61
FOG W/VIS <= 1/4 MILE    21     HAZE                       3

-  INDICATES NEGATIVE NUMBERS.
R  INDICATES RECORD WAS SET OR TIED.
MM INDICATES DATA IS MISSING.
T  INDICATES TRACE AMOUNT.

&&

AFTER A COOL SUMMER, CONCORD FINALLY BEGAN TO SEE WARM WEATHER BY
THE BEGINNING OF SEPTEMBER. CONCORD SAW TEMPERATURES IN THE UPPER
80S FOR MUCH OF THE FIRST WEEK OF SEPTEMBER. COOLER WEATHER ARRIVED
FOR THE MIDDLE OF SEPTEMBER INCLUDING THE FIRST FREEZE OF THE SEASON
ON SEPTEMBER 19TH. BUT THE WARMTH RETURNED TOWARD THE END OF
SEPTEMBER AND LASTED THROUGH THE MONTH OF OCTOBER. A TURN TOWARD
COOLER WEATHER OCCURRED JUST AS THE CALENDAR CHANGED INTO NOVEMBER.
COOLER WEATHER DOMINATED THE MONTH, THOUGH THERE WAS A PERIOD OF
NEAR-RECORD TEMPERATURES FROM NOVEMBER 23RD THROUGH NOVEMBER 25TH.
THIS WAS FOLLOWED IMMEDIATELY BY THE FIRST SIGNIFICANT SNOWSTORM OF
THE SEASON, JUST IN TIME FOR THANKSGIVING.

THE AVERAGE TEMPERATURE FOR THE FALL WAS 49.2 DEGREES. THIS WAS 0.4
DEGREES ABOVE NORMAL. THE WARMEST FALL WAS 1961 WITH AN AVERAGE
TEMPERATURE OF 53.0 DEGREES. THE COOLEST WAS 1972 AT 43.7 DEGREES.

A TOTAL OF 7.99 INCHES OF PRECIPITATION FELL DURING THE FALL. THIS
WAS 3.15 INCHES BELOW NORMAL. THE MORE NOTABLE PRECIPITATION EVENTS
OCCURRED ON OCTOBER 16 AND OCTOBER 22 THROUGH 24. THERE WAS ALSO
HEAVY PRECIPITATION AROUND THANKSGIVING IN NOVEMBER, WITH MUCH OF
THIS FALLING AS SNOW. THE WETTEST FALL ON RECORD WAS 2005 WHEN 22.08
INCHES OF PRECIPITATION FELL. THE DRIEST WAS 1908 WHEN 2.88 INCHES
FELL.

A TOTAL OF 12.9 INCHES OF SNOW FELL IN THE FALL OF 2014, ALL OF IT
IN NOVEMBER AND MOST OF IT AROUND THANKSGIVING. THIS WAS 10.3 INCHES
ABOVE NORMAL. THE BIGGEST SNOWSTORM OCCURRED AROUND THANKSGIVING
WHEN 12.6 INCHES FELL FROM NOVEMBER 26TH THROUGH NOVEMBER 28TH. THE
MOST SNOW ON RECORD WAS 25.7 INCHES IN 2011. THERE HAVE BEEN MANY
YEARS WHERE ONLY TRACES OF SNOW WERE OBSERVED AND 2 YEARS WITH NO
SNOWFALL, MOST RECENTLY IN 2006.

THE FOLLOWING DAILY RECORDS WERE SET OR TIED IN FALL 2014...
DATE      RECORD                              PREVIOUS
OCT 16    1.80 - GREATEST PRECIPITATION       1.35 IN 1943
NOV 26    10.3 - GREATEST DAILY SNOWFALL      4.5 IN 1956

$$

KIMBLE




U.S. Dept. of Commerce
NOAA National Weather Service
1325 East West Highway
Silver Spring, MD 20910
E-mail: w-nws.webmaster@noaa.gov
Page last modified: May 16, 2007
NATIONAL WEATHER SERVICE: for Safety, for Work, for Fun - FOR LIFE