794
CXUS51 KGYX 021519
CLSCON

PWMCLMCON 000
TTAA00 KGYX 021336


CLIMATE REPORT
NATIONAL WEATHER SERVICE GRAY ME
1119 AM EDT WED JUL 2 2014

...................................

...THE CONCORD NH CLIMATE SUMMARY FOR THE SEASON, FROM
3/1/2014 TO 5/31/2014...

CLIMATE NORMAL PERIOD 1981 TO 2010
CLIMATE RECORD PERIOD 1868 TO 2014

WEATHER         OBSERVED          NORMAL  DEPART  LAST YEAR`S
                 VALUE   DATE(S)  VALUE   FROM    VALUE  DATE(S)
                                          NORMAL
................................................................
TEMPERATURE (F)
RECORD
 HIGH              98   05/22/1911
 LOW              -20   03/06/1869
HIGHEST            86   05/12        90      -4
LOWEST             -9   03/06         1     -10
AVG. MAXIMUM     54.2              56.7    -2.5
AVG. MINIMUM     29.8              32.6    -2.8
MEAN             42.0              44.7    -2.7
DAYS MAX >= 90      0               1.0    -1.0
DAYS MAX <= 32      9               4.4     4.6
DAYS MIN <= 32     47              46.2     0.8
DAYS MIN <= 0       5               1.0     4.0

PRECIPITATION (INCHES)
RECORD
 MAXIMUM        18.14   1983
 MINIMUM         3.61   1915
TOTALS          10.42             10.34    0.08
DAILY AVG.       0.12              0.34   -0.22
DAYS >= .01        40              35.7     4.3
DAYS >= .10        24              20.9     3.1
DAYS >= .50         6               6.6    -0.6
DAYS >= 1.00        1               2.1    -1.1
GREATEST
 24 HR. TOTAL    1.21   03/29 TO 03/30

SNOWFALL (INCHES)
RECORDS
 TOTAL           48.2   1956
TOTALS           10.4              13.9    -3.5
SINCE 7/1        80.2              61.4    18.8
SNOWDEPTH AVG.      7
DAYS >= TRACE      12               6.8     5.2
DAYS >= 1.0         5               3.8     1.2
GREATEST
 SNOW DEPTH        21   03/20
                        03/07
                        03/11
 24 HR TOTAL      4.5   03/19 TO 03/20

DEGREE_DAYS
HEATING TOTAL    2099              1891     208
 SINCE 7/1       7568              7150     418
COOLING TOTAL       2                18     -16
 SINCE 1/1          2                18     -16
.................................................................

WIND (MPH)
AVERAGE WIND SPEED              6.9
HIGHEST WIND SPEED/DIRECTION    33/320    DATE  04/24
HIGHEST GUST SPEED/DIRECTION    49/310    DATE  03/26

SKY COVER
AVERAGE SKY COVER           0.50

AVERAGE RH (PERCENT)     64

WEATHER CONDITIONS. NUMBER OF DAYS WITH
THUNDERSTORM              0     HEAVY RAIN                 7
RAIN                     17     LIGHT RAIN                38
FREEZING RAIN             0     LT FREEZING RAIN           3
HEAVY SNOW                0     SNOW                       5
LIGHT SNOW               10     FOG                       48
FOG W/VIS <= 1/4 MILE    11     HAZE                       7

-  INDICATES NEGATIVE NUMBERS.
R  INDICATES RECORD WAS SET OR TIED.
MM INDICATES DATA IS MISSING.
T  INDICATES TRACE AMOUNT.

&&

SPRING 2014 WAS COLDER THAN NORMAL IN CONCORD... WITH THE COLD
WINTER CONDITIONS SPILLING OVER WELL INTO THE SPRING. MARCH WAS THE
4TH COLDEST ON RECORD... WITH APRIL CONTINUING THE COOL TREND. THE
WINTER SNOW PACK DID NOT MELT AWAY UNTIL APRIL 11. WARMER WEATHER
FINALLY ARRIVED IN MAY... WITH CONCORD EXPERIENCING THE FIRST WARMER
THAN NORMAL MONTH SINCE OCTOBER 2013.

THE AVERAGE TEMPERATURE FOR SPRING 2014 WAS 42.0 DEGREES WHICH WAS
2.7 DEGREES BELOW NORMAL. THIS WAS THE COLDEST SPRING IN CONCORD
SINCE 1997 AND THE FIRST BELOW NORMAL SPRING SINCE 2008. THE WARMEST
SPRING EVER IN CONCORD WAS 2012 WITH AN AVERAGE TEMPERATURE OF 49.7.
THE COLDEST SPRING WAS 1956 WITH AN AVERAGE OF 38.7.

10.42 INCHES OF PRECIPITATION FELL. THIS WAS 0.08 INCHES ABOVE
NORMAL. THE HEAVIEST PRECIPITATION FELL ON MARCH 28 THROUGH 31 WHEN
2.22 INCHES FELL OVER THE 4 DAY PERIOD. THE WETTEST SPRING WAS 1983
WITH 18.14 INCHES. THE DRIEST SPRING WAS 1915 WITH ONLY 3.61 INCHES.

A TOTAL OF 10.4 INCHES OF SNOW FELL THIS SPRING. THIS WAS 3.5 INCHES
BELOW NORMAL. THE MOST SNOW FELL ON MARCH 19 AND 20 WHEN 4.5 INCHES
WAS RECORDED. THE SNOWIEST SPRING ON RECORD WAS 1956 WHEN 48.2
INCHES OF SNOW FELL. THE LEAST SNOWY SPRING WAS 2010 WHEN ONLY A
TRACE WAS RECORDED.

THE FOLLOWING DAILY RECORDS WERE SET OR TIED IN SPRING 2014...

DATE   RECORD                              PREVIOUS

MAR 7   -8 - COLDEST LOW TEMPERATURE       -8 IN 2003 /TIED/
APR 17  18 - COLDEST LOW TEMPERATURE       18 IN 1908 /TIED/

$$

KIMBLE






U.S. Dept. of Commerce
NOAA National Weather Service
1325 East West Highway
Silver Spring, MD 20910
E-mail: w-nws.webmaster@noaa.gov
Page last modified: May 16, 2007
NATIONAL WEATHER SERVICE: for Safety, for Work, for Fun - FOR LIFE