622
CXUS51 KCLE 010532
CLSCLE


CLIMATE REPORT
NATIONAL WEATHER SERVICE CLEVELAND OH
1230 AM EST SAT MAR 1 2014

...................................

...THE CLEVELAND OH CLIMATE SUMMARY FOR THE SEASON, FROM
12/1/2013 TO 2/28/2014...

CLIMATE NORMAL PERIOD 1981 TO 2010
CLIMATE RECORD PERIOD 1871 TO 2014

WEATHER         OBSERVED          NORMAL  DEPART
                 VALUE   DATE(S)  VALUE   FROM
                                          NORMAL
................................................
TEMPERATURE (F)
RECORD
 HIGH              77   12/03/1982
 LOW              -20   01/19/1994
HIGHEST            63   12/22
                        12/05
LOWEST            -11   01/07
                        01/06
AVG. MAXIMUM     33.0              36.7    -3.7
AVG. MINIMUM     17.8              23.9    -6.1
MEAN             25.4              30.3    -4.9
DAYS MAX >= 90      0               0.0
DAYS MAX <= 32     47              31.0
DAYS MIN <= 32     74              69.4
DAYS MIN <= 0      10               2.4

PRECIPITATION (INCHES)
RECORD
 MAXIMUM        14.95   1950
 MINIMUM         3.27   1901
TOTALS           9.13              8.16    0.97
DAYS >= .01        56              47.0
DAYS >= .10        25              22.0
DAYS >= .50         4               3.7
DAYS >= 1.00        1               0.7

SNOWFALL (INCHES)
RECORDS
 TOTAL           82.8   2003
TOTALS           65.0              47.7
DAYS >= TRACE      66
DAYS >= 1.0        20              14.4

DEGREE_DAYS
HEATING TOTAL    3532              3122     410
COOLING TOTAL       0                 0       0
.................................................

WIND (MPH)
HIGHEST GUST SPEED/DIRECTION    55/240    DATE  02/21

SKY COVER
POSSIBLE SUNSHINE (PERCENT)   29
AVERAGE SKY COVER           0.80
NUMBER OF DAYS FAIR            4
NUMBER OF DAYS PC             25
NUMBER OF DAYS CLOUDY         61


WEATHER CONDITIONS. NUMBER OF DAYS WITH
THUNDERSTORM              0     MIXED PRECIP               3
HEAVY RAIN                3     RAIN                       5
LIGHT RAIN               18     FREEZING RAIN              0
LT FREEZING RAIN          5     HAIL                       0
HEAVY SNOW                7     SNOW                      19
LIGHT SNOW               63     SLEET                      1
FOG                      44     FOG W/VIS <= 1/4 MILE      3
HAZE                     36

-  INDICATES NEGATIVE NUMBERS.
R  INDICATES RECORD WAS SET OR TIED.
MM INDICATES DATA IS MISSING.
T  INDICATES TRACE AMOUNT.

$$





U.S. Dept. of Commerce
NOAA National Weather Service
1325 East West Highway
Silver Spring, MD 20910
E-mail: w-nws.webmaster@noaa.gov
Page last modified: May 16, 2007
NATIONAL WEATHER SERVICE: for Safety, for Work, for Fun - FOR LIFE