691
CXUS51 KCLE 070153
CLSCLE

CLIMATE REPORT
NATIONAL WEATHER SERVICE CLEVELAND OH
849 PM EST SAT DEC 6 2014

...................................

...THE CLEVELAND OH CLIMATE SUMMARY FOR THE SEASON, FROM
9/1/2014 TO 11/30/2014...

CLIMATE NORMAL PERIOD 1981 TO 2010
CLIMATE RECORD PERIOD 1871 TO 2014

WEATHER         OBSERVED          NORMAL  DEPART
                 VALUE   DATE(S)  VALUE   FROM
                                          NORMAL
................................................
TEMPERATURE (F)
RECORD
 HIGH             101   09/03/1953
                        09/02/1953
                        09/01/1953
 LOW                0   11/22/1880
HIGHEST            91   09/05
LOWEST             10   11/18
AVG. MAXIMUM     59.4              62.4    -3.0
AVG. MINIMUM     42.9              46.1    -3.2
MEAN             51.1              54.2    -3.1
DAYS MAX >= 90      1               0.6
DAYS MAX <= 32      6               0.9
DAYS MIN <= 32     20              10.3
DAYS MIN <= 0       0               0.0

PRECIPITATION (INCHES)
RECORD
 MAXIMUM        20.73   1996
 MINIMUM         2.37   1908
TOTALS          10.99             10.50    0.49
DAYS >= .01        45              34.9
DAYS >= .10        27              21.8
DAYS >= .50         5               6.9
DAYS >= 1.00        2               2.1

SNOWFALL (INCHES)
RECORDS
 TOTAL           23.4   1996
TOTALS           19.4               4.5
DAYS >= TRACE      11
DAYS >= 1.0         5               1.6

DEGREE_DAYS
HEATING TOTAL    1309              1083     226
COOLING TOTAL      67               101     -34
.................................................

WIND (MPH)
HIGHEST GUST SPEED/DIRECTION    64/220    DATE  11/24

SKY COVER
POSSIBLE SUNSHINE (PERCENT)   53
AVERAGE SKY COVER           0.70
NUMBER OF DAYS FAIR           12
NUMBER OF DAYS PC             30
NUMBER OF DAYS CLOUDY         49


WEATHER CONDITIONS. NUMBER OF DAYS WITH
THUNDERSTORM              0     MIXED PRECIP               0
HEAVY RAIN                9     RAIN                      17
LIGHT RAIN               43     FREEZING RAIN              0
LT FREEZING RAIN          0     HAIL                       0
HEAVY SNOW                1     SNOW                       6
LIGHT SNOW               11     SLEET                      0
FOG                      53     FOG W/VIS <= 1/4 MILE      3
HAZE                     12

-  INDICATES NEGATIVE NUMBERS.
R  INDICATES RECORD WAS SET OR TIED.
MM INDICATES DATA IS MISSING.
T  INDICATES TRACE AMOUNT.

$$







U.S. Dept. of Commerce
NOAA National Weather Service
1325 East West Highway
Silver Spring, MD 20910
E-mail: w-nws.webmaster@noaa.gov
Page last modified: May 16, 2007
NATIONAL WEATHER SERVICE: for Safety, for Work, for Fun - FOR LIFE