278
CXUS53 KDVN 011510
CLSCID


CLIMATE REPORT
NATIONAL WEATHER SERVICE QUAD CITIES IA IL
1004 AM CDT MON SEP 1 2014

...................................

...THE CEDAR RAPIDS IA CLIMATE SUMMARY FOR THE SEASON, FROM
6/1/2014 TO 8/31/2014...

CLIMATE NORMAL PERIOD 1981 TO 2010
CLIMATE RECORD PERIOD 1891 TO 2014

WEATHER         OBSERVED          NORMAL  DEPART
                 VALUE   DATE(S)  VALUE   FROM
                                          NORMAL
................................................
TEMPERATURE (F)
RECORD
 HIGH             110   07/05/1911
 LOW               36   06/04/1945
HIGHEST            91   08/24        84       7
LOWEST             45   06/13        55     -10
AVG. MAXIMUM     79.8              81.8    -2.0
AVG. MINIMUM     60.8              60.6     0.2
MEAN             70.3              71.2    -0.9
DAYS MAX >= 90      1
DAYS MAX <= 32      0
DAYS MIN <= 32      0
DAYS MIN <= 0       0

PRECIPITATION (INCHES)
TOTALS          19.24             13.86    5.38
DAILY AVG.       0.21              0.15    0.06
DAYS >= .01        36
DAYS >= .10        25
DAYS >= .50        13
DAYS >= 1.00        6
GREATEST
 24 HR. TOTAL    3.08   06/29 TO 06/30

DEGREE_DAYS
HEATING TOTAL      24                49     -25
 SINCE 7/1         19                19       0
COOLING TOTAL     537               620     -83
 SINCE 1/1        617               668     -51
.................................................

WIND (MPH)
AVERAGE WIND SPEED              7.8
HIGHEST WIND SPEED/DIRECTION    49/260    DATE  06/30
HIGHEST GUST SPEED/DIRECTION    71/260    DATE  06/30

SKY COVER
POSSIBLE SUNSHINE (PERCENT)   MM
AVERAGE SKY COVER           0.30
NUMBER OF DAYS FAIR           56
NUMBER OF DAYS PC             30
NUMBER OF DAYS CLOUDY          6

AVERAGE RH (PERCENT)     76

WEATHER CONDITIONS. NUMBER OF DAYS WITH
THUNDERSTORM             27     HAIL                       0
SLEET                     0     FOG                       60
FOG W/VIS <= 1/4 MILE    12     HAZE                      26

-  INDICATES NEGATIVE NUMBERS.
R  INDICATES RECORD WAS SET OR TIED.
MM INDICATES DATA IS MISSING.
T  INDICATES TRACE AMOUNT.

$$






U.S. Dept. of Commerce
NOAA National Weather Service
1325 East West Highway
Silver Spring, MD 20910
E-mail: w-nws.webmaster@noaa.gov
Page last modified: May 16, 2007
NATIONAL WEATHER SERVICE: for Safety, for Work, for Fun - FOR LIFE