527
CXUS53 KDVN 011407
CLSCID


CLIMATE REPORT
NATIONAL WEATHER SERVICE QUAD CITIES IA IL
805 AM CST MON DEC 1 2014

...................................

...THE CEDAR RAPIDS IA CLIMATE SUMMARY FOR THE SEASON, FROM
9/1/2014 TO 11/30/2014...

CLIMATE NORMAL PERIOD 1981 TO 2010
CLIMATE RECORD PERIOD 1891 TO 2014

WEATHER         OBSERVED          NORMAL  DEPART
                 VALUE   DATE(S)  VALUE   FROM
                                          NORMAL
................................................
TEMPERATURE (F)
RECORD
 HIGH             105   09/04/1925
 LOW              -12   11/29/1891
HIGHEST            89   09/04        79      10
LOWEST              3   11/21        20     -17
                        11/18
AVG. MAXIMUM     57.6              60.9    -3.3
AVG. MINIMUM     36.8              39.5    -2.7
MEAN             47.2              50.2    -3.0
DAYS MAX >= 90      0
DAYS MAX <= 32     13
DAYS MIN <= 32     29
DAYS MIN <= 0       0

PRECIPITATION (INCHES)
TOTALS           7.41              7.89   -0.48
DAILY AVG.       0.08              0.09   -0.01
DAYS >= .01        25
DAYS >= .10        13
DAYS >= .50         4
DAYS >= 1.00        2
GREATEST
 24 HR. TOTAL    1.82   10/13 TO 10/14

DEGREE_DAYS
HEATING TOTAL    1642              1427     215
 SINCE 7/1       1661              1446     215
COOLING TOTAL      53                80     -27
 SINCE 1/1        670               748     -78
.................................................

WIND (MPH)
AVERAGE WIND SPEED              10.0
HIGHEST WIND SPEED/DIRECTION    36/320    DATE  11/24
HIGHEST GUST SPEED/DIRECTION    45/320    DATE  11/08

SKY COVER
POSSIBLE SUNSHINE (PERCENT)   MM
AVERAGE SKY COVER           0.40
NUMBER OF DAYS FAIR           44
NUMBER OF DAYS PC             27
NUMBER OF DAYS CLOUDY         19

AVERAGE RH (PERCENT)     76

WEATHER CONDITIONS. NUMBER OF DAYS WITH
THUNDERSTORM              8     HAIL                       0
SLEET                     0     FOG                       53
FOG W/VIS <= 1/4 MILE     8     HAZE                      11

-  INDICATES NEGATIVE NUMBERS.
R  INDICATES RECORD WAS SET OR TIED.
MM INDICATES DATA IS MISSING.
T  INDICATES TRACE AMOUNT.

$$

==========================================================

NOTE: SUPPLEMENTAL CLIMATE DATA WAS USED FROM A NEARBY
CLIMATOLOGICALLY REPRESENTATIVE STATION FOR THE
FOLLOWING DAYS.

PARAMETER    DATE
---------    ----
  PCPN       11/24

==========================================================

GROSS







U.S. Dept. of Commerce
NOAA National Weather Service
1325 East West Highway
Silver Spring, MD 20910
E-mail: w-nws.webmaster@noaa.gov
Page last modified: May 16, 2007
NATIONAL WEATHER SERVICE: for Safety, for Work, for Fun - FOR LIFE