667
CXUS53 KDVN 011623
CLSCID

CLIMATE REPORT
NATIONAL WEATHER SERVICE QUAD CITIES IA IL
1023 AM CST SAT MAR 1 2014

...................................

...THE CEDAR RAPIDS IA CLIMATE SUMMARY FOR THE SEASON, FROM
12/1/2013 TO 2/28/2014...

CLIMATE NORMAL PERIOD 1981 TO 2010
CLIMATE RECORD PERIOD 1891 TO 2014

WEATHER         OBSERVED          NORMAL  DEPART
                 VALUE   DATE(S)  VALUE   FROM
                                          NORMAL
................................................
TEMPERATURE (F)
RECORD
 HIGH              73   02/15/1921
 LOW              -29   01/15/2009
HIGHEST            49   12/04        39      10
LOWEST            -21   02/11        11     -32
AVG. MAXIMUM     23.2              31.0    -7.8
AVG. MINIMUM      4.1              13.7    -9.6
MEAN             13.6              22.4    -8.8
DAYS MAX >= 90      0
DAYS MAX <= 32     62
DAYS MIN <= 32     89
DAYS MIN <= 0      39

PRECIPITATION (INCHES)
TOTALS           2.43R             3.56   -1.13
DAILY AVG.       0.03              0.04   -0.01
DAYS >= .01        27
DAYS >= .10         5
DAYS >= .50         1
DAYS >= 1.00        0
GREATEST
 24 HR. TOTAL    0.66   02/20 TO 02/20

DEGREE_DAYS
HEATING TOTAL    4596              3837     759
 SINCE 7/1       6039              5283     756
COOLING TOTAL       0                 0       0
 SINCE 1/1          0                 0       0
.................................................

WIND (MPH)
AVERAGE WIND SPEED              11.6
HIGHEST WIND SPEED/DIRECTION    44/280    DATE  02/21
HIGHEST GUST SPEED/DIRECTION    54/310    DATE  01/26

SKY COVER
POSSIBLE SUNSHINE (PERCENT)   MM
AVERAGE SKY COVER           0.50
NUMBER OF DAYS FAIR           35
NUMBER OF DAYS PC             32
NUMBER OF DAYS CLOUDY         23

AVERAGE RH (PERCENT)     74

WEATHER CONDITIONS. NUMBER OF DAYS WITH
THUNDERSTORM              1     HAIL                       0
SLEET                     1     FOG                       49
FOG W/VIS <= 1/4 MILE     9     HAZE                      38

-  INDICATES NEGATIVE NUMBERS.
R  INDICATES RECORD WAS SET OR TIED.
MM INDICATES DATA IS MISSING.
T  INDICATES TRACE AMOUNT.

$$









U.S. Dept. of Commerce
NOAA National Weather Service
1325 East West Highway
Silver Spring, MD 20910
E-mail: w-nws.webmaster@noaa.gov
Page last modified: May 16, 2007
NATIONAL WEATHER SERVICE: for Safety, for Work, for Fun - FOR LIFE