371
CXUS53 KPAH 020228
CLSCGI

STLCLMCAS 000
TTAA00 KPAH 020227


CLIMATE REPORT
NATIONAL WEATHER SERVICE PADUCAH KY
923 PM CDT SUN JUN 1 2014

...................................

...THE CAPE GIRARDEAU MO CLIMATE SUMMARY FOR THE SPRING SEASON,
FROM MAR 1ST, 2014 TO MAY 31ST, 2014...

CLIMATE NORMAL PERIOD 1981 TO 2010
CLIMATE RECORD PERIOD 1960 TO 2014

WEATHER         OBSERVED          NORMAL  DEPART
                 VALUE   DATE(S)  VALUE   FROM
                                          NORMAL
................................................
TEMPERATURE (F)
RECORD
 HIGH              97   05/24/1996
 LOW                4   03/05/1978
                        03/07/1967
HIGHEST            89   05/22        MM      MM
LOWEST              9   03/03        MM      MM
AVG. MAXIMUM     67.1              68.2    -1.1
AVG. MINIMUM     44.9              45.7    -0.8
MEAN             56.0              57.0    -1.0
DAYS MAX >= 90      0               1.1    -1.1
DAYS MAX <= 32      1               0.4     0.6
DAYS MIN <= 32     22              14.6     7.4
DAYS MIN <= 0       0               0.0     0.0

PRECIPITATION (INCHES)
RECORD
 MAXIMUM        31.85   2011
 MINIMUM         5.25   2012
TOTALS          15.25             14.22    1.03
DAILY AVG.       0.17              0.15    0.02
DAYS >= .01        28              33.9    -5.9
DAYS >= .10        17              22.3    -5.3
DAYS >= .50        12               9.1     2.9
DAYS >= 1.00        7               3.7     3.3
GREATEST
 24 HR. TOTAL    3.56   MM
 STORM TOTAL       MM
 (MM/DD(HH))            MM

SNOWFALL (INCHES)
RECORDS
 TOTAL              T   2011
 24 HR TOTAL        T   MM
TOTALS            0.0               1.2    -1.2
 LIQUID EQUIV    0.00              0.10   -0.10
SINCE 7/1         0.0              11.4   -11.4
 LIQUID 7/1      0.00
DAYS >= TRACE       0               1.2    -1.2
DAYS >= 1.0         0               0.3    -0.3
GREATEST
 SNOW DEPTH         0   MM
 24 HR TOTAL      0.0   MM
 STORM TOTAL       MM
 (MM/DD(HH))            MM

DEGREE_DAYS
HEATING TOTAL    1016               889     127
 SINCE 7/1       4941              4386     555
COOLING TOTAL     211               152      59
 SINCE 1/1        211               152      59

FREEZE DATES
RECORD
 EARLIEST     MM
 LATEST       MM
EARLIEST                        MM
LATEST                          MM
.................................................

WIND (MPH)
AVERAGE WIND SPEED              9.1
HIGHEST WIND SPEED/DIRECTION    46/230    DATE  04/03
HIGHEST GUST SPEED/DIRECTION    57/230    DATE  04/03

SKY COVER
POSSIBLE SUNSHINE (PERCENT)   MM
AVERAGE SKY COVER           0.30
NUMBER OF DAYS FAIR           56
NUMBER OF DAYS PC             25
NUMBER OF DAYS CLOUDY         11

AVERAGE RH (PERCENT)     69

WEATHER CONDITIONS. NUMBER OF DAYS WITH
THUNDERSTORM              0     MIXED PRECIP               0
HEAVY RAIN               13     RAIN                      16
LIGHT RAIN               31     FREEZING RAIN              1
LT FREEZING RAIN          1     HAIL                       0
HEAVY SNOW                0     SNOW                       0
LIGHT SNOW                4     SLEET                      0
FOG                      46     FOG W/VIS <= 1/4 MILE      3
HAZE                     19

-  INDICATES NEGATIVE NUMBERS.
R  INDICATES RECORD WAS SET OR TIED.
MM INDICATES DATA IS MISSING.
T  INDICATES TRACE AMOUNT.

$$








U.S. Dept. of Commerce
NOAA National Weather Service
1325 East West Highway
Silver Spring, MD 20910
E-mail: w-nws.webmaster@noaa.gov
Page last modified: May 16, 2007
NATIONAL WEATHER SERVICE: for Safety, for Work, for Fun - FOR LIFE