042
CXUS51 KCLE 070151
CLSCAK

CLIMATE REPORT
NATIONAL WEATHER SERVICE CLEVELAND OH
849 PM EST SAT DEC 6 2014

...................................

...THE AKRON CANTON OH CLIMATE SUMMARY FOR THE SEASON, FROM
9/1/2014 TO 11/30/2014...

CLIMATE NORMAL PERIOD 1981 TO 2010
CLIMATE RECORD PERIOD 1887 TO 2014

WEATHER         OBSERVED          NORMAL  DEPART
                 VALUE   DATE(S)  VALUE   FROM
                                          NORMAL
................................................
TEMPERATURE (F)
RECORD
 HIGH              99   09/03/1953
                        09/02/1953
 LOW                    11/30/1958
HIGHEST            88   09/05
LOWEST              7   11/19
AVG. MAXIMUM     60.6              61.0    -0.4
AVG. MINIMUM     42.8              43.2    -0.4
MEAN             51.7              52.1    -0.4
DAYS MAX >= 90      0               0.3
DAYS MAX <= 32      4               1.7
DAYS MIN <= 32     19              15.9
DAYS MIN <= 0       0               0.0

PRECIPITATION (INCHES)
RECORD
 MAXIMUM        19.79   1926
 MINIMUM         2.52   1953
TOTALS           7.58              9.58   -2.00
DAYS >= .01        35              34.9
DAYS >= .10        19              19.9
DAYS >= .50         4               5.9
DAYS >= 1.00        1               1.8

SNOWFALL (INCHES)
RECORDS
 TOTAL           22.3   1950
TOTALS            8.0               3.4
DAYS >= TRACE      11
DAYS >= 1.0         1               1.2

DEGREE_DAYS
HEATING TOTAL    1267              1239      28
COOLING TOTAL      83                69      14
.................................................

WIND (MPH)
HIGHEST GUST SPEED/DIRECTION    62/250    DATE  11/24

SKY COVER
POSSIBLE SUNSHINE (PERCENT)   MM
NUMBER OF DAYS FAIR           16
NUMBER OF DAYS PC             33
NUMBER OF DAYS CLOUDY         42


WEATHER CONDITIONS. NUMBER OF DAYS WITH
THUNDERSTORM              0     MIXED PRECIP               0
HEAVY RAIN                7     RAIN                      13
LIGHT RAIN               36     FREEZING RAIN              1
LT FREEZING RAIN          1     HAIL                       0
HEAVY SNOW                1     SNOW                       1
LIGHT SNOW               11     SLEET                      0
FOG                      54     FOG W/VIS <= 1/4 MILE      4
HAZE                     34

-  INDICATES NEGATIVE NUMBERS.
R  INDICATES RECORD WAS SET OR TIED.
MM INDICATES DATA IS MISSING.
T  INDICATES TRACE AMOUNT.

$$







U.S. Dept. of Commerce
NOAA National Weather Service
1325 East West Highway
Silver Spring, MD 20910
E-mail: w-nws.webmaster@noaa.gov
Page last modified: May 16, 2007
NATIONAL WEATHER SERVICE: for Safety, for Work, for Fun - FOR LIFE