928
CXUS51 KCLE 041936
CLSCAK

CLIMATE REPORT
NATIONAL WEATHER SERVICE CLEVELAND OH
131 PM EDT WED JUN 4 2014

...................................

...THE AKRON CANTON OH CLIMATE SUMMARY FOR THE SEASON, FROM
3/1/2014 TO 5/31/2014...

CLIMATE NORMAL PERIOD 1981 TO 2010
CLIMATE RECORD PERIOD 1887 TO 2014

WEATHER         OBSERVED          NORMAL  DEPART
                 VALUE   DATE(S)  VALUE   FROM
                                          NORMAL
................................................
TEMPERATURE (F)
RECORD
 HIGH              94   05/31/1895
 LOW               -6   03/12/1948
HIGHEST            86   05/13
LOWEST              1   03/04
AVG. MAXIMUM     58.7              58.5     0.2
AVG. MINIMUM     38.0              38.6    -0.6
MEAN             48.3              48.5    -0.2
DAYS MAX >= 90      0               0.1
DAYS MAX <= 32      8               3.8
DAYS MIN <= 32     29              28.1
DAYS MIN <= 0       0               0.0

PRECIPITATION (INCHES)
RECORD
 MAXIMUM        18.18   1964
 MINIMUM         4.26   1915
TOTALS          12.84             10.81    2.03
DAYS >= .01        39              42.3
DAYS >= .10        27              24.3
DAYS >= .50         7               6.6
DAYS >= 1.00        5               1.9

SNOWFALL (INCHES)
RECORDS
 TOTAL           30.7   1987
TOTALS           10.6              11.0
DAYS >= TRACE      16
DAYS >= 1.0         6               3.4

DEGREE_DAYS
HEATING TOTAL    1584              1557      27
COOLING TOTAL      76                43      33
.................................................

WIND (MPH)
HIGHEST GUST SPEED/DIRECTION    35/220    DATE  03/14

SKY COVER
POSSIBLE SUNSHINE (PERCENT)   MM
NUMBER OF DAYS FAIR            9
NUMBER OF DAYS PC             46
NUMBER OF DAYS CLOUDY         37


WEATHER CONDITIONS. NUMBER OF DAYS WITH
THUNDERSTORM              0     MIXED PRECIP               1
HEAVY RAIN                1     RAIN                      12
LIGHT RAIN               38     FREEZING RAIN              0
LT FREEZING RAIN          0     HAIL                       2
HEAVY SNOW                1     SNOW                       3
LIGHT SNOW               15     SLEET                      2
FOG                      41     FOG W/VIS <= 1/4 MILE     12
HAZE                     12

-  INDICATES NEGATIVE NUMBERS.
R  INDICATES RECORD WAS SET OR TIED.
MM INDICATES DATA IS MISSING.
T  INDICATES TRACE AMOUNT.

$$







U.S. Dept. of Commerce
NOAA National Weather Service
1325 East West Highway
Silver Spring, MD 20910
E-mail: w-nws.webmaster@noaa.gov
Page last modified: May 16, 2007
NATIONAL WEATHER SERVICE: for Safety, for Work, for Fun - FOR LIFE