623
CXUS51 KCLE 010532
CLSCAK


CLIMATE REPORT
NATIONAL WEATHER SERVICE CLEVELAND OH
1230 AM EST SAT MAR 1 2014

...................................

...THE AKRON CANTON OH CLIMATE SUMMARY FOR THE SEASON, FROM
12/1/2013 TO 2/28/2014...

CLIMATE NORMAL PERIOD 1981 TO 2010
CLIMATE RECORD PERIOD 1887 TO 2014

WEATHER         OBSERVED          NORMAL  DEPART
                 VALUE   DATE(S)  VALUE   FROM
                                          NORMAL
................................................
TEMPERATURE (F)
RECORD
 HIGH              76   12/03/1982
 LOW              -25   01/19/1994
HIGHEST            64   12/22
LOWEST            -11   01/07
AVG. MAXIMUM     32.7              35.6    -2.9
AVG. MINIMUM     17.3              21.4    -4.1
MEAN             25.0              28.5    -3.5
DAYS MAX >= 90      0               0.0
DAYS MAX <= 32     50              35.1
DAYS MIN <= 32     79              75.3
DAYS MIN <= 0      11               3.4

PRECIPITATION (INCHES)
RECORD
 MAXIMUM        15.09   1950
 MINIMUM         2.96   1906
TOTALS           7.00              7.76   -0.76
DAYS >= .01        55              47.4
DAYS >= .10        15              20.6
DAYS >= .50         3               3.8
DAYS >= 1.00        1               0.8

SNOWFALL (INCHES)
RECORDS
 TOTAL           65.9   1978
TOTALS           48.6              33.1
DAYS >= TRACE      62
DAYS >= 1.0        14              11.4

DEGREE_DAYS
HEATING TOTAL    3573              3284     289
COOLING TOTAL       0                 0       0
.................................................

WIND (MPH)
HIGHEST GUST SPEED/DIRECTION    31/300    DATE  02/27

SKY COVER
POSSIBLE SUNSHINE (PERCENT)   MM
NUMBER OF DAYS FAIR            6
NUMBER OF DAYS PC             27
NUMBER OF DAYS CLOUDY         57


WEATHER CONDITIONS. NUMBER OF DAYS WITH
THUNDERSTORM              0     MIXED PRECIP               3
HEAVY RAIN                1     RAIN                       9
LIGHT RAIN               21     FREEZING RAIN              1
LT FREEZING RAIN          9     HAIL                       0
HEAVY SNOW                4     SNOW                       8
LIGHT SNOW               60     SLEET                      5
FOG                      66     FOG W/VIS <= 1/4 MILE     17
HAZE                      8

-  INDICATES NEGATIVE NUMBERS.
R  INDICATES RECORD WAS SET OR TIED.
MM INDICATES DATA IS MISSING.
T  INDICATES TRACE AMOUNT.

$$





U.S. Dept. of Commerce
NOAA National Weather Service
1325 East West Highway
Silver Spring, MD 20910
E-mail: w-nws.webmaster@noaa.gov
Page last modified: May 16, 2007
NATIONAL WEATHER SERVICE: for Safety, for Work, for Fun - FOR LIFE