978
CXUS53 KGRR 012232 CCA
CLSBTL

ARBCLSBTL 000
TTAA00 KGRR 012211


CLIMATE REPORT
NATIONAL WEATHER SERVICE GRAND RAPIDS, MI
559 PM EDT SUN JUN 1 2014

...................................

...THE BATTLE CREEK MI CLIMATE SUMMARY FOR THE SEASON, FROM
3/1/2014 TO 5/31/2014...

CLIMATE NORMAL PERIOD 1981 TO 2010
CLIMATE RECORD PERIOD 9999 TO 9999

WEATHER         OBSERVED          NORMAL  DEPART  LAST YEAR`S
                 VALUE   DATE(S)  VALUE   FROM    VALUE  DATE(S)
                                          NORMAL
................................................................
TEMPERATURE (F)
RECORD
 HIGH              95   05/27/1927
 LOW              -11   03/08/1943
HIGHEST            87   05/08        MM      MM       88  05/20
LOWEST            -10   03/03        MM      MM        9  03/04
AVG. MAXIMUM     55.3              59.0    -3.7     55.4
AVG. MINIMUM     34.1              35.6    -1.5     36.9
MEAN             44.7              47.3    -2.6     46.2
DAYS MAX >= 90      0               0.2    -0.2        0
DAYS MAX <= 32     12               3.0     9.0        8
DAYS MIN <= 32     39              36.3     2.7       39
DAYS MIN <= 0       2               0.3     1.7        0

PRECIPITATION (INCHES)
RECORD
 MAXIMUM           MM   MM
 MINIMUM           MM   MM
TOTALS           6.43              8.48   -2.05     8.05
DAILY AVG.       0.07              0.09   -0.02     0.09
DAYS >= .01        37              33.5     3.5       36
DAYS >= .10        15              19.0    -4.0       20
DAYS >= .50         4               5.4    -1.4        6
DAYS >= 1.00        0               1.6    -1.6        1
GREATEST
 24 HR. TOTAL    0.85   05/26 TO 05/27           05/31 TO 05/31
                                                          05/31 TO 05/31
                                                          05/31 TO 05/31
 STORM TOTAL       MM                                 MM
 (MM/DD(HH))            MM                    05/31(00) TO 05/31(00)
                                                 05/31(00) TO 05/31(00)1
                                                 05/31(00) TO 05/31(00)1

DEGREE_DAYS
HEATING TOTAL    1899              1668     231     1784
 SINCE 7/1       7353              6634     719     6379
COOLING TOTAL      52                37      15       77
 SINCE 1/1         52                38      14       77

FREEZE DATES
RECORD
 EARLIEST     MM
 LATEST       MM
EARLIEST                        MM
LATEST                          MM
..................................................

WIND (MPH)
AVERAGE WIND SPEED              9.8
RESULTANT WIND SPEED/DIRECTION   2/241
HIGHEST WIND SPEED/DIRECTION    36/220    DATE  05/09
HIGHEST GUST SPEED/DIRECTION    47/230    DATE  03/14

AVERAGE RH (PERCENT)     64

WEATHER CONDITIONS. NUMBER OF DAYS WITH
THUNDERSTORM              6     MIXED PRECIP               0
HEAVY RAIN                5     RAIN                      16
LIGHT RAIN               41     FREEZING RAIN              1
LT FREEZING RAIN          2     HAIL                       0
HEAVY SNOW                1     SNOW                       1
LIGHT SNOW               12     SLEET                      0
FOG                      35     FOG W/VIS <= 1/4 MILE      3
HAZE                     19

-  INDICATES NEGATIVE NUMBERS.
R  INDICATES RECORD WAS SET OR TIED.
MM INDICATES DATA IS MISSING.
T  INDICATES TRACE AMOUNT.

$$












U.S. Dept. of Commerce
NOAA National Weather Service
1325 East West Highway
Silver Spring, MD 20910
E-mail: w-nws.webmaster@noaa.gov
Page last modified: May 16, 2007
NATIONAL WEATHER SERVICE: for Safety, for Work, for Fun - FOR LIFE