861
CXUS53 KGRR 020252
CLSBTL

WRKCLMBTL 000
TTAA00 KGRR 020246


CLIMATE REPORT
NATIONAL WEATHER SERVICE GRAND RAPIDS, MI
933 PM EST SAT MAR 1 2014

...................................

...THE BATTLE CREEK MI CLIMATE SUMMARY FOR THE SEASON, FROM
12/1/2013 TO 2/28/2014...

CLIMATE NORMAL PERIOD 1981 TO 2010
CLIMATE RECORD PERIOD 9999 TO 9999

WEATHER         OBSERVED          NORMAL  DEPART  LAST YEAR`S
                 VALUE   DATE(S)  VALUE   FROM    VALUE  DATE(S)
                                          NORMAL
................................................................
TEMPERATURE (F)
RECORD
 HIGH              MM   MM
 LOW              -12   01/28/2014
                        01/06/2014
                        01/03/2014
HIGHEST            59   12/04        MM      MM       65  12/03
LOWEST            -12R  01/28        MM      MM       -7  01/22
                        01/03
                        01/06
AVG. MAXIMUM     26.8              34.0    -7.2     35.7
AVG. MINIMUM     12.4              17.6    -5.2     21.2
MEAN             19.6              25.8    -6.2     28.5
DAYS MAX >= 90      0               0.0     0.0        0
DAYS MAX <= 32     67              37.9    29.1       36
DAYS MIN <= 32     87              82.8     4.2       76
DAYS MIN <= 0      17               6.6    10.4        2

PRECIPITATION (INCHES)
RECORD
 MAXIMUM           MM   MM
 MINIMUM           MM   MM
TOTALS           2.64              4.99   -2.35     6.39
DAILY AVG.       0.03              0.06   -0.03     0.07
DAYS >= .01        20              36.3   -16.3       36
DAYS >= .10         8              14.7    -6.7       15
DAYS >= .50         1               2.5    -1.5        3
DAYS >= 1.00        0               0.3    -0.3        0
GREATEST
 24 HR. TOTAL    0.65   02/28 TO 02/28

DEGREE_DAYS
HEATING TOTAL    4053              3527     526     3185
 SINCE 7/1       5454              4965     489     4595
COOLING TOTAL       0                 0       0        0
 SINCE 1/1          0                 0       0        0

.........................................................

WIND (MPH)
AVERAGE WIND SPEED              10.9
RESULTANT WIND SPEED/DIRECTION   6/236
HIGHEST WIND SPEED/DIRECTION    39/230    DATE  02/21
HIGHEST GUST SPEED/DIRECTION    47/250    DATE  02/21

AVERAGE RH (PERCENT)     74

WEATHER CONDITIONS. NUMBER OF DAYS WITH
THUNDERSTORM              1     MIXED PRECIP               0
HEAVY RAIN                0     RAIN                       2
LIGHT RAIN                7     FREEZING RAIN              3
LT FREEZING RAIN          8     HAIL                       0
HEAVY SNOW                7     SNOW                      16
LIGHT SNOW               63     SLEET                      0
FOG                      63     FOG W/VIS <= 1/4 MILE     11
HAZE                     57

-  INDICATES NEGATIVE NUMBERS.
R  INDICATES RECORD WAS SET OR TIED.
MM INDICATES DATA IS MISSING.
T  INDICATES TRACE AMOUNT.

$$

EBW










U.S. Dept. of Commerce
NOAA National Weather Service
1325 East West Highway
Silver Spring, MD 20910
E-mail: w-nws.webmaster@noaa.gov
Page last modified: May 16, 2007
NATIONAL WEATHER SERVICE: for Safety, for Work, for Fun - FOR LIFE