389
CXUS53 KGRR 020442
CLSBTL

ARBCLSBTL 000
TTAA00 KGRR 020416


CLIMATE REPORT
NATIONAL WEATHER SERVICE GRAND RAPIDS, MI
1242 AM EDT TUE SEP 2 2014

...................................

...THE BATTLE CREEK MI CLIMATE SUMMARY FOR THE SEASON, FROM
6/1/2014 TO 8/31/2014...

CLIMATE NORMAL PERIOD 1981 TO 2010
CLIMATE RECORD PERIOD 1998 TO 2014

WEATHER         OBSERVED          NORMAL  DEPART  LAST YEAR`S
                 VALUE   DATE(S)  VALUE   FROM    VALUE  DATE(S)
                                          NORMAL
................................................................
TEMPERATURE (F)
RECORD
 HIGH             103   07/06/2012
 LOW               40   06/03/2013
HIGHEST            90   08/25        MM      MM       94  07/19
LOWEST             45   08/15        MM      MM       40  06/03
                        06/14
AVG. MAXIMUM     79.1              80.9    -1.8     79.2
AVG. MINIMUM     60.0              57.4     2.6     60.0
MEAN             69.6              69.1     0.5     69.6
DAYS MAX >= 90      1               6.3    -5.3        6
DAYS MAX <= 32      0               0.0     0.0        0
DAYS MIN <= 32      0               0.1    -0.1        0
DAYS MIN <= 0       0               0.0     0.0        0

PRECIPITATION (INCHES)
RECORD
 MAXIMUM        17.27   2010
 MINIMUM         5.46   2012
TOTALS          11.98             10.06    1.92    13.39
DAILY AVG.       0.13              0.11    0.02     0.14
DAYS >= .01        34              29.1     4.9       31
DAYS >= .10        20              18.6     1.4       19
DAYS >= .50        12               7.0     5.0        9
DAYS >= 1.00        2               2.3    -0.3        5
GREATEST
 24 HR. TOTAL    1.37   06/23 TO 06/24

DEGREE_DAYS
HEATING TOTAL      47                97     -50       80
 SINCE 7/1         29                41     -12       38
COOLING TOTAL     485               481       4      528
 SINCE 1/1        537               518      19      605

FREEZE DATES
RECORD
 EARLIEST     MM
 LATEST       MM
EARLIEST                        MM
LATEST                          MM
...................................................

WIND (MPH)
AVERAGE WIND SPEED              7.0
RESULTANT WIND SPEED/DIRECTION   2/228
HIGHEST WIND SPEED/DIRECTION    41/330    DATE  07/27
HIGHEST GUST SPEED/DIRECTION    53/320    DATE  07/27

AVERAGE RH (PERCENT)     70

WEATHER CONDITIONS. NUMBER OF DAYS WITH
THUNDERSTORM             21     MIXED PRECIP               0
HEAVY RAIN               16     RAIN                      15
LIGHT RAIN               36     FREEZING RAIN              0
LT FREEZING RAIN          0     HAIL                       0
HEAVY SNOW                0     SNOW                       0
LIGHT SNOW                0     SLEET                      0
FOG                      47     FOG W/VIS <= 1/4 MILE      8
HAZE                     19

-  INDICATES NEGATIVE NUMBERS.
R  INDICATES RECORD WAS SET OR TIED.
MM INDICATES DATA IS MISSING.
T  INDICATES TRACE AMOUNT.

$$

EBW









U.S. Dept. of Commerce
NOAA National Weather Service
1325 East West Highway
Silver Spring, MD 20910
E-mail: w-nws.webmaster@noaa.gov
Page last modified: May 16, 2007
NATIONAL WEATHER SERVICE: for Safety, for Work, for Fun - FOR LIFE