497
CXUS53 KGRR 020218
CLSBTL

WRKCLMBTL 000
TTAA00 KGRR 020119


CLIMATE REPORT
NATIONAL WEATHER SERVICE GRAND RAPIDS, MI
918 PM EST MON DEC 1 2014

...................................

...THE BATTLE CREEK MI CLIMATE SUMMARY FOR THE SEASON, FROM
9/1/2014 TO 11/30/2014...

CLIMATE NORMAL PERIOD 1981 TO 2010
CLIMATE RECORD PERIOD 1998 TO 2014

WEATHER         OBSERVED          NORMAL  DEPART  LAST YEAR`S
                 VALUE   DATE(S)  VALUE   FROM    VALUE  DATE(S)
                                          NORMAL
................................................................
TEMPERATURE (F)
RECORD
 HIGH              MM   MM
 LOW               MM   MM
HIGHEST            90   09/05        MM      MM       91  09/10
LOWEST             11   11/21        MM      MM       13  11/24
AVG. MAXIMUM     58.1              60.8    -2.7     59.5
AVG. MINIMUM     40.2              39.9     0.3     41.9
MEAN             49.2              50.3    -1.1     50.7
DAYS MAX >= 90      1               0.2     0.8        1
DAYS MAX <= 32     11               1.6     9.4        6
DAYS MIN <= 32     23              25.3    -2.3       21
DAYS MIN <= 0       0               0.0     0.0        0

PRECIPITATION (INCHES)
RECORD
 MAXIMUM           MM   MM
 MINIMUM           MM   MM
TOTALS           8.38              9.62   -1.24     7.63
DAILY AVG.       0.10              0.11   -0.01     0.09
DAYS >= .01        34              33.1     0.9       25
DAYS >= .10        14              18.5    -4.5       18
DAYS >= .50         6               6.2    -0.2        4
DAYS >= 1.00        1               2.5    -1.5        1
GREATEST
 24 HR. TOTAL    2.43   10/02 TO 10/03              2.06  MM

DEGREE_DAYS
HEATING TOTAL    1474              1396      78     1363
 SINCE 7/1       1503              1438      65     1401
COOLING TOTAL      56                60      -4       84
 SINCE 1/1        593               578      15      689
.................................................

WIND (MPH)
AVERAGE WIND SPEED              8.9
RESULTANT WIND SPEED/DIRECTION   5/234
HIGHEST WIND SPEED/DIRECTION    40/230    DATE  11/24
HIGHEST GUST SPEED/DIRECTION    59/230    DATE  09/05

AVERAGE RH (PERCENT)     70

WEATHER CONDITIONS. NUMBER OF DAYS WITH
THUNDERSTORM              6     MIXED PRECIP               0
HEAVY RAIN               11     RAIN                      17
LIGHT RAIN               36     FREEZING RAIN              0
LT FREEZING RAIN          2     HAIL                       0
HEAVY SNOW                2     SNOW                       4
LIGHT SNOW               17     SLEET                      0
FOG                      44     FOG W/VIS <= 1/4 MILE      4
HAZE                     23


-  INDICATES NEGATIVE NUMBERS.
R  INDICATES RECORD WAS SET OR TIED.
MM INDICATES DATA IS MISSING.
T  INDICATES TRACE AMOUNT.

$$

CAS






U.S. Dept. of Commerce
NOAA National Weather Service
1325 East West Highway
Silver Spring, MD 20910
E-mail: w-nws.webmaster@noaa.gov
Page last modified: May 16, 2007
NATIONAL WEATHER SERVICE: for Safety, for Work, for Fun - FOR LIFE