555
CXUS53 KDVN 011624
CLSBRL

CLIMATE REPORT
NATIONAL WEATHER SERVICE QUAD CITIES IA IL
1024 AM CST SAT MAR 1 2014

...................................

...THE BURLINGTON IA CLIMATE SUMMARY FOR THE SEASON, FROM
12/1/2013 TO 2/28/2014...

CLIMATE NORMAL PERIOD 1981 TO 2010
CLIMATE RECORD PERIOD 1897 TO 2014

WEATHER         OBSERVED          NORMAL  DEPART
                 VALUE   DATE(S)  VALUE   FROM
                                          NORMAL
................................................
TEMPERATURE (F)
RECORD
 HIGH              76   02/24/1930
 LOW              -27   02/13/1905
HIGHEST            55   12/04        44      11
LOWEST            -14   01/06        17     -31
AVG. MAXIMUM     28.7              36.8    -8.1
AVG. MINIMUM      9.8              19.8   -10.0
MEAN             19.2              28.3    -9.1
DAYS MAX >= 90      0
DAYS MAX <= 32     55
DAYS MIN <= 32     85
DAYS MIN <= 0      23

PRECIPITATION (INCHES)
TOTALS           5.45              4.95    0.50
DAILY AVG.       0.06              0.05    0.01
DAYS >= .01        25
DAYS >= .10        13
DAYS >= .50         1
DAYS >= 1.00        1
GREATEST
 24 HR. TOTAL    1.84   02/19 TO 02/20

DEGREE_DAYS
HEATING TOTAL    4086              3305     781
 SINCE 7/1       5323              4378     945
COOLING TOTAL       0                 0       0
 SINCE 1/1          0                 0       0
.................................................

WIND (MPH)
AVERAGE WIND SPEED              9.7
HIGHEST WIND SPEED/DIRECTION    36/240    DATE  02/20
HIGHEST GUST SPEED/DIRECTION    53/320    DATE  01/26

SKY COVER
POSSIBLE SUNSHINE (PERCENT)   MM
AVERAGE SKY COVER           0.50
NUMBER OF DAYS FAIR           33
NUMBER OF DAYS PC             35
NUMBER OF DAYS CLOUDY         22

AVERAGE RH (PERCENT)     72

WEATHER CONDITIONS. NUMBER OF DAYS WITH
THUNDERSTORM              1     HAIL                       0
SLEET                     1     FOG                       47
FOG W/VIS <= 1/4 MILE     8     HAZE                      37

-  INDICATES NEGATIVE NUMBERS.
R  INDICATES RECORD WAS SET OR TIED.
MM INDICATES DATA IS MISSING.
T  INDICATES TRACE AMOUNT.

$$








U.S. Dept. of Commerce
NOAA National Weather Service
1325 East West Highway
Silver Spring, MD 20910
E-mail: w-nws.webmaster@noaa.gov
Page last modified: May 16, 2007
NATIONAL WEATHER SERVICE: for Safety, for Work, for Fun - FOR LIFE