663
CXUS53 KDVN 011630
CLSBRL


CLIMATE REPORT
NATIONAL WEATHER SERVICE QUAD CITIES IA IL
1130 AM CDT SUN JUN 1 2014

...................................

...THE BURLINGTON IA CLIMATE SUMMARY FOR THE SEASON, FROM
3/1/2014 TO 5/31/2014...

CLIMATE NORMAL PERIOD 1981 TO 2010
CLIMATE RECORD PERIOD 1897 TO 2014

WEATHER         OBSERVED          NORMAL  DEPART
                 VALUE   DATE(S)  VALUE   FROM
                                          NORMAL
................................................
TEMPERATURE (F)
RECORD
 HIGH             103   05/31/1934
 LOW              -13   03/05/1960
HIGHEST            89   05/21        78      11
LOWEST             -8   03/03        26     -34
AVG. MAXIMUM     60.7              63.5    -2.8
AVG. MINIMUM     39.1              42.5    -3.4
MEAN             49.9              53.0    -3.1
DAYS MAX >= 90      0
DAYS MAX <= 32      5
DAYS MIN <= 32     28
DAYS MIN <= 0       2

PRECIPITATION (INCHES)
TOTALS           7.02             11.40   -4.38
DAILY AVG.       0.08              0.12   -0.04
DAYS >= .01        31
DAYS >= .10        13
DAYS >= .50         5
DAYS >= 1.00        2
GREATEST
 24 HR. TOTAL    1.41   04/27 TO 04/28

DEGREE_DAYS
HEATING TOTAL    1501              1209     292
 SINCE 7/1       6824              5587    1237
COOLING TOTAL     138               104      34
 SINCE 1/1        138               103      35
.................................................

WIND (MPH)
AVERAGE WIND SPEED              10.2
HIGHEST WIND SPEED/DIRECTION    33/200    DATE  04/28
HIGHEST GUST SPEED/DIRECTION    43/350    DATE  04/14

SKY COVER
POSSIBLE SUNSHINE (PERCENT)   MM
AVERAGE SKY COVER           0.40
NUMBER OF DAYS FAIR           56
NUMBER OF DAYS PC             20
NUMBER OF DAYS CLOUDY         16

AVERAGE RH (PERCENT)     65

WEATHER CONDITIONS. NUMBER OF DAYS WITH
THUNDERSTORM             15     HAIL                       0
SLEET                     0     FOG                       36
FOG W/VIS <= 1/4 MILE     2     HAZE                      25

-  INDICATES NEGATIVE NUMBERS.
R  INDICATES RECORD WAS SET OR TIED.
MM INDICATES DATA IS MISSING.
T  INDICATES TRACE AMOUNT.

$$






U.S. Dept. of Commerce
NOAA National Weather Service
1325 East West Highway
Silver Spring, MD 20910
E-mail: w-nws.webmaster@noaa.gov
Page last modified: May 16, 2007
NATIONAL WEATHER SERVICE: for Safety, for Work, for Fun - FOR LIFE