487
CXUS53 KDVN 011510
CLSBRL


CLIMATE REPORT
NATIONAL WEATHER SERVICE QUAD CITIES IA IL
1004 AM CDT MON SEP 1 2014

...................................

...THE BURLINGTON IA CLIMATE SUMMARY FOR THE SEASON, FROM
6/1/2014 TO 8/31/2014...

CLIMATE NORMAL PERIOD 1981 TO 2010
CLIMATE RECORD PERIOD 1897 TO 2014

WEATHER         OBSERVED          NORMAL  DEPART
                 VALUE   DATE(S)  VALUE   FROM
                                          NORMAL
................................................
TEMPERATURE (F)
RECORD
 HIGH             111   07/15/1936
                        07/14/1936
 LOW               39   06/08/1913
HIGHEST            93   08/25        87       6
LOWEST             51   08/13        58      -7
                        07/16
AVG. MAXIMUM     81.4              85.2    -3.8
AVG. MINIMUM     63.4              65.0    -1.6
MEAN             72.4              75.1    -2.7
DAYS MAX >= 90      2
DAYS MAX <= 32      0
DAYS MIN <= 32      0
DAYS MIN <= 0       0

PRECIPITATION (INCHES)
TOTALS          17.68             12.99    4.69
DAILY AVG.       0.19              0.14    0.05
DAYS >= .01        39
DAYS >= .10        24
DAYS >= .50        12
DAYS >= 1.00        5
GREATEST
 24 HR. TOTAL    3.14   06/22 TO 06/23

DEGREE_DAYS
HEATING TOTAL       9                16      -7
 SINCE 7/1          7                 4       3
COOLING TOTAL     716               941    -225
 SINCE 1/1        854              1043    -189
.................................................

WIND (MPH)
AVERAGE WIND SPEED              6.9
HIGHEST WIND SPEED/DIRECTION    39/010    DATE  06/30
HIGHEST GUST SPEED/DIRECTION    53/030    DATE  06/30

SKY COVER
POSSIBLE SUNSHINE (PERCENT)   MM
AVERAGE SKY COVER           0.30
NUMBER OF DAYS FAIR           60
NUMBER OF DAYS PC             23
NUMBER OF DAYS CLOUDY          9

AVERAGE RH (PERCENT)     77

WEATHER CONDITIONS. NUMBER OF DAYS WITH
THUNDERSTORM             24     HAIL                       0
SLEET                     0     FOG                       66
FOG W/VIS <= 1/4 MILE    11     HAZE                      31

-  INDICATES NEGATIVE NUMBERS.
R  INDICATES RECORD WAS SET OR TIED.
MM INDICATES DATA IS MISSING.
T  INDICATES TRACE AMOUNT.

$$






U.S. Dept. of Commerce
NOAA National Weather Service
1325 East West Highway
Silver Spring, MD 20910
E-mail: w-nws.webmaster@noaa.gov
Page last modified: May 16, 2007
NATIONAL WEATHER SERVICE: for Safety, for Work, for Fun - FOR LIFE