154
CXUS51 KRNK 011156
CLSBLF

CLIMATE REPORT
NATIONAL WEATHER SERVICE BLACKSBURG VA
650 AM EST SAT MAR 1 2014

...................................

...THE BLUEFIELD WV CLIMATE SUMMARY FOR THE SEASON, FROM
12/1/2013 TO 2/28/2014...

CLIMATE NORMAL PERIOD 1981 TO 2010
CLIMATE RECORD PERIOD 1959 TO 2014

WEATHER         OBSERVED          NORMAL  DEPART
                 VALUE   DATE(S)  VALUE   FROM
                                          NORMAL
................................................
TEMPERATURE (F)
RECORD
 HIGH              75   02/26/1977
 LOW              -21   01/21/1985
HIGHEST            70
LOWEST             -8   01/07
AVG. MAXIMUM     44.0              44.2    -0.2
AVG. MINIMUM     25.9
MEAN             35.0              36.2    -1.2
DAYS MAX >= 90      0               0.0     0.0
DAYS MAX <= 32     16              15.4     0.6
DAYS MIN <= 32     62              57.3     4.7
DAYS MIN <= 0       4               0.9     3.1

PRECIPITATION (INCHES)
RECORD
 MAXIMUM        12.72   1993
 MINIMUM         4.38   1980
TOTALS           9.13              8.57    0.56
DAYS >= .01        38              40.3    -2.3
DAYS >= .10        21              20.7     0.3
DAYS >= .50         6               5.4     0.6
DAYS >= 1.00        0               1.0    -1.0
GREATEST
 24 HR. TOTAL    1.18

SNOWFALL (INCHES)
TOTALS           34.0
SINCE 7/1        37.6
SNOWDEPTH AVG.      2
DAYS >= TRACE      41
DAYS >= 1.0         8
GREATEST
 SNOW DEPTH        15
 24 HR TOTAL      8.1

DEGREE_DAYS
HEATING TOTAL    2683              2589      94
 SINCE 7/1         MM              3493      MM
COOLING TOTAL       0                 0       0
 SINCE 1/1          0                 0       0
.................................................

WIND (MPH)
AVERAGE WIND SPEED              8.2
HIGHEST WIND SPEED/DIRECTION    33/270
HIGHEST GUST SPEED/DIRECTION    48/260

SKY COVER
POSSIBLE SUNSHINE (PERCENT)   MM
NUMBER OF DAYS FAIR           37
NUMBER OF DAYS PC             23
NUMBER OF DAYS CLOUDY         30

AVERAGE RH (PERCENT)     58

WEATHER CONDITIONS. NUMBER OF DAYS WITH
THUNDERSTORM              0     MIXED PRECIP               0
HEAVY RAIN                6     RAIN                      15
LIGHT RAIN               30     FREEZING RAIN              3
LT FREEZING RAIN          3     HAIL                       0
HEAVY SNOW                2     SNOW                       8
LIGHT SNOW               40     SLEET                      1
FOG                      28     FOG W/VIS <= 1/4 MILE      9
HAZE                     16

-  INDICATES NEGATIVE NUMBERS.
R  INDICATES RECORD WAS SET OR TIED.
MM INDICATES DATA IS MISSING.
T  INDICATES TRACE AMOUNT.

$$




U.S. Dept. of Commerce
NOAA National Weather Service
1325 East West Highway
Silver Spring, MD 20910
E-mail: w-nws.webmaster@noaa.gov
Page last modified: May 16, 2007
NATIONAL WEATHER SERVICE: for Safety, for Work, for Fun - FOR LIFE