628
CXUS51 KRNK 011159
CLSBLF


CLIMATE REPORT
NATIONAL WEATHER SERVICE BLACKSBURG VA
640 AM EST MON DEC 1 2014

...................................

...THE BLUEFIELD WV CLIMATE SUMMARY FOR THE SEASON, FROM
9/1/2014 TO 11/30/2014...

CLIMATE NORMAL PERIOD 1981 TO 2010
CLIMATE RECORD PERIOD 1959 TO 2014

WEATHER         OBSERVED          NORMAL  DEPART
                 VALUE   DATE(S)  VALUE   FROM
                                          NORMAL
................................................
TEMPERATURE (F)
RECORD
 HIGH              93   09/06/2007
 LOW                7   11/25/1970
                        11/24/1970
HIGHEST            86
LOWEST             12   11/19
AVG. MAXIMUM     62.6              65.2    -2.6
AVG. MINIMUM     45.7
MEAN             54.2              56.4    -2.2
DAYS MAX >= 90      0               0.3    -0.3
DAYS MAX <= 32      3               0.8     2.2
DAYS MIN <= 32     18               9.5     8.5
DAYS MIN <= 0       0               0.0     0.0

PRECIPITATION (INCHES)
RECORD
 MAXIMUM        16.56   2004
 MINIMUM         2.14   2008
TOTALS          10.24              8.33    1.91
DAYS >= .01        42              29.9    12.1
DAYS >= .10        23              16.6     6.4
DAYS >= .50         8               5.4     2.6
DAYS >= 1.00        2               1.4     0.6
GREATEST
 24 HR. TOTAL    1.44

SNOWFALL (INCHES)
TOTALS            4.8
SINCE 7/1         4.8
SNOWDEPTH AVG.      0
DAYS >= TRACE       9
DAYS >= 1.0         2
GREATEST
 SNOW DEPTH         2
 24 HR TOTAL      2.8

DEGREE_DAYS
HEATING TOTAL    1075               898     177
 SINCE 7/1       1085               903     182
COOLING TOTAL     114               119      -5
 SINCE 1/1        827               853     -26
.................................................

WIND (MPH)
AVERAGE WIND SPEED              7.0
HIGHEST WIND SPEED/DIRECTION    35/240
HIGHEST GUST SPEED/DIRECTION    47/140

SKY COVER
POSSIBLE SUNSHINE (PERCENT)   MM
NUMBER OF DAYS FAIR           32
NUMBER OF DAYS PC             28
NUMBER OF DAYS CLOUDY         31

AVERAGE RH (PERCENT)     65

WEATHER CONDITIONS. NUMBER OF DAYS WITH
THUNDERSTORM              8     MIXED PRECIP               0
HEAVY RAIN                9     RAIN                      18
LIGHT RAIN               42     FREEZING RAIN              0
LT FREEZING RAIN          0     HAIL                       0
HEAVY SNOW                0     SNOW                       1
LIGHT SNOW               10     SLEET                      0
FOG                      45     FOG W/VIS <= 1/4 MILE     16
HAZE                      7

-  INDICATES NEGATIVE NUMBERS.
R  INDICATES RECORD WAS SET OR TIED.
MM INDICATES DATA IS MISSING.
T  INDICATES TRACE AMOUNT.

REMARKS:
DUE TO A POWER FAILURE CAUSING A MISSING LOW TEMPERATURE ON
MAY 30...THE SEASONAL TOTAL AND DEPARTURE FROM NORMAL FOR CDD
WILL BE CALCULATED WITHOUT DATA FROM THAT DATE.

$$





U.S. Dept. of Commerce
NOAA National Weather Service
1325 East West Highway
Silver Spring, MD 20910
E-mail: w-nws.webmaster@noaa.gov
Page last modified: May 16, 2007
NATIONAL WEATHER SERVICE: for Safety, for Work, for Fun - FOR LIFE