086
CXUS53 KGRR 020444
CLSBIV

ARBCLSBIV 000
TTAA00 KGRR 020416


CLIMATE REPORT
NATIONAL WEATHER SERVICE GRAND RAPIDS, MI
1244 AM EDT TUE SEP 2 2014

...................................

...THE HOLLAND/TULIP CITY MI CLIMATE SUMMARY FOR THE SEASON, FROM
6/1/2014 TO 8/31/2014...

CLIMATE NORMAL PERIOD 1981 TO 2010
CLIMATE RECORD PERIOD 1996 TO 2014

WEATHER         OBSERVED          NORMAL  DEPART  LAST YEAR`S
                 VALUE   DATE(S)  VALUE   FROM    VALUE  DATE(S)
                                          NORMAL
................................................................
TEMPERATURE (F)
RECORD
 HIGH             102   07/06/2012
 LOW               42   06/23/2012
HIGHEST            91   07/22        MM      MM       97  07/19
LOWEST             45   06/14        MM      MM       43  06/03
AVG. MAXIMUM     79.1              80.5    -1.4     80.8
AVG. MINIMUM     59.6              60.7    -1.1     60.9
MEAN             69.3              70.6    -1.3     70.8
DAYS MAX >= 90      2               5.7    -3.7        8
DAYS MAX <= 32      0               0.0     0.0        0
DAYS MIN <= 32      0               0.0     0.0        0
DAYS MIN <= 0       0               0.0     0.0        0

PRECIPITATION (INCHES)
RECORD
 MAXIMUM        18.18   2009
 MINIMUM         4.01   2003
TOTALS          11.50             10.62    0.88     9.48
DAILY AVG.       0.12              0.12    0.00     0.10
DAYS >= .01        35                MM      MM       31
DAYS >= .10        19                MM      MM       19
DAYS >= .50         9                MM      MM        7
DAYS >= 1.00        2                MM      MM        1
GREATEST
 24 HR. TOTAL    1.84   08/19 TO 08/19

DEGREE_DAYS
HEATING TOTAL      59                62      -3       53
 SINCE 7/1         36                15      21       19
COOLING TOTAL     478               576     -98      617
 SINCE 1/1        517               618    -101      707

FREEZE DATES
RECORD
 EARLIEST     MM
 LATEST       MM
EARLIEST                        MM
LATEST                          MM
....................................................

WIND (MPH)
AVERAGE WIND SPEED              6.6
RESULTANT WIND SPEED/DIRECTION   2/229
HIGHEST WIND SPEED/DIRECTION    36/230    DATE  06/02
HIGHEST GUST SPEED/DIRECTION    48/190    DATE  06/02

SKY COVER
POSSIBLE SUNSHINE (PERCENT)    0

AVERAGE RH (PERCENT)     71

WEATHER CONDITIONS. NUMBER OF DAYS WITH
THUNDERSTORM             21     MIXED PRECIP               0
HEAVY RAIN               15     RAIN                      15
LIGHT RAIN               35     FREEZING RAIN              0
LT FREEZING RAIN          0     HAIL                       0
HEAVY SNOW                0     SNOW                       0
LIGHT SNOW                0     SLEET                      0
FOG                      56     FOG W/VIS <= 1/4 MILE      9
HAZE                     19

-  INDICATES NEGATIVE NUMBERS.
R  INDICATES RECORD WAS SET OR TIED.
MM INDICATES DATA IS MISSING.
T  INDICATES TRACE AMOUNT.

$$

EBW










U.S. Dept. of Commerce
NOAA National Weather Service
1325 East West Highway
Silver Spring, MD 20910
E-mail: w-nws.webmaster@noaa.gov
Page last modified: May 16, 2007
NATIONAL WEATHER SERVICE: for Safety, for Work, for Fun - FOR LIFE