002
CXUS53 KGRR 012237
CLSBIV

ARBCLSBIV 000
TTAA00 KGRR 012211


CLIMATE REPORT
NATIONAL WEATHER SERVICE GRAND RAPIDS, MI
559 PM EDT SUN JUN 1 2014

...................................

...THE HOLLAND/TULIP CITY MI CLIMATE SUMMARY FOR THE SEASON, FROM
3/1/2014 TO 5/31/2014...

CLIMATE NORMAL PERIOD 1981 TO 2010
CLIMATE RECORD PERIOD 9999 TO 9999

WEATHER         OBSERVED          NORMAL  DEPART  LAST YEAR`S
                 VALUE   DATE(S)  VALUE   FROM    VALUE  DATE(S)
                                          NORMAL
................................................................
TEMPERATURE (F)
RECORD
 HIGH              93   05/28/2012
 LOW               -8   03/03/2014
HIGHEST            87   05/08        MM      MM       90  05/20
                                                          05/19
LOWEST             -8R  03/03        MM      MM       11  03/04
                                                          03/03
AVG. MAXIMUM     54.8              57.2    -2.4     56.0
AVG. MINIMUM     34.3              38.7    -4.4     38.6
MEAN             44.5              47.9    -3.4     47.3
DAYS MAX >= 90      0               0.4    -0.4        2
DAYS MAX <= 32     11               3.2     7.8        7
DAYS MIN <= 32     31              27.6     3.4       34
DAYS MIN <= 0       2               0.0     2.0        0

PRECIPITATION (INCHES)
RECORD
 MAXIMUM           MM   MM
 MINIMUM           MM   MM
TOTALS           5.57              8.70   -3.13    12.77
DAILY AVG.       0.06              0.09   -0.03     0.14
DAYS >= .01        36                MM      MM       37
DAYS >= .10        20                MM      MM       22
DAYS >= .50         2                MM      MM        7
DAYS >= 1.00        0                MM      MM        3
GREATEST
 24 HR. TOTAL    0.72   05/14 TO 05/15           05/31 TO 05/31
                                                          05/31 TO 05/31
                                                          05/31 TO 05/31
 STORM TOTAL       MM                                 MM
 (MM/DD(HH))            MM                    05/31(00) TO 05/31(00)
                                                 05/31(00) TO 05/31(00)1
                                                 05/31(00) TO 05/31(00)1

DEGREE_DAYS
HEATING TOTAL    1867              1612     255     1697
 SINCE 7/1       7025              6112     913     5949
COOLING TOTAL      39                42      -3       90
 SINCE 1/1         39                42      -3       90

FREEZE DATES
RECORD
 EARLIEST     MM
 LATEST       MM
EARLIEST                        MM
LATEST                          MM
..................................................

WIND (MPH)
AVERAGE WIND SPEED              9.5
RESULTANT WIND SPEED/DIRECTION   2/221
HIGHEST WIND SPEED/DIRECTION    40/210    DATE  04/14
HIGHEST GUST SPEED/DIRECTION    51/190    DATE  04/14

SKY COVER
POSSIBLE SUNSHINE (PERCENT)   MM

AVERAGE RH (PERCENT)     65

WEATHER CONDITIONS. NUMBER OF DAYS WITH
THUNDERSTORM             10     MIXED PRECIP               0
HEAVY RAIN                2     RAIN                       8
LIGHT RAIN               33     FREEZING RAIN              0
LT FREEZING RAIN          1     HAIL                       0
HEAVY SNOW                1     SNOW                       0
LIGHT SNOW               14     SLEET                      0
FOG                      34     FOG W/VIS <= 1/4 MILE      2
HAZE                     19

-  INDICATES NEGATIVE NUMBERS.
R  INDICATES RECORD WAS SET OR TIED.
MM INDICATES DATA IS MISSING.
T  INDICATES TRACE AMOUNT.

$$








U.S. Dept. of Commerce
NOAA National Weather Service
1325 East West Highway
Silver Spring, MD 20910
E-mail: w-nws.webmaster@noaa.gov
Page last modified: May 16, 2007
NATIONAL WEATHER SERVICE: for Safety, for Work, for Fun - FOR LIFE