582
CXUS53 KGRR 020253
CLSBIV

WRKCLMBIV 000
TTAA00 KGRR 020246


CLIMATE REPORT
NATIONAL WEATHER SERVICE GRAND RAPIDS, MI
933 PM EST SAT MAR 1 2014

...................................

...THE HOLLAND/TULIP CITY MI CLIMATE SUMMARY FOR THE SEASON, FROM
12/1/2013 TO 2/28/2014...

CLIMATE NORMAL PERIOD 1981 TO 2010
CLIMATE RECORD PERIOD 9999 TO 9999

WEATHER         OBSERVED          NORMAL  DEPART  LAST YEAR`S
                 VALUE   DATE(S)  VALUE   FROM    VALUE  DATE(S)
                                          NORMAL
................................................................
TEMPERATURE (F)
RECORD
 HIGH              MM   MM
 LOW              -11   02/12/2014
HIGHEST            58   12/04        MM      MM       67  12/03
LOWEST            -11R  02/12        MM      MM       -6  02/17
AVG. MAXIMUM     27.9              34.5    -6.6     38.0
AVG. MINIMUM     14.2              22.7    -8.5     24.2
MEAN             21.0              28.6    -7.6     31.1
DAYS MAX >= 90      0               0.0     0.0        0
DAYS MAX <= 32     63              35.9    27.1       24
DAYS MIN <= 32     88              74.4    13.6       70
DAYS MIN <= 0      12               1.4    10.6        1

PRECIPITATION (INCHES)
RECORD
 MAXIMUM           MM   MM
 MINIMUM           MM   MM
TOTALS           5.59              6.19   -0.60     8.30
DAILY AVG.       0.06              0.07   -0.01     0.09
DAYS >= .01        50                MM      MM       49
DAYS >= .10        20                MM      MM       25
DAYS >= .50         2                MM      MM        5
DAYS >= 1.00        0                MM      MM        1
GREATEST
 24 HR. TOTAL    0.93   02/28 TO 02/28

DEGREE_DAYS
HEATING TOTAL    3922              3277     645     3011
 SINCE 7/1       5158              4500     658     4252
COOLING TOTAL       0                 0       0        0
 SINCE 1/1          0                 0       0        0

.........................................................

WIND (MPH)
AVERAGE WIND SPEED              10.9
RESULTANT WIND SPEED/DIRECTION   5/240
HIGHEST WIND SPEED/DIRECTION    46/230    DATE  02/21
HIGHEST GUST SPEED/DIRECTION    56/240    DATE  02/21

SKY COVER
POSSIBLE SUNSHINE (PERCENT)   MM

AVERAGE RH (PERCENT)     76

WEATHER CONDITIONS. NUMBER OF DAYS WITH
THUNDERSTORM              0     MIXED PRECIP               0
HEAVY RAIN                0     RAIN                       3
LIGHT RAIN                7     FREEZING RAIN              1
LT FREEZING RAIN          3     HAIL                       0
HEAVY SNOW               10     SNOW                      30
LIGHT SNOW               69     SLEET                      0
FOG                      74     FOG W/VIS <= 1/4 MILE     17
HAZE                     47

-  INDICATES NEGATIVE NUMBERS.
R  INDICATES RECORD WAS SET OR TIED.
MM INDICATES DATA IS MISSING.
T  INDICATES TRACE AMOUNT.

$$

EBW










U.S. Dept. of Commerce
NOAA National Weather Service
1325 East West Highway
Silver Spring, MD 20910
E-mail: w-nws.webmaster@noaa.gov
Page last modified: May 16, 2007
NATIONAL WEATHER SERVICE: for Safety, for Work, for Fun - FOR LIFE