740
CXUS53 KGRR 020235
CLSBIV

WRKCLMBIV 000
TTAA00 KGRR 020119


CLIMATE REPORT
NATIONAL WEATHER SERVICE GRAND RAPIDS, MI
935 PM EST MON DEC 1 2014

...................................

...THE HOLLAND/TULIP CITY MI CLIMATE SUMMARY FOR THE SEASON, FROM
9/1/2014 TO 11/30/2014...

CLIMATE NORMAL PERIOD 1981 TO 2010
CLIMATE RECORD PERIOD 1996 TO 2014

WEATHER         OBSERVED          NORMAL  DEPART  LAST YEAR`S
                 VALUE   DATE(S)  VALUE   FROM    VALUE  DATE(S)
                                          NORMAL
................................................................
TEMPERATURE (F)
RECORD
 HIGH              MM   MM
 LOW               MM   MM
HIGHEST            84   09/04        MM      MM       93  09/10
LOWEST             18   11/21        MM      MM       17  11/24
                        11/18
                        11/19
AVG. MAXIMUM     58.7              61.3    -2.6     60.9
AVG. MINIMUM     42.0              43.8    -1.8     44.2
MEAN             50.4              52.5    -2.1     52.5
DAYS MAX >= 90      0               0.3    -0.3        1
DAYS MAX <= 32     10               1.1     8.9        3
DAYS MIN <= 32     22              13.0     9.0       13
DAYS MIN <= 0       0               0.0     0.0        0

PRECIPITATION (INCHES)
RECORD
 MAXIMUM           MM   MM
 MINIMUM           MM   MM
TOTALS          11.14             10.95    0.19    10.50
DAILY AVG.       0.12              0.12    0.00     0.12
DAYS >= .01        44                MM      MM       38
DAYS >= .10        25                MM      MM       23
DAYS >= .50         9                MM      MM        6
DAYS >= 1.00        0                MM      MM        3
GREATEST
 24 HR. TOTAL    1.76   11/23 TO 11/24              1.54  MM

DEGREE_DAYS
HEATING TOTAL    1355              1207     148     1217
 SINCE 7/1       1391              1223     168     1236
COOLING TOTAL      53                74     -21      106
 SINCE 1/1        570               693    -123      813
.................................................

WIND (MPH)
AVERAGE WIND SPEED              8.5
RESULTANT WIND SPEED/DIRECTION   4/231
HIGHEST WIND SPEED/DIRECTION    38/230    DATE  11/24
HIGHEST GUST SPEED/DIRECTION    51/230    DATE  11/24

SKY COVER
POSSIBLE SUNSHINE (PERCENT)   MM

AVERAGE RH (PERCENT)     72

WEATHER CONDITIONS. NUMBER OF DAYS WITH
THUNDERSTORM              7     MIXED PRECIP               0
HEAVY RAIN               10     RAIN                      19
LIGHT RAIN               41     FREEZING RAIN              0
LT FREEZING RAIN          0     HAIL                       0
HEAVY SNOW                4     SNOW                       8
LIGHT SNOW               16     SLEET                      0
FOG                      56     FOG W/VIS <= 1/4 MILE      9
HAZE                     16


-  INDICATES NEGATIVE NUMBERS.
R  INDICATES RECORD WAS SET OR TIED.
MM INDICATES DATA IS MISSING.
T  INDICATES TRACE AMOUNT.

$$

CAS







U.S. Dept. of Commerce
NOAA National Weather Service
1325 East West Highway
Silver Spring, MD 20910
E-mail: w-nws.webmaster@noaa.gov
Page last modified: May 16, 2007
NATIONAL WEATHER SERVICE: for Safety, for Work, for Fun - FOR LIFE