127
CXUS53 KBIS 011332
CLSBIS

CLIMATE REPORT
NATIONAL WEATHER SERVICE BISMARCK ND
826 AM CDT SUN JUN 1 2014

...................................

...THE BISMARCK ND CLIMATE SUMMARY FOR THE SEASON, FROM
3/1/2014 TO 5/31/2014...

CLIMATE NORMAL PERIOD 1981 TO 2010
CLIMATE RECORD PERIOD 1875 TO 2014

WEATHER         OBSERVED          NORMAL  DEPART  LAST YEAR`S
                 VALUE   DATE(S)  VALUE   FROM    VALUE  DATE(S)
                                          NORMAL
................................................................
TEMPERATURE (F)
RECORD
 HIGH             102   05/30/1934
                        05/28/1934
 LOW              -36   03/15/1897
HIGHEST            92   05/29        MM      MM       91  05/13
LOWEST            -14   03/01        MM      MM       -2  03/20
AVG. MAXIMUM     53.6              55.3    -1.7     48.7
AVG. MINIMUM     29.2              30.9    -1.7     26.0
MEAN             41.4              43.1    -1.7     37.3
DAYS MAX >= 90      1               0.5     0.5        1
DAYS MAX <= 32     13               9.0     4.0       20
DAYS MIN <= 32     57              49.4     7.6       69
DAYS MIN <= 0       2               2.4    -0.4        1

PRECIPITATION (INCHES)
RECORD
 MAXIMUM           MM   MM
 MINIMUM           MM   MM
TOTALS           3.62              4.53   -0.91    10.01
DAILY AVG.       0.04              0.05   -0.01     0.11
DAYS >= .01        22              25.4    -3.4       29
DAYS >= .10         8              11.3    -3.3       15
DAYS >= .50         3               2.2     0.8        7
DAYS >= 1.00        0               0.5    -0.5        4
GREATEST
 24 HR. TOTAL    1.05   MM                       05/18 TO 05/19
                                                          04/14 TO 04/14
                                                          04/14 TO 04/14
 STORM TOTAL       MM                                 MM
 (MM/DD(HH))            MM                    05/19(00) TO 05/19(00)
                                                 04/14(00) TO 04/14(00)4
                                                 04/14(00) TO 04/14(00)4

SNOWFALL (INCHES)
RECORDS
 TOTAL             MM   MM
TOTALS           15.3              13.7

DEGREE_DAYS
HEATING TOTAL    2204
COOLING TOTAL      51
.....................................................

WIND (MPH)
HIGHEST WIND SPEED/DIRECTION    39/150    DATE  04/23
HIGHEST GUST SPEED/DIRECTION    48/330    DATE  04/07

SKY COVER
POSSIBLE SUNSHINE (PERCENT)   MM
NUMBER OF DAYS FAIR           38
NUMBER OF DAYS PC             37
NUMBER OF DAYS CLOUDY         16

AVERAGE RH (PERCENT)     62

WEATHER CONDITIONS. NUMBER OF DAYS WITH
THUNDERSTORM              0     MIXED PRECIP               0
HEAVY RAIN                2     RAIN                       6
LIGHT RAIN               20     FREEZING RAIN              0
LT FREEZING RAIN          2     HAIL                       0
HEAVY SNOW                1     SNOW                       3
LIGHT SNOW               20     SLEET                      0
FOG                      30     FOG W/VIS <= 1/4 MILE      1
HAZE                     14

-  INDICATES NEGATIVE NUMBERS.
R  INDICATES RECORD WAS SET OR TIED.
MM INDICATES DATA IS MISSING.
T  INDICATES TRACE AMOUNT.
...................................

$$








U.S. Dept. of Commerce
NOAA National Weather Service
1325 East West Highway
Silver Spring, MD 20910
E-mail: w-nws.webmaster@noaa.gov
Page last modified: May 16, 2007
NATIONAL WEATHER SERVICE: for Safety, for Work, for Fun - FOR LIFE