973
CXUS51 KBGM 100127 CCA
CLSBGM

CLIMATE REPORT...CORRECTED
NATIONAL WEATHER SERVICE BINGHAMTON NY
827 PM EST TUE DEC 9 2014

...................................

...THE BINGHAMTON NY CLIMATE SUMMARY FOR THE SEASON, FROM
9/1/2014 TO 11/30/2014...

CLIMATE NORMAL PERIOD 1981 TO 2010
CLIMATE RECORD PERIOD 1951 TO 2014

WEATHER         OBSERVED          NORMAL  DEPART  LAST YEAR`S
                 VALUE   DATE(S)  VALUE   FROM    VALUE  DATE(S)
                                          NORMAL
................................................................
TEMPERATURE (F)
RECORD
 HIGH              96   09/03/1953
                        09/02/1953
 LOW                3   11/30/1976
HIGHEST            83   09/05        56      27       88  09/11
                        09/02
LOWEST             10   11/19        40     -30        9  11/30
AVG. MAXIMUM     57.1              56.8     0.3     56.8
AVG. MINIMUM     40.9              40.7     0.2     39.8
MEAN             49.0              48.8     0.2     48.3
DAYS MAX >= 90      0               0.0     0.0        0
DAYS MAX <= 32      7               3.2     3.8        6
DAYS MIN <= 32     23              21.9     1.1       22
DAYS MIN <= 0       0               0.0     0.0        0

PRECIPITATION (INCHES)
RECORD
 MAXIMUM        23.75   2011
 MINIMUM         3.62   1964
TOTALS           7.30             10.26   -2.96     9.22
DAILY AVG.       0.08              0.11   -0.03     0.10
DAYS >= .01        34              38.2    -4.2       39
DAYS >= .10        17              20.0    -3.0       19
DAYS >= .50         5               6.4    -1.4        8
DAYS >= 1.00        1               2.1    -1.1        1
GREATEST
 24 HR. TOTAL    2.47   10/15 TO 10/16

SNOWFALL (INCHES)
RECORDS
 TOTAL           33.9   1995
 24 HR TOTAL     10.8   11/14/1995 TO 11/14/1995
 SNOW DEPTH        13   11/15/1995
                        11/01/1993
TOTALS           13.7               6.8     6.9      8.2
SINCE 7/1        13.7               6.8     6.9      8.2
SNOWDEPTH AVG.      0                MM      MM        0
DAYS >= TRACE      15               6.9     8.1       18
DAYS >= 1.0         4               2.4     1.6        3
GREATEST
 SNOW DEPTH         8   11/27                          3  11/26
 24 HR TOTAL      9.4   11/26 TO 11/27

DEGREE_DAYS
HEATING TOTAL    1469              1512     -43     1540
 SINCE 7/1       1535              1575     -40     1591
COOLING TOTAL      39                33       6       53
 SINCE 1/1        341               381     -40      480

FREEZE DATES
RECORD
 EARLIEST     09/20/1993
 LATEST       05/25/1956
EARLIEST                        10/08
LATEST                          05/02
.......................................................

WIND (MPH)
AVERAGE WIND SPEED              8.5
RESULTANT WIND SPEED/DIRECTION   3/235
HIGHEST WIND SPEED/DIRECTION    32/350    DATE  11/02
HIGHEST GUST SPEED/DIRECTION    45/290    DATE  09/02

SKY COVER
POSSIBLE SUNSHINE (PERCENT)   MM
AVERAGE SKY COVER           0.50
NUMBER OF DAYS FAIR           26
NUMBER OF DAYS PC             39
NUMBER OF DAYS CLOUDY         26

AVERAGE RH (PERCENT)     72

WEATHER CONDITIONS. NUMBER OF DAYS WITH
THUNDERSTORM              0     MIXED PRECIP               0
HEAVY RAIN                6     RAIN                      10
LIGHT RAIN               39     FREEZING RAIN              0
LT FREEZING RAIN          1     HAIL                       0
HEAVY SNOW                1     SNOW                       3
LIGHT SNOW               14     SLEET                      0
FOG                      47     FOG W/VIS <= 1/4 MILE     10
HAZE                      7

-  INDICATES NEGATIVE NUMBERS.
R  INDICATES RECORD WAS SET OR TIED.
MM INDICATES DATA IS MISSING.
T  INDICATES TRACE AMOUNT.

&&
TEMPERATURE RECORDS WERE ADJUSTED USING DAVIS WEATHER EQUIPMENT 11/25
THROUGH 11/30

CORRECTED GREATEST SNOW DEPTH AND 24 HOUR TOTAL
ADDED HEATING DEGREE DAYS SINCE 7/1
$$











U.S. Dept. of Commerce
NOAA National Weather Service
1325 East West Highway
Silver Spring, MD 20910
E-mail: w-nws.webmaster@noaa.gov
Page last modified: May 16, 2007
NATIONAL WEATHER SERVICE: for Safety, for Work, for Fun - FOR LIFE