378
CXUS51 KCTP 020518
CLSBFD

CLIMATE REPORT
NATIONAL WEATHER SERVICE STATE COLLEGE PA
1138 PM EDT SUN JUN 1 2014

...................................

...THE BRADFORD CLIMATE SUMMARY FOR THE SEASON, FROM
3/1/2014 TO 5/31/2014...

CLIMATE NORMAL PERIOD 1981 TO 2010
CLIMATE RECORD PERIOD 1957 TO 2014

WEATHER         OBSERVED          NORMAL  DEPART  LAST YEAR`S
                 VALUE   DATE(S)  VALUE   FROM    VALUE  DATE(S)
                                          NORMAL
................................................................
TEMPERATURE (F)
RECORD
 HIGH              88   05/30/2006
 LOW              -21   03/02/1980
HIGHEST            84   05/13        MM      MM       85  05/31
                                                          05/21
LOWEST            -13   03/04        MM      MM       24  05/14
AVG. MAXIMUM     53.2              54.0    -0.8     69.4
AVG. MINIMUM     30.5              31.5    -1.0     45.6
MEAN             41.8              42.7    -0.9     57.5
DAYS MAX >= 90      0                MM      MM        0
DAYS MAX <= 32     11                MM      MM        0
DAYS MIN <= 32     46                MM      MM        3
DAYS MIN <= 0       4                MM      MM        0

PRECIPITATION (INCHES)
RECORD
 MAXIMUM        20.43   2011
 MINIMUM         5.47   1999
TOTALS          12.42             11.10    1.32     3.79
DAILY AVG.       0.13              0.12    0.01     0.16
DAYS >= .01        40                MM      MM       11
DAYS >= .10        28                MM      MM        8
DAYS >= .50         9                MM      MM        2
DAYS >= 1.00        2                MM      MM        1
GREATEST
 24 HR. TOTAL    1.81   MM                       05/31 TO 05/31
                                                          05/31 TO 05/31
                                                          05/31 TO 05/31
 STORM TOTAL       MM                                 MM
 (MM/DD(HH))            MM                    05/31(00) TO 05/31(00)
                                                 05/31(00) TO 05/31(00)1
                                                 05/31(00) TO 05/31(00)1

DEGREE_DAYS
HEATING TOTAL    2092              2058      34      212
 SINCE 7/1       7758              7628     130      212
COOLING TOTAL      18                10       8       43
 SINCE 1/1         18                10       8       43

FREEZE DATES
RECORD
 EARLIEST     08/05/1972
 LATEST       06/30/1961
EARLIEST                        MM
LATEST                          MM
..................................................

WIND (MPH)
AVERAGE WIND SPEED              8.3
RESULTANT WIND SPEED/DIRECTION   2/266
HIGHEST WIND SPEED/DIRECTION    30/280    DATE  04/26
HIGHEST GUST SPEED/DIRECTION    46/240    DATE  04/14

SKY COVER
POSSIBLE SUNSHINE (PERCENT)   MM
AVERAGE SKY COVER           0.50
NUMBER OF DAYS FAIR           28
NUMBER OF DAYS PC             34
NUMBER OF DAYS CLOUDY         30

AVERAGE RH (PERCENT)     62

WEATHER CONDITIONS. NUMBER OF DAYS WITH
THUNDERSTORM              0     MIXED PRECIP               0
HEAVY RAIN               14     RAIN                      27
LIGHT RAIN               41     FREEZING RAIN              2
LT FREEZING RAIN          2     HAIL                       0
HEAVY SNOW                2     SNOW                       4
LIGHT SNOW               22     SLEET                      0
FOG                      48     FOG W/VIS <= 1/4 MILE      9
HAZE                     20

-  INDICATES NEGATIVE NUMBERS.
R  INDICATES RECORD WAS SET OR TIED.
MM INDICATES DATA IS MISSING.
T  INDICATES TRACE AMOUNT.

$$




U.S. Dept. of Commerce
NOAA National Weather Service
1325 East West Highway
Silver Spring, MD 20910
E-mail: w-nws.webmaster@noaa.gov
Page last modified: May 16, 2007
NATIONAL WEATHER SERVICE: for Safety, for Work, for Fun - FOR LIFE