236
CXUS51 KOKX 011842
CLSBDR

NYCCLMBDR 000
CLIMATE REPORT
NATIONAL WEATHER SERVICE NEW YORK NY
139 PM EST MON DEC 1 2014


...THE BRIDGEPORT CT CLIMATE SUMMARY FOR THE SEASON, FROM
9/1/2014 TO 11/30/2014...

CLIMATE NORMAL PERIOD 1981 TO 2010
CLIMATE RECORD PERIOD 1948 TO 2014

WEATHER         OBSERVED          NORMAL  DEPART  LAST YEAR`S
                 VALUE   DATE(S)  VALUE   FROM    VALUE
                                          NORMAL
.............................................................
TEMPERATURE (F)
RECORD
 HIGH              99   09/02/1953
 LOW               16   11/23/1972
                        11/28/1951
HIGHEST            91   09/02        MM      MM
LOWEST             21   11/29        MM      MM
AVG. MAXIMUM     64.1              63.5     0.6
AVG. MINIMUM     48.6              47.6     1.0
MEAN             56.4              55.5     0.9
DAYS MAX >= 90      1               0.3     0.7
DAYS MAX <= 32      0               0.1    -0.1
DAYS MIN <= 32     11               7.2     3.8
DAYS MIN <= 0       0               0.0     0.0

PRECIPITATION (INCHES)
RECORD
 MAXIMUM        18.60   1972
 MINIMUM         3.68   1964
TOTALS           9.32             10.51   -1.19     5.55
DAILY AVG.       0.10              0.12   -0.02
DAYS >= .01        28              27.0     1.0
DAYS >= .10        17              17.2    -0.2
DAYS >= .50         9               7.7     1.3
DAYS >= 1.00        2               2.4    -0.4
GREATEST
 24 HR. TOTAL    1.47   MM
 STORM TOTAL       MM
 (MM/DD(HH))            MM

SNOWFALL (INCHES)
RECORDS
 TOTAL            8.4   2012
 24 HR TOTAL      6.0   MM
TOTALS            0.2               0.7    -0.5
 LIQUID EQUIV    0.02              0.10   -0.08
SINCE 7/1         0.2               0.7    -0.5
 LIQUID 7/1      0.02
DAYS >= TRACE       3               0.5     2.5
DAYS >= 1.0         0               0.2    -0.2
GREATEST
 SNOW DEPTH         0   MM
 24 HR TOTAL      0.2   MM
 STORM TOTAL       MM
 (MM/DD(HH))            MM

DEGREE_DAYS
HEATING TOTAL     906               970     -64
 SINCE 7/1        906               974     -68
COOLING TOTAL     150               108      42
 SINCE 1/1        884               825      59
..............................................................

WIND (MPH)
AVERAGE WIND SPEED              8.9
HIGHEST WIND SPEED/DIRECTION    35/330    DATE  11/02
HIGHEST GUST SPEED/DIRECTION    48/340    DATE  11/02

SKY COVER
POSSIBLE SUNSHINE (PERCENT)   MM
AVERAGE SKY COVER           0.40
NUMBER OF DAYS FAIR           51
NUMBER OF DAYS PC             24
NUMBER OF DAYS CLOUDY         16

AVERAGE RH (PERCENT)     68

WEATHER CONDITIONS. NUMBER OF DAYS WITH
THUNDERSTORM              0     MIXED PRECIP               0
HEAVY RAIN                7     RAIN                      17
LIGHT RAIN               40     FREEZING RAIN              0
LT FREEZING RAIN          0     HAIL                       0
HEAVY SNOW                0     SNOW                       0
LIGHT SNOW                2     SLEET                      0
FOG                      29     FOG W/VIS <= 1/4 MILE      2
HAZE                      2

-  INDICATES NEGATIVE NUMBERS.
R  INDICATES RECORD WAS SET OR TIED.
MM INDICATES DATA IS MISSING.
T  INDICATES TRACE AMOUNT.

$$







U.S. Dept. of Commerce
NOAA National Weather Service
1325 East West Highway
Silver Spring, MD 20910
E-mail: w-nws.webmaster@noaa.gov
Page last modified: May 16, 2007
NATIONAL WEATHER SERVICE: for Safety, for Work, for Fun - FOR LIFE