985
CXUS53 KGRR 020251
CLSAZO

WRKCLMAZO 000
TTAA00 KGRR 020246


CLIMATE REPORT
NATIONAL WEATHER SERVICE GRAND RAPIDS, MI
933 PM EST SAT MAR 1 2014

...................................

...THE KALAMAZOO MI CLIMATE SUMMARY FOR THE SEASON, FROM
12/1/2013 TO 2/28/2014...

CLIMATE NORMAL PERIOD 1981 TO 2010
CLIMATE RECORD PERIOD 9999 TO 9999

WEATHER         OBSERVED          NORMAL  DEPART  LAST YEAR`S
                 VALUE   DATE(S)  VALUE   FROM    VALUE  DATE(S)
                                          NORMAL
................................................................
TEMPERATURE (F)
RECORD
 HIGH              MM   MM
 LOW              -13   02/28/2014
                        01/28/2014
                        01/08/2014
HIGHEST            58   12/05        MM      MM       64  12/04
                        12/04                             12/03
LOWEST            -13R  02/28        MM      MM       -1  01/22
                        01/28
                        01/08
AVG. MAXIMUM     27.8              33.3    -5.5     36.5
AVG. MINIMUM     12.8              20.2    -7.4     22.3
MEAN             20.3              26.7    -6.4     29.4
DAYS MAX >= 90      0               0.0     0.0        0
DAYS MAX <= 32     62              43.1    18.9       33
DAYS MIN <= 32     82              77.5     4.5       76
DAYS MIN <= 0      14               3.6    10.4        1

PRECIPITATION (INCHES)
RECORD
 MAXIMUM           MM   MM
 MINIMUM           MM   MM
TOTALS           3.99              5.22   -1.23     6.25
DAILY AVG.       0.05              0.06   -0.01     0.07
DAYS >= .01        31                MM      MM       38
DAYS >= .10        12                MM      MM       17
DAYS >= .50         1                MM      MM        4
DAYS >= 1.00        0                MM      MM        0
GREATEST
 24 HR. TOTAL    0.76   MM                       02/28 TO 02/28

DEGREE_DAYS
HEATING TOTAL    3811              3446     365     3169
 SINCE 7/1       5168              4773     395     4550
COOLING TOTAL       0                 0       0        0
 SINCE 1/1          0                 0       0        0
.........................................................

WIND (MPH)
AVERAGE WIND SPEED              9.5
RESULTANT WIND SPEED/DIRECTION   5/235
HIGHEST WIND SPEED/DIRECTION    35/250    DATE  02/21
HIGHEST GUST SPEED/DIRECTION    45/260    DATE  02/21

AVERAGE RH (PERCENT)     74

WEATHER CONDITIONS. NUMBER OF DAYS WITH
THUNDERSTORM              1     MIXED PRECIP               0
HEAVY RAIN                1     RAIN                       4
LIGHT RAIN               10     FREEZING RAIN              0
LT FREEZING RAIN          7     HAIL                       0
HEAVY SNOW                4     SNOW                      14
LIGHT SNOW               70     SLEET                      0
FOG                      67     FOG W/VIS <= 1/4 MILE     12
HAZE                     51

-  INDICATES NEGATIVE NUMBERS.
R  INDICATES RECORD WAS SET OR TIED.
MM INDICATES DATA IS MISSING.
T  INDICATES TRACE AMOUNT.

$$

EBW











U.S. Dept. of Commerce
NOAA National Weather Service
1325 East West Highway
Silver Spring, MD 20910
E-mail: w-nws.webmaster@noaa.gov
Page last modified: May 16, 2007
NATIONAL WEATHER SERVICE: for Safety, for Work, for Fun - FOR LIFE