033
CXUS53 KGRR 020213
CLSAZO

WRKCLMAZO 000
TTAA00 KGRR 020119


CLIMATE REPORT
NATIONAL WEATHER SERVICE GRAND RAPIDS, MI
913 PM EST MON DEC 1 2014

...................................

...THE KALAMAZOO MI CLIMATE SUMMARY FOR THE SEASON, FROM
9/1/2014 TO 11/30/2014...

CLIMATE NORMAL PERIOD 1981 TO 2010
CLIMATE RECORD PERIOD 1998 TO 2014

WEATHER         OBSERVED          NORMAL  DEPART  LAST YEAR`S
                 VALUE   DATE(S)  VALUE   FROM    VALUE  DATE(S)
                                          NORMAL
................................................................
TEMPERATURE (F)
RECORD
 HIGH              MM   MM
 LOW               MM   MM
HIGHEST            90   09/05        MM      MM       94  09/10
LOWEST             13   11/21        MM      MM       14  11/24
                        11/15
                        11/18
AVG. MAXIMUM     58.2              60.3    -2.1     60.6
AVG. MINIMUM     39.7              42.3    -2.6     41.9
MEAN             48.9              51.3    -2.4     51.3
DAYS MAX >= 90      1               0.2     0.8        2
DAYS MAX <= 32     12               1.7    10.3        5
DAYS MIN <= 32     25              18.3     6.7       18
DAYS MIN <= 0       0               0.0     0.0        0

PRECIPITATION (INCHES)
RECORD
 MAXIMUM           MM   MM
 MINIMUM           MM   MM
TOTALS          10.28             10.17    0.11     8.88
DAILY AVG.       0.11              0.11    0.00     0.10
DAYS >= .01        34                MM      MM       35
DAYS >= .10        21                MM      MM       23
DAYS >= .50         8                MM      MM        6
DAYS >= 1.00        3                MM      MM        3
GREATEST
 24 HR. TOTAL    1.94   11/23 TO 11/24              2.32  MM

DEGREE_DAYS
HEATING TOTAL    1498              1311     187     1320
 SINCE 7/1       1530              1327     203     1357
COOLING TOTAL      58                64      -6       97
 SINCE 1/1        609               675     -66      725
.................................................

WIND (MPH)
AVERAGE WIND SPEED              7.8
RESULTANT WIND SPEED/DIRECTION   4/237
HIGHEST WIND SPEED/DIRECTION    37/270    DATE  09/05
HIGHEST GUST SPEED/DIRECTION    56/270    DATE  09/05

AVERAGE RH (PERCENT)     72

WEATHER CONDITIONS. NUMBER OF DAYS WITH
THUNDERSTORM              6     MIXED PRECIP               0
HEAVY RAIN                5     RAIN                      12
LIGHT RAIN               35     FREEZING RAIN              0
LT FREEZING RAIN          1     HAIL                       0
HEAVY SNOW                2     SNOW                       6
LIGHT SNOW               17     SLEET                      0
FOG                      63     FOG W/VIS <= 1/4 MILE     12
HAZE                     25


-  INDICATES NEGATIVE NUMBERS.
R  INDICATES RECORD WAS SET OR TIED.
MM INDICATES DATA IS MISSING.
T  INDICATES TRACE AMOUNT.

$$

CAS






U.S. Dept. of Commerce
NOAA National Weather Service
1325 East West Highway
Silver Spring, MD 20910
E-mail: w-nws.webmaster@noaa.gov
Page last modified: May 16, 2007
NATIONAL WEATHER SERVICE: for Safety, for Work, for Fun - FOR LIFE