709
CXUS53 KGRR 012234 CCA
CLSAZO

ARBCLSAZO 000
TTAA00 KGRR 012211


CLIMATE REPORT
NATIONAL WEATHER SERVICE GRAND RAPIDS, MI
559 PM EDT SUN JUN 1 2014

...................................

...THE KALAMAZOO MI CLIMATE SUMMARY FOR THE SEASON, FROM
3/1/2014 TO 5/31/2014...

CLIMATE NORMAL PERIOD 1981 TO 2010
CLIMATE RECORD PERIOD 9999 TO 9999

WEATHER         OBSERVED          NORMAL  DEPART  LAST YEAR`S
                 VALUE   DATE(S)  VALUE   FROM    VALUE  DATE(S)
                                          NORMAL
................................................................
TEMPERATURE (F)
RECORD
 HIGH              94   05/27/2012
 LOW               -6   03/03/2014
HIGHEST            87   05/08        MM      MM       88  05/20
LOWEST             -6R  03/03        MM      MM       11  03/21
                                                          03/04
AVG. MAXIMUM     56.0              58.4    -2.4     56.7
AVG. MINIMUM     33.9              37.9    -4.0     37.1
MEAN             45.0              48.1    -3.1     46.9
DAYS MAX >= 90      0               0.4    -0.4        0
DAYS MAX <= 32     11               4.0     7.0        7
DAYS MIN <= 32     38              29.9     8.1       38
DAYS MIN <= 0       2               0.0     2.0        0

PRECIPITATION (INCHES)
RECORD
 MAXIMUM           MM   MM
 MINIMUM           MM   MM
TOTALS           5.89              9.20   -3.31    10.40
DAILY AVG.       0.06              0.10   -0.04     0.11
DAYS >= .01        36                MM      MM       36
DAYS >= .10        18                MM      MM       24
DAYS >= .50         3                MM      MM        7
DAYS >= 1.00        0                MM      MM        2
GREATEST
 24 HR. TOTAL    0.92   05/14 TO 05/15           05/31 TO 05/31
                                                          05/31 TO 05/31
                                                          05/31 TO 05/31
 STORM TOTAL       MM                                 MM
 (MM/DD(HH))            MM                    05/31(00) TO 05/31(00)
                                                 05/31(00) TO 05/31(00)1
                                                 05/31(00) TO 05/31(00)1

DEGREE_DAYS
HEATING TOTAL    1880              1594     286     1722
 SINCE 7/1       7048              6368     680     6272
COOLING TOTAL      54                42      12       80
 SINCE 1/1         54                41      13       80

FREEZE DATES
RECORD
 EARLIEST     MM
 LATEST       MM
EARLIEST                        MM
LATEST                          MM
..................................................

WIND (MPH)
AVERAGE WIND SPEED              8.9
RESULTANT WIND SPEED/DIRECTION   2/251
HIGHEST WIND SPEED/DIRECTION    33/250    DATE  05/09
HIGHEST GUST SPEED/DIRECTION    43/240    DATE  04/14

AVERAGE RH (PERCENT)     64

WEATHER CONDITIONS. NUMBER OF DAYS WITH
THUNDERSTORM             12     MIXED PRECIP               0
HEAVY RAIN                9     RAIN                      17
LIGHT RAIN               40     FREEZING RAIN              2
LT FREEZING RAIN          2     HAIL                       0
HEAVY SNOW                0     SNOW                       1
LIGHT SNOW               15     SLEET                      0
FOG                      36     FOG W/VIS <= 1/4 MILE      1
HAZE                     19

-  INDICATES NEGATIVE NUMBERS.
R  INDICATES RECORD WAS SET OR TIED.
MM INDICATES DATA IS MISSING.
T  INDICATES TRACE AMOUNT.

$$











U.S. Dept. of Commerce
NOAA National Weather Service
1325 East West Highway
Silver Spring, MD 20910
E-mail: w-nws.webmaster@noaa.gov
Page last modified: May 16, 2007
NATIONAL WEATHER SERVICE: for Safety, for Work, for Fun - FOR LIFE