514
CXUS53 KGRR 020422
CLSAZO

ARBCLSAZO 000
TTAA00 KGRR 020416


CLIMATE REPORT
NATIONAL WEATHER SERVICE GRAND RAPIDS, MI
1153 PM EDT MON SEP 1 2014

...................................

...THE KALAMAZOO MI CLIMATE SUMMARY FOR THE SEASON, FROM
6/1/2014 TO 8/31/2014...

CLIMATE NORMAL PERIOD 1981 TO 2010
CLIMATE RECORD PERIOD 1998 TO 2014

WEATHER         OBSERVED          NORMAL  DEPART  LAST YEAR`S
                 VALUE   DATE(S)  VALUE   FROM    VALUE  DATE(S)
                                          NORMAL
................................................................
TEMPERATURE (F)
RECORD
 HIGH             104   07/06/2012
 LOW               40   06/03/2013
HIGHEST            92   08/25        MM      MM       94  07/19
LOWEST             43   08/15        MM      MM       40  06/03
AVG. MAXIMUM     79.8              81.1    -1.3     80.1
AVG. MINIMUM     59.3              59.9    -0.6     59.7
MEAN             69.6              70.5    -0.9     69.9
DAYS MAX >= 90      1               6.3    -5.3        8
DAYS MAX <= 32      0               0.0     0.0        0
DAYS MIN <= 32      0               0.0     0.0        0
DAYS MIN <= 0       0               0.0     0.0        0

PRECIPITATION (INCHES)
RECORD
 MAXIMUM        14.03   2013
 MINIMUM         6.12   2012
TOTALS           8.37             11.15   -2.78    14.03
DAILY AVG.       0.09              0.12   -0.03     0.15
DAYS >= .01        35                MM      MM       28
DAYS >= .10        20                MM      MM       18
DAYS >= .50         5                MM      MM       10
DAYS >= 1.00        2                MM      MM        3
GREATEST
 24 HR. TOTAL    1.47   06/23 TO 06/24

DEGREE_DAYS
HEATING TOTAL      51                64     -13       76
 SINCE 7/1         32                16      16       37
COOLING TOTAL     497               570     -73      548
 SINCE 1/1        551               611     -60      628

FREEZE DATES
RECORD
 EARLIEST     MM
 LATEST       MM
EARLIEST                        MM
LATEST                          MM
.......................................................

WIND (MPH)
AVERAGE WIND SPEED              5.9
RESULTANT WIND SPEED/DIRECTION   2/247
HIGHEST WIND SPEED/DIRECTION    46/280    DATE  07/01
HIGHEST GUST SPEED/DIRECTION    66/270    DATE  07/01

AVERAGE RH (PERCENT)     69

WEATHER CONDITIONS. NUMBER OF DAYS WITH
THUNDERSTORM             22     MIXED PRECIP               0
HEAVY RAIN               12     RAIN                      17
LIGHT RAIN               37     FREEZING RAIN              0
LT FREEZING RAIN          0     HAIL                       0
HEAVY SNOW                0     SNOW                       0
LIGHT SNOW                0     SLEET                      0
FOG                      61     FOG W/VIS <= 1/4 MILE      8
HAZE                     26

-  INDICATES NEGATIVE NUMBERS.
R  INDICATES RECORD WAS SET OR TIED.
MM INDICATES DATA IS MISSING.
T  INDICATES TRACE AMOUNT.

$$

EBW











U.S. Dept. of Commerce
NOAA National Weather Service
1325 East West Highway
Silver Spring, MD 20910
E-mail: w-nws.webmaster@noaa.gov
Page last modified: May 16, 2007
NATIONAL WEATHER SERVICE: for Safety, for Work, for Fun - FOR LIFE