817
CXUS53 KGRB 031738
CLSAUW

SEASONAL CLIMATE REPORT
NATIONAL WEATHER SERVICE GREEN BAY
1238 PM CST TUE JUN 3 2014

...THE WAUSAU WI SPRING CLIMATE SUMMARY FROM 3/1/2014 TO
5/31/2014...

CLIMATE NORMAL PERIOD 1981 TO 2010
CLIMATE RECORD PERIOD 1896 TO 2014

WEATHER         OBSERVED          NORMAL  DEPART  LAST YEAR`S
                 VALUE   DATE(S)  VALUE   FROM    VALUE  DATE(S)
                                          NORMAL
................................................................
TEMPERATURE (F)
RECORD
 HIGH             104   05/31/1934
 LOW              -33   03/01/1962
HIGHEST            86   05/31        84       2       83  05/30
                                                          05/29
LOWEST            -18   03/03        -2     -16        0  03/03
AVG. MAXIMUM     48.9              53.8    -4.9     48.9
AVG. MINIMUM     29.5              32.7    -3.2     30.5
MEAN             39.2              43.2    -4.0     39.7
DAYS MAX >= 90      0               0.1    -0.1        0
DAYS MAX <= 32     17               7.6     9.4       14
DAYS MIN <= 32     51              42.1     8.9       55
DAYS MIN <= 0       5               1.9     3.1        1

PRECIPITATION (INCHES)
RECORD
 MAXIMUM        17.21   1942
 MINIMUM         2.60   1931
TOTALS           8.50              7.97    0.53    11.32
DAILY AVG.       0.09              0.09    0.00     0.12
DAYS >= .01        37              33.4     3.6       44
DAYS >= .10        18              18.8    -0.8       26
DAYS >= .50         6               4.8     1.2        8
DAYS >= 1.00        1               1.2    -0.2        0

SNOWFALL (INCHES)
RECORDS
 TOTAL           46.7   1956
 24 HR TOTAL       MM
TOTALS           14.7              14.3     0.4     22.8
SINCE 7/1        84.3              59.6    24.7     78.8
DAYS >= TRACE      26               9.2    16.8       32
DAYS >= 1.0         5               4.3     0.7       10
GREATEST
 SNOW DEPTH        26   03/04                         15  03/18
 24 HR TOTAL      3.0   MM

DEGREE_DAYS
HEATING TOTAL    2371              2024     347     2342
 SINCE 7/1       9378              8160    1158     8166
COOLING TOTAL      25                20       5       37
 SINCE 1/1         25                19       6       37

FREEZE DATES
RECORD
 EARLIEST     08/30/1915
 LATEST       06/12/1903
EARLIEST                        10/02
LATEST                          05/05
.................................................................

WIND (MPH)
AVERAGE WIND SPEED              8.6
HIGHEST WIND SPEED/DIRECTION    33/100    DATE  04/28
HIGHEST GUST SPEED/DIRECTION    42/100    DATE  04/28

SKY COVER
POSSIBLE SUNSHINE (PERCENT)   MM
AVERAGE SKY COVER           0.50
NUMBER OF DAYS FAIR           39
NUMBER OF DAYS PC             31
NUMBER OF DAYS CLOUDY         22

AVERAGE RH (PERCENT)     68

WEATHER CONDITIONS. NUMBER OF DAYS WITH
THUNDERSTORM              0     MIXED PRECIP               0
HEAVY RAIN                5     RAIN                       4
LIGHT RAIN               33     FREEZING RAIN              2
LT FREEZING RAIN          3     HAIL                       0
HEAVY SNOW                1     SNOW                       7
LIGHT SNOW               22     SLEET                      0
FOG                      45     FOG W/VIS <= 1/4 MILE      3
HAZE                     14

-  INDICATES NEGATIVE NUMBERS.
R  INDICATES RECORD WAS SET OR TIED.
MM INDICATES DATA IS MISSING.
T  INDICATES TRACE AMOUNT.

$$
ECKBERG


















U.S. Dept. of Commerce
NOAA National Weather Service
1325 East West Highway
Silver Spring, MD 20910
E-mail: w-nws.webmaster@noaa.gov
Page last modified: May 16, 2007
NATIONAL WEATHER SERVICE: for Safety, for Work, for Fun - FOR LIFE