146
CXUS53 KGRB 012124
CLSAUW

SEASONAL CLIMATE REPORT
NATIONAL WEATHER SERVICE GREEN BAY
325 PM CST SAT MAR 1 2014

...THE WAUSAU WI WINTER CLIMATE SUMMARY FROM 12/1/2013 TO
2/28/2014...

...2ND COLDEST WINTER ON RECORD AT WAUSAU SINCE RECORDS BEGAN
IN 1895...

THE WINTER OF 2013-14 WILL GO DOWN IN THE RECORD BOOKS AS THE
2ND COLDEST WINTER ON RECORD WITH AN AVERAGE TEMPERATURE OF 7.7
DEGREES. ONLY THE WINTER OF 1903-04 WAS COLDER WITH AN AVERAGE
TEMPERATURE OF 7.3 DEGREES.

................................................................
CLIMATE NORMAL PERIOD 1981 TO 2010
CLIMATE RECORD PERIOD 1896 TO 2014

WEATHER         OBSERVED          NORMAL  DEPART  LAST YEAR`S
                 VALUE   DATE(S)  VALUE   FROM    VALUE  DATE(S)
                                          NORMAL
................................................................
TEMPERATURE (F)
RECORD
 HIGH              61   12/05/2001
                        12/02/1982
 LOW              -40   01/30/1951
                        01/18/1948
                        02/10/1899
HIGHEST            41   12/28        49      -8       58  12/03
LOWEST            -26   01/06       -22      -4      -16  02/17
AVG. MAXIMUM     16.7              25.9    -9.2     27.4
AVG. MINIMUM     -1.4               9.1   -10.5     11.9
MEAN              7.7              17.5    -9.8     19.7
DAYS MAX >= 90      0               0.0     0.0        0
DAYS MAX <= 32     80              63.0    17.0       60
DAYS MIN <= 32     90              87.8     2.2       86
DAYS MIN <= 0      54              24.1    29.9       16

PRECIPITATION (INCHES)
RECORD
 MAXIMUM         6.60   1937
 MINIMUM         1.07   1963
TOTALS           4.51              3.30    1.21     4.76
DAILY AVG.       0.05              0.04    0.01     0.05
DAYS >= .01        38              27.5    10.5       33
DAYS >= .10        15               9.9     5.1       15
DAYS >= .50         1               1.0     0.0        2
DAYS >= 1.00        0               0.2    -0.2        0

SNOWFALL (INCHES)
RECORDS
 TOTAL           64.1   1962
 24 HR TOTAL       MM
TOTALS           64.5R             37.0    27.5     53.7
SINCE 7/1        69.6              45.3    24.3     56.0
DAYS >= TRACE      58              27.7    30.3       55
DAYS >= 1.0        27              12.0    15.0       12
GREATEST
 SNOW DEPTH        27   02/17                         16  02/22
 24 HR TOTAL      7.8   01/14

DEGREE_DAYS
HEATING TOTAL    5137              4278     859     4055
 SINCE 7/1       6947              6136     811     5824
COOLING TOTAL       0                 0       0        0
 SINCE 1/1          0                 0       0        0

FREEZE DATES
RECORD
 EARLIEST     08/30/1915
 LATEST       06/12/1903
EARLIEST                        10/02
LATEST                          05/05
.................................................................

WIND (MPH)
AVERAGE WIND SPEED              8.4
RESULTANT WIND SPEED/DIRECTION   4/280
HIGHEST WIND SPEED/DIRECTION    33/250    DATE  02/21
HIGHEST GUST SPEED/DIRECTION    44/270    DATE  02/21

SKY COVER
POSSIBLE SUNSHINE (PERCENT)   MM
AVERAGE SKY COVER           0.50
NUMBER OF DAYS FAIR           30
NUMBER OF DAYS PC             29
NUMBER OF DAYS CLOUDY         31

AVERAGE RH (PERCENT)     76

WEATHER CONDITIONS. NUMBER OF DAYS WITH
THUNDERSTORM              0     MIXED PRECIP               0
HEAVY RAIN                1     RAIN                       1
LIGHT RAIN                2     FREEZING RAIN              0
LT FREEZING RAIN          6     HAIL                       0
HEAVY SNOW                6     SNOW                      15
LIGHT SNOW               54     SLEET                      0
FOG                      64     FOG W/VIS <= 1/4 MILE     11
HAZE                     48

-  INDICATES NEGATIVE NUMBERS.
R  INDICATES RECORD WAS SET OR TIED.
MM INDICATES DATA IS MISSING.
T  INDICATES TRACE AMOUNT.

$$
ECKBERG















U.S. Dept. of Commerce
NOAA National Weather Service
1325 East West Highway
Silver Spring, MD 20910
E-mail: w-nws.webmaster@noaa.gov
Page last modified: May 16, 2007
NATIONAL WEATHER SERVICE: for Safety, for Work, for Fun - FOR LIFE