004
CXUS51 KCTP 010940
CLSAOO

CLIMATE REPORT
NATIONAL WEATHER SERVICE STATE COLLEGE PA
535 AM EDT MON SEP 1 2014

...................................

...THE ALTOONA CLIMATE SUMMARY FOR THE SEASON, FROM
6/1/2014 TO 8/31/2014...

CLIMATE NORMAL PERIOD 1981 TO 2010
CLIMATE RECORD PERIOD 1948 TO 2014

WEATHER         OBSERVED          NORMAL  DEPART  LAST YEAR`S
                 VALUE   DATE(S)  VALUE   FROM    VALUE  DATE(S)
                                          NORMAL
................................................................
TEMPERATURE (F)
RECORD
 HIGH             103   07/22/2011
 LOW               32   06/01/1966
HIGHEST            88   07/01        MM      MM       93  07/19
                                                          07/17
LOWEST             47   08/16        MM      MM       44  06/04
AVG. MAXIMUM     78.4              79.6    -1.2     79.8
AVG. MINIMUM     58.8              58.2     0.6     60.6
MEAN             68.6              69.0    -0.4     70.2
DAYS MAX >= 90      0                MM      MM        3
DAYS MAX <= 32      0                MM      MM        0
DAYS MIN <= 32      0                MM      MM        0
DAYS MIN <= 0       0                MM      MM        0

PRECIPITATION (INCHES)
RECORD
 MAXIMUM        17.77   1972
 MINIMUM         5.05   1966
TOTALS          15.12                MM      MM     8.17
DAILY AVG.       0.17              0.11    0.06     0.09
DAYS >= .01        34                MM      MM       45
DAYS >= .10        30                MM      MM       18
DAYS >= .50         9                MM      MM        4
DAYS >= 1.00        4                MM      MM        2
GREATEST
 24 HR. TOTAL    1.90   MM

 STORM TOTAL       MM                                 MM
 (MM/DD(HH))            MM

DEGREE_DAYS
HEATING TOTAL      49                83     -34       38
 SINCE 7/1         MM                24      MM       21
COOLING TOTAL     405               447     -42      543
 SINCE 1/1        452               473     -21      610

FREEZE DATES
RECORD
 EARLIEST     09/21/1956
 LATEST       06/01/1966
EARLIEST                        MM
LATEST                          MM
..................................................

WIND (MPH)
AVERAGE WIND SPEED              5.1
RESULTANT WIND SPEED/DIRECTION   2/224
HIGHEST WIND SPEED/DIRECTION    31/210    DATE  07/03
HIGHEST GUST SPEED/DIRECTION    45/230    DATE  07/03

SKY COVER
POSSIBLE SUNSHINE (PERCENT)   MM
AVERAGE SKY COVER           0.40
NUMBER OF DAYS FAIR           41
NUMBER OF DAYS PC             43
NUMBER OF DAYS CLOUDY          8

AVERAGE RH (PERCENT)     76

WEATHER CONDITIONS. NUMBER OF DAYS WITH
THUNDERSTORM             20     MIXED PRECIP               0
HEAVY RAIN               25     RAIN                      25
LIGHT RAIN               41     FREEZING RAIN              0
LT FREEZING RAIN          0     HAIL                       0
HEAVY SNOW                0     SNOW                       0
LIGHT SNOW                0     SLEET                      0
FOG                      74     FOG W/VIS <= 1/4 MILE     13
HAZE                     19

-  INDICATES NEGATIVE NUMBERS.
R  INDICATES RECORD WAS SET OR TIED.
MM INDICATES DATA IS MISSING.
T  INDICATES TRACE AMOUNT.

$$

LA CORTE




U.S. Dept. of Commerce
NOAA National Weather Service
1325 East West Highway
Silver Spring, MD 20910
E-mail: w-nws.webmaster@noaa.gov
Page last modified: May 16, 2007
NATIONAL WEATHER SERVICE: for Safety, for Work, for Fun - FOR LIFE