846
CXUS51 KCTP 020519
CLSAOO

CLIMATE REPORT
NATIONAL WEATHER SERVICE STATE COLLEGE PA
1138 PM EDT SUN JUN 1 2014

...................................

...THE ALTOONA CLIMATE SUMMARY FOR THE SEASON, FROM
3/1/2014 TO 5/31/2014...

CLIMATE NORMAL PERIOD 1981 TO 2010
CLIMATE RECORD PERIOD 1948 TO 2014

WEATHER         OBSERVED          NORMAL  DEPART  LAST YEAR`S
                 VALUE   DATE(S)  VALUE   FROM    VALUE  DATE(S)
                                          NORMAL
................................................................
TEMPERATURE (F)
RECORD
 HIGH              94   05/29/1969
 LOW                1   03/02/1980
                        03/09/1960
HIGHEST            87   05/13        MM      MM       89  05/31
LOWEST              6   03/04        MM      MM       30  05/14
AVG. MAXIMUM     57.8              58.3    -0.5     72.6
AVG. MINIMUM     37.4              37.8    -0.4     51.1
MEAN             47.6              48.1    -0.5     61.8
DAYS MAX >= 90      0                MM      MM        0
DAYS MAX <= 32      7                MM      MM        0
DAYS MIN <= 32     28                MM      MM        1
DAYS MIN <= 0       0                MM      MM        0

PRECIPITATION (INCHES)
RECORD
 MAXIMUM        18.15   2011
 MINIMUM         3.35   2005
TOTALS          10.14              9.97    0.17     1.42
DAILY AVG.       0.11              0.11    0.00     0.06
DAYS >= .01        34                MM      MM        9
DAYS >= .10        22                MM      MM        3
DAYS >= .50         8                MM      MM        1
DAYS >= 1.00        2                MM      MM        0
GREATEST
 24 HR. TOTAL    1.75   MM                       05/31 TO 05/31
                                                          05/31 TO 05/31
                                                          05/31 TO 05/31
 STORM TOTAL       MM                                 MM
 (MM/DD(HH))            MM                    05/31(00) TO 05/31(00)
                                                 05/31(00) TO 05/31(00)1
                                                 05/31(00) TO 05/31(00)1

DEGREE_DAYS
HEATING TOTAL    1593              1590       3      131
 SINCE 7/1       6337              6146     191      131
COOLING TOTAL      47                33      14       67
 SINCE 1/1         47                33      14       67

FREEZE DATES
RECORD
 EARLIEST     09/21/1956
 LATEST       06/01/1966
EARLIEST                        MM
LATEST                          MM
..................................................

WIND (MPH)
AVERAGE WIND SPEED              8.2
RESULTANT WIND SPEED/DIRECTION   3/269
HIGHEST WIND SPEED/DIRECTION    33/270    DATE  03/15
HIGHEST GUST SPEED/DIRECTION    44/300    DATE  03/12

SKY COVER
POSSIBLE SUNSHINE (PERCENT)   MM
AVERAGE SKY COVER           0.50
NUMBER OF DAYS FAIR           39
NUMBER OF DAYS PC             30
NUMBER OF DAYS CLOUDY         23

AVERAGE RH (PERCENT)     64

WEATHER CONDITIONS. NUMBER OF DAYS WITH
THUNDERSTORM              0     MIXED PRECIP               0
HEAVY RAIN               13     RAIN                      27
LIGHT RAIN               40     FREEZING RAIN              0
LT FREEZING RAIN          0     HAIL                       0
HEAVY SNOW                0     SNOW                       0
LIGHT SNOW               14     SLEET                      0
FOG                      43     FOG W/VIS <= 1/4 MILE      2
HAZE                     22

-  INDICATES NEGATIVE NUMBERS.
R  INDICATES RECORD WAS SET OR TIED.
MM INDICATES DATA IS MISSING.
T  INDICATES TRACE AMOUNT.

$$




U.S. Dept. of Commerce
NOAA National Weather Service
1325 East West Highway
Silver Spring, MD 20910
E-mail: w-nws.webmaster@noaa.gov
Page last modified: May 16, 2007
NATIONAL WEATHER SERVICE: for Safety, for Work, for Fun - FOR LIFE