590
CXUS55 KPUB 042111
CLSALS

CLIMATE REPORT
NATIONAL WEATHER SERVICE PUEBLO
210 PM MST THU DEC 4 2014

...................................

...THE ALAMOSA CO CLIMATE SUMMARY FOR THE SEASON, FROM
9/1/2014 TO 11/30/2014...

CLIMATE NORMAL PERIOD 1981 TO 2010
CLIMATE RECORD PERIOD 1932 TO 2014

WEATHER         OBSERVED          NORMAL  DEPART  LAST YEAR`S
                 VALUE   DATE(S)  VALUE   FROM    VALUE  DATE(S)
                                          NORMAL
................................................................
TEMPERATURE (F)
RECORD
 HIGH              87   09/04/2013
                        09/13/1990
                        09/08/1977
 LOW              -30   11/27/1952
HIGHEST            86   09/03                       87  09/04
LOWEST             -1   11/18                      -12  11/30
                        11/17                           11/29
AVG. MAXIMUM     64.7              60.6     4.1    59.3
AVG. MINIMUM     26.9              24.5     2.4    26.0
MEAN             45.8              42.5     3.3    42.7
DAYS MAX >= 90      0               0.0     0.0
DAYS MAX <= 32      1               3.0    -2.0
DAYS MIN <= 32     54              63.0    -9.0
DAYS MIN <= 0       2               3.3    -1.3

PRECIPITATION (INCHES)
RECORD
 MAXIMUM         4.16   1972
                        1938
 MINIMUM         0.23   1955
TOTALS           1.45              2.01   -0.56     5.14
DAILY AVG.       0.01              0.02   -0.01
DAYS >= .01        14              15.4    -1.4
DAYS >= .10         6               6.3    -0.3
DAYS >= .50         0               0.7    -0.7
DAYS >= 1.00        0               0.0     0.0
GREATEST
 24 HR. TOTAL    0.52   10/09 TO 10/10

SNOWFALL (INCHES)
RECORDS
 TOTAL           34.1   1972
TOTALS            1.6               5.8    -4.2     21.6
SINCE 7/1         1.6               5.8    -4.2
SNOWDEPTH AVG.      0
DAYS >= 1.0         1               1.8    -0.8
GREATEST
 SNOW DEPTH         1   11/16                       15
 24 HR TOTAL      1.0   11/16 TO 11/16              9.5

DEGREE_DAYS
HEATING TOTAL    1722              2046    -324    2025
 SINCE 7/1       1843              2175    -332
COOLING TOTAL       0                 0       0       0
 SINCE 1/1         60                51       9
.................................................................

WIND (MPH)
AVERAGE WIND SPEED              6.3
HIGHEST WIND SPEED/DIRECTION    37/350    DATE  10/12
HIGHEST GUST SPEED/DIRECTION    47/340    DATE  10/12

SKY COVER
POSSIBLE SUNSHINE (PERCENT)   MM
AVERAGE SKY COVER           0.20
NUMBER OF DAYS FAIR           75
NUMBER OF DAYS PC             14
NUMBER OF DAYS CLOUDY          2

AVERAGE RH (PERCENT)     53

WEATHER CONDITIONS. NUMBER OF DAYS WITH
THUNDERSTORM              0     MIXED PRECIP               0
HEAVY RAIN                3     RAIN                       9
LIGHT RAIN               29     FREEZING RAIN              0
LT FREEZING RAIN          0     HAIL                       0
HEAVY SNOW                0     SNOW                       1
LIGHT SNOW                5     SLEET                      0
FOG                      17     FOG W/VIS <= 1/4 MILE      6
HAZE                      3

-  INDICATES NEGATIVE NUMBERS.
R  INDICATES RECORD WAS SET OR TIED.
MM INDICATES DATA IS MISSING.
T  INDICATES TRACE AMOUNT.

$$




U.S. Dept. of Commerce
NOAA National Weather Service
1325 East West Highway
Silver Spring, MD 20910
E-mail: w-nws.webmaster@noaa.gov
Page last modified: May 16, 2007
NATIONAL WEATHER SERVICE: for Safety, for Work, for Fun - FOR LIFE