833
CXUS55 KPUB 032130 CCA
CLSALS

CLIMATE REPORT...CORRECTION
NATIONAL WEATHER SERVICE PUEBLO
1000 AM MST SUN MAR 2 2014

...................................

...THE ALAMOSA CO CLIMATE SUMMARY FOR THE SEASON, FROM
12/1/2013 TO 2/28/2014...

CLIMATE NORMAL PERIOD 1981 TO 2010
CLIMATE RECORD PERIOD 1932 TO 2014

WEATHER         OBSERVED          NORMAL  DEPART  LAST YEAR`S
                 VALUE   DATE(S)  VALUE   FROM    VALUE  DATE(S)
                                          NORMAL
................................................................
TEMPERATURE (F)
RECORD
 HIGH              66   02/25/1986
 LOW              -50   01/28/1948
HIGHEST            62   02/15                         57  12/02
LOWEST            -23   12/10                        -34  01/13
                                                          01/04
AVG. MAXIMUM     32.3              36.5    -4.2     31.5
AVG. MINIMUM     -1.2               3.5    -4.7     -6.8
MEAN             15.5              19.0    -3.5     12.4
DAYS MAX >= 90      0               0.0     0.0
DAYS MAX <= 32     52              29.4    22.6
DAYS MIN <= 32     90              89.8     0.2
DAYS MIN <= 0      64              39.7    24.3

PRECIPITATION (INCHES)
RECORD
 MAXIMUM         2.17   1965
 MINIMUM         0.08   1999
TOTALS           0.29              0.87   -0.58     1.03
DAILY AVG.       0.00              0.01   -0.01
DAYS >= .01         9              11.9    -2.9
DAYS >= .10         1               3.0    -2.0
DAYS >= .50         0               0.0     0.0
DAYS >= 1.00        0               0.0     0.0
GREATEST
 24 HR. TOTAL    0.13   12/29 TO 12/29

SNOWFALL (INCHES)
RECORDS
 TOTAL           38.1   1965
                  1.6   1935
TOTALS            6.5              12.3    -5.8     15.5
SINCE 7/1        28.1              18.1    10.0     15.5
SNOWDEPTH AVG.      2
DAYS >= 1.0         2               4.3    -2.3
GREATEST
 SNOW DEPTH         7   12/01                          5
 24 HR TOTAL      3.0   12/29 TO 12/29               3.3

DEGREE_DAYS...CORRECTION
HEATING TOTAL    4468              4154     314     4739
 SINCE 7/1       6568              6329     239     6787
COOLING TOTAL       0                 0       0        0
 SINCE 1/1          0                 0       0        0
.................................................................

WIND (MPH)
AVERAGE WIND SPEED              5.1
HIGHEST WIND SPEED/DIRECTION    44/210    DATE  12/04
HIGHEST GUST SPEED/DIRECTION    54/210    DATE  12/04

SKY COVER
POSSIBLE SUNSHINE (PERCENT)   MM
AVERAGE SKY COVER           0.20
NUMBER OF DAYS FAIR           69
NUMBER OF DAYS PC             19
NUMBER OF DAYS CLOUDY          2

AVERAGE RH (PERCENT)     69

WEATHER CONDITIONS. NUMBER OF DAYS WITH
THUNDERSTORM              0     MIXED PRECIP               0
HEAVY RAIN                0     RAIN                       1
LIGHT RAIN                1     FREEZING RAIN              0
LT FREEZING RAIN          0     HAIL                       0
HEAVY SNOW                0     SNOW                       2
LIGHT SNOW               18     SLEET                      0
FOG                      43     FOG W/VIS <= 1/4 MILE     27
HAZE                     23

-  INDICATES NEGATIVE NUMBERS.
R  INDICATES RECORD WAS SET OR TIED.
MM INDICATES DATA IS MISSING.
T  INDICATES TRACE AMOUNT.

$$










U.S. Dept. of Commerce
NOAA National Weather Service
1325 East West Highway
Silver Spring, MD 20910
E-mail: w-nws.webmaster@noaa.gov
Page last modified: May 16, 2007
NATIONAL WEATHER SERVICE: for Safety, for Work, for Fun - FOR LIFE