088
CXUS55 KPUB 031554 CCB
CLSALS

CLIMATE REPORT...CORRECTION
NATIONAL WEATHER SERVICE PUEBLO
920 AM MDT TUE JUN 3 2014

...................................

...THE ALAMOSA CO CLIMATE SUMMARY FOR THE SEASON, FROM
3/1/2014 TO 5/31/2014...

CLIMATE NORMAL PERIOD 1981 TO 2010
CLIMATE RECORD PERIOD 1932 TO 2014

WEATHER         OBSERVED          NORMAL  DEPART  LAST YEAR`S
                 VALUE   DATE(S)  VALUE   FROM    VALUE  DATE(S)
                                          NORMAL
................................................................
TEMPERATURE (F)
RECORD
 HIGH              90   05/31/2002
 LOW              -20   03/04/1964
HIGHEST            82   05/28                         81  05/23
LOWEST              9   03/20                         -4  03/24
AVG. MAXIMUM     60.9              59.5     1.4     60.6
AVG. MINIMUM     25.5              24.9     0.6     22.1
MEAN             43.2              42.2     1.0     41.3
DAYS MAX >= 90      0               0.0     0.0
DAYS MAX <= 32      0               0.7    -0.7
DAYS MIN <= 32     71              68.5     2.5
DAYS MIN <= 0       0               0.9    -0.9

PRECIPITATION (INCHES)
RECORD
 MAXIMUM         3.74   1942
 MINIMUM         0.19   1972
TOTALS           1.69              1.70   -0.01     0.84
DAILY AVG.       0.02              0.02    0.00
DAYS >= .01        16              16.2    -0.2
DAYS >= .10         6               5.4     0.6
DAYS >= .50         0               0.6    -0.6
DAYS >= 1.00        0               0.0     0.0
GREATEST
 24 HR. TOTAL    0.34   04/16 TO 04/16

SNOWFALL (INCHES)
RECORDS
 TOTAL           48.3   1973
TOTALS           11.7               9.5     2.2      5.6
SINCE 7/1        39.8              27.6    12.2     21.1
SNOWDEPTH AVG.      0
DAYS >= 1.0         6               3.2     2.8
GREATEST
 SNOW DEPTH         2   04/14                          3
                        04/06
                        04/05
 24 HR TOTAL      2.4   04/13 TO 04/14               3.2

DEGREE_DAYS
HEATING TOTAL    1978              2097    -119     2154
 SINCE 7/1       8546              8426     120     8941
COOLING TOTAL       0                 0       0        0
 SINCE 1/1          0                 0       0        0
.................................................................

WIND (MPH)
AVERAGE WIND SPEED              9.7
HIGHEST WIND SPEED/DIRECTION    51/220    DATE  03/26
HIGHEST GUST SPEED/DIRECTION    67/230    DATE  03/30

SKY COVER
POSSIBLE SUNSHINE (PERCENT)   MM
AVERAGE SKY COVER           0.20
NUMBER OF DAYS FAIR           65
NUMBER OF DAYS PC             26
NUMBER OF DAYS CLOUDY          1

AVERAGE RH (PERCENT)     48

WEATHER CONDITIONS. NUMBER OF DAYS WITH
THUNDERSTORM              8     MIXED PRECIP               2
HEAVY RAIN                0     RAIN                       1
LIGHT RAIN               24     FREEZING RAIN              0
LT FREEZING RAIN          0     HAIL                       0
HEAVY SNOW                3     SNOW                       7
LIGHT SNOW               13     SLEET                      0
FOG                      16     FOG W/VIS <= 1/4 MILE      6
HAZE                      8

-  INDICATES NEGATIVE NUMBERS.
R  INDICATES RECORD WAS SET OR TIED.
MM INDICATES DATA IS MISSING.
T  INDICATES TRACE AMOUNT.

$$




U.S. Dept. of Commerce
NOAA National Weather Service
1325 East West Highway
Silver Spring, MD 20910
E-mail: w-nws.webmaster@noaa.gov
Page last modified: May 16, 2007
NATIONAL WEATHER SERVICE: for Safety, for Work, for Fun - FOR LIFE