691
CXUS51 KALY 020213
CLSALB

CLIMATE REPORT
NATIONAL WEATHER SERVICE ALBANY NY
912 PM EST MON DEC 1 2014

...................................

...THE ALBANY NY CLIMATE SUMMARY FOR THE SEASON, FROM
9/1/2014 TO 11/30/2014...

CLIMATE NORMAL PERIOD 1981 TO 2010
CLIMATE RECORD PERIOD 1874 TO 2014

WEATHER         OBSERVED          NORMAL  DEPART  LAST YEAR`S
                 VALUE   DATE(S)  VALUE   FROM    VALUE  DATE(S)
                                          NORMAL
................................................................
TEMPERATURE (F)
RECORD
 HIGH             100   09/03/1953
                        09/02/1953
 LOW              -11   11/26/1938
HIGHEST            89   09/05                         93  09/11
LOWEST             15   11/29                         11  11/30
                        11/22                             11/25
AVG. MAXIMUM     61.4              60.0     1.4     60.6
AVG. MINIMUM     42.3              40.9     1.4     40.2
MEAN             51.8              50.5     1.3     50.4
DAYS MAX >= 90      0               0.2    -0.2        1
DAYS MAX <= 32      4               1.2     2.8        4
DAYS MIN <= 32     20              23.4    -3.4       26
DAYS MIN <= 0       0               0.0     0.0        0

PRECIPITATION (INCHES)
RECORD
 MAXIMUM        18.39   1869
 MINIMUM         2.39   1964
TOTALS           7.55             10.27   -2.72     8.94
DAILY AVG.       0.08              0.11   -0.03     0.10
DAYS >= .01        31              31.9    -0.9       30
DAYS >= .10        18              19.2    -1.2       18
DAYS >= .50         5               6.9    -1.9        7
DAYS >= 1.00        1               2.3    -1.3        2
GREATEST
 24 HR. TOTAL    1.41   10/23 TO 10/23

SNOWFALL (INCHES)
RECORDS
 24 HR TOTAL     21.9   11/24/1971 TO 11/25/1971
 SNOW DEPTH        18   11/18/1971
TOTALS           12.3               2.8     9.5      2.1
SNOWDEPTH AVG.      0
DAYS >= TRACE      14               2.6    11.4
DAYS >= 1.0         2               0.9     1.1
GREATEST
 SNOW DEPTH         8   11/27                          1  11/26
 24 HR TOTAL      9.6   11/26 TO 11/26

DEGREE_DAYS
HEATING TOTAL    1267              1381    -114
 SINCE 7/1       1275              1404    -129
COOLING TOTAL      92                55      37
 SINCE 1/1        659               598      61

FREEZE DATES
RECORD
 EARLIEST     09/24/1963
 LATEST       05/27/1969
EARLIEST                        10/10
LATEST                          04/28
.................................................................

WIND (MPH)
AVERAGE WIND SPEED              7.4
HIGHEST WIND SPEED/DIRECTION    30/360    DATE  11/02
HIGHEST GUST SPEED/DIRECTION    42/360    DATE  11/02


WEATHER CONDITIONS. NUMBER OF DAYS WITH
THUNDERSTORM              2    MIXED PRECIP               0
HEAVY RAIN                3     RAIN                       9
LIGHT RAIN               38     FREEZING RAIN              0
LT FREEZING RAIN          0     HAIL                       1
HEAVY SNOW                0     SNOW                       2
LIGHT SNOW               13     SLEET                      2
FOG                      44     FOG W/VIS <= 1/4 MILE      6
HAZE                      4

-  INDICATES NEGATIVE NUMBERS.
R  INDICATES RECORD WAS SET OR TIED.
MM INDICATES DATA IS MISSING.
T  INDICATES TRACE AMOUNT.

$$









U.S. Dept. of Commerce
NOAA National Weather Service
1325 East West Highway
Silver Spring, MD 20910
E-mail: w-nws.webmaster@noaa.gov
Page last modified: May 16, 2007
NATIONAL WEATHER SERVICE: for Safety, for Work, for Fun - FOR LIFE