513
CXUS51 KALY 010644
CLSALB

CLIMATE REPORT
NATIONAL WEATHER SERVICE ALBANY NY
238 AM EDT SUN JUN 1 2014

...................................

...THE ALBANY NY CLIMATE SUMMARY FOR THE SEASON, FROM
3/1/2014 TO 5/31/2014...

CLIMATE NORMAL PERIOD 1981 TO 2010
CLIMATE RECORD PERIOD 1874 TO 2014

WEATHER         OBSERVED          NORMAL  DEPART  LAST YEAR`S
                 VALUE   DATE(S)  VALUE   FROM    VALUE  DATE(S)
                                          NORMAL
................................................................
TEMPERATURE (F)
RECORD
 HIGH              97   05/22/1911
 LOW              -21   03/06/1948
HIGHEST            87   05/27                         92  05/31
LOWEST              1   03/04                         11  03/21
                        03/01
AVG. MAXIMUM     55.9              57.4    -1.5     56.9
AVG. MINIMUM     34.2              36.7    -2.5     36.1
MEAN             45.1              47.0    -1.9     46.5
DAYS MAX >= 90      0               0.4    -0.4        1
DAYS MAX <= 32     10               3.7     6.3        2
DAYS MIN <= 32     41              31.4     9.6       42
DAYS MIN <= 0       0               0.3    -0.3        0

PRECIPITATION (INCHES)
RECORD
 MAXIMUM        19.54   1983
 MINIMUM         3.46   1860
TOTALS           7.77              9.99   -2.22    11.61
DAILY AVG.       0.08              0.11   -0.03     0.12
DAYS >= .01        35              37.1    -2.1       36
DAYS >= .10        20              21.2    -1.2       19
DAYS >= .50         5               6.8    -1.8       11
DAYS >= 1.00        0               1.6    -1.6        4
GREATEST
 24 HR. TOTAL    1.23   05/16 TO 05/17

SNOWFALL (INCHES)
RECORDS
 24 HR TOTAL     30.4   03/12/1888 TO 03/12/1888
 SNOW DEPTH        28   03/28/1993
TOTALS            8.3              12.6    -4.3     20.7
SNOWDEPTH AVG.      0
DAYS >= TRACE      21               6.9    14.1
DAYS >= 1.0         2               3.0    -1.0
GREATEST
 SNOW DEPTH         5   03/13                          6  03/20
                                                          03/08
                                                          03/09
 24 HR TOTAL      4.8   03/13 TO 03/13

DEGREE_DAYS
HEATING TOTAL    1849              1684     165
 SINCE 7/1       6966              6628     338
COOLING TOTAL      35                30       5
 SINCE 1/1         35                30       5

FREEZE DATES
RECORD
 EARLIEST     09/24/1963
 LATEST       05/27/1969
EARLIEST                        10/10
LATEST                          04/28
.................................................................

WIND (MPH)
AVERAGE WIND SPEED              9.0
HIGHEST WIND SPEED/DIRECTION    33/290    DATE  03/26
HIGHEST GUST SPEED/DIRECTION    46/310    DATE  03/26


WEATHER CONDITIONS. NUMBER OF DAYS WITH
THUNDERSTORM              5     MIXED PRECIP               0
HEAVY RAIN                5     RAIN                      15
LIGHT RAIN               40     FREEZING RAIN              0
LT FREEZING RAIN          1     HAIL                       0
HEAVY SNOW                0     SNOW                       2
LIGHT SNOW               19     SLEET                      5
FOG                      35     FOG W/VIS <= 1/4 MILE      3
HAZE                      8

-  INDICATES NEGATIVE NUMBERS.
R  INDICATES RECORD WAS SET OR TIED.
MM INDICATES DATA IS MISSING.
T  INDICATES TRACE AMOUNT.

$$









U.S. Dept. of Commerce
NOAA National Weather Service
1325 East West Highway
Silver Spring, MD 20910
E-mail: w-nws.webmaster@noaa.gov
Page last modified: May 16, 2007
NATIONAL WEATHER SERVICE: for Safety, for Work, for Fun - FOR LIFE