131
CXUS51 KALY 031958 CCA
CLSALB

CLIMATE REPORT...CORRECTED HEATING DEGREES DAYS
NATIONAL WEATHER SERVICE ALBANY NY
258 AM EST MON MAR 3 2014

...................................

...THE ALBANY NY CLIMATE SUMMARY FOR THE SEASON, FROM
12/1/2013 TO 2/28/2014...

CLIMATE NORMAL PERIOD 1981 TO 2010
CLIMATE RECORD PERIOD 1874 TO 2014

WEATHER         OBSERVED          NORMAL  DEPART  LAST YEAR`S
                 VALUE   DATE(S)  VALUE   FROM    VALUE  DATE(S)
                                          NORMAL
................................................................
TEMPERATURE (F)
RECORD
 HIGH              71   01/06/2007
                        12/29/1984
                        01/13/1932
 LOW              -28   01/19/1971
HIGHEST            56   01/11                         56  01/30
                                                          12/04
LOWEST            -12   01/04                         -5  02/10
                                                          01/03
AVG. MAXIMUM     31.7              33.6    -1.9     36.1
AVG. MINIMUM     14.5              17.7    -3.2     21.0
MEAN             23.1              25.6    -2.5     28.5
DAYS MAX >= 90      0               0.0     0.0        0
DAYS MAX <= 32     47              37.9     9.1       31
DAYS MIN <= 32     85              80.2     4.8       77
DAYS MIN <= 0      10               7.3     2.7        4

PRECIPITATION (INCHES)
RECORD
 MAXIMUM        13.45   1870
 MINIMUM         2.25   1980
TOTALS           9.17              7.72    1.45     7.18
DAILY AVG.       0.10              0.09    0.01     0.08
DAYS >= .01        41              35.1     5.9       35
DAYS >= .10        18              17.6     0.4       20
DAYS >= .50         7               5.3     1.7        4
DAYS >= 1.00        1               1.0     0.0        0
GREATEST
 24 HR. TOTAL    1.48   02/13 TO 02/14

SNOWFALL (INCHES)
RECORDS
 24 HR TOTAL     23.5   02/14/1914 TO 02/14/1914
 SNOW DEPTH        36   01/01/1970
                        12/29/1969
                        12/28/1969
TOTALS           63.1              43.7    19.4     30.6
SNOWDEPTH AVG.      4
DAYS >= TRACE      57              25.3    31.7
DAYS >= 1.0        14              10.8     3.2
GREATEST
 SNOW DEPTH        18   02/14                         10  12/30
 24 HR TOTAL     14.4   02/13 TO 02/14

DEGREE_DAYS
HEATING TOTAL    3747              3540     207
 SINCE 7/1       5117              4944     173
COOLING TOTAL       0                 0       0
 SINCE 1/1          0                 0       0

FREEZE DATES
RECORD
 EARLIEST     09/24/1963
 LATEST       05/27/1969
EARLIEST                        10/10
LATEST                          04/28
.................................................................

WIND (MPH)
AVERAGE WIND SPEED              7.5
HIGHEST WIND SPEED/DIRECTION    35/290    DATE  02/27
HIGHEST GUST SPEED/DIRECTION    46/290    DATE  02/27


WEATHER CONDITIONS. NUMBER OF DAYS WITH
THUNDERSTORM              1     MIXED PRECIP               0
HEAVY RAIN                1     RAIN                       7
LIGHT RAIN               20     FREEZING RAIN              0
LT FREEZING RAIN          4     HAIL                       0
HEAVY SNOW                7     SNOW                      17
LIGHT SNOW               55     SLEET                      6
FOG                      48     FOG W/VIS <= 1/4 MILE     10
HAZE                     16

-  INDICATES NEGATIVE NUMBERS.
R  INDICATES RECORD WAS SET OR TIED.
MM INDICATES DATA IS MISSING.
T  INDICATES TRACE AMOUNT.

$$










U.S. Dept. of Commerce
NOAA National Weather Service
1325 East West Highway
Silver Spring, MD 20910
E-mail: w-nws.webmaster@noaa.gov
Page last modified: May 16, 2007
NATIONAL WEATHER SERVICE: for Safety, for Work, for Fun - FOR LIFE