676
CXUS51 KALY 011209
CLSALB

ALBCLMALB 000
TTAA00 KALY 011208


CLIMATE REPORT
NATIONAL WEATHER SERVICE ALBANY NY
806 AM EDT MON SEP 1 2014

...................................

...THE ALBANY NY CLIMATE SUMMARY FOR THE SEASON, FROM
6/1/2014 TO 8/31/2014...

CLIMATE NORMAL PERIOD 1981 TO 2010
CLIMATE RECORD PERIOD 1874 TO 2014

WEATHER         OBSERVED          NORMAL  DEPART  LAST YEAR`S
                 VALUE   DATE(S)  VALUE   FROM    VALUE  DATE(S)
                                          NORMAL
................................................................
TEMPERATURE (F)
RECORD
 HIGH             104   07/04/1911
 LOW               34   08/29/1982
HIGHEST            91   07/23                         96  07/19
                        07/01
LOWEST             46   06/01                         46  06/05
AVG. MAXIMUM     80.4              80.2     0.2     80.7
AVG. MINIMUM     60.3              59.3     1.0     61.4
MEAN             70.3              69.7     0.6     71.1
DAYS MAX >= 90      4               6.4    -2.4       13
DAYS MAX <= 32      0               0.0     0.0        0
DAYS MIN <= 32      0               0.0     0.0        0
DAYS MIN <= 0       0               0.0     0.0        0

PRECIPITATION (INCHES)
RECORD
 MAXIMUM        27.21   1871
 MINIMUM         4.29   1929
TOTALS          13.22             11.37    1.85    16.77
DAILY AVG.       0.14              0.12    0.02     0.18
DAYS >= .01        32              33.7    -1.7       31
DAYS >= .10        21              21.3    -0.3       25
DAYS >= .50         9               7.6     1.4       15
DAYS >= 1.00        4               2.5     1.5        4
GREATEST
 24 HR. TOTAL    2.22   MM

DEGREE_DAYS
HEATING TOTAL      20                75     -55
 SINCE 7/1          8                23     -15
COOLING TOTAL     532               512      20
 SINCE 1/1        567               543      24

FREEZE DATES
RECORD
 EARLIEST     09/24/1963
 LATEST       05/27/1969
EARLIEST                        10/10
LATEST                          04/28
.................................................................

WIND (MPH)
AVERAGE WIND SPEED              5.9
HIGHEST WIND SPEED/DIRECTION    38/100    DATE  08/05
HIGHEST GUST SPEED/DIRECTION    53/090    DATE  08/05


WEATHER CONDITIONS. NUMBER OF DAYS WITH
THUNDERSTORM              0     MIXED PRECIP               0
HEAVY RAIN               14     RAIN                      17
LIGHT RAIN               45     FREEZING RAIN              0
LT FREEZING RAIN          0     HAIL                       1
HEAVY SNOW                0     SNOW                       0
LIGHT SNOW                0     SLEET                      0
FOG                      54     FOG W/VIS <= 1/4 MILE      4
HAZE                      7

-  INDICATES NEGATIVE NUMBERS.
R  INDICATES RECORD WAS SET OR TIED.
MM INDICATES DATA IS MISSING.
T  INDICATES TRACE AMOUNT.

$$








U.S. Dept. of Commerce
NOAA National Weather Service
1325 East West Highway
Silver Spring, MD 20910
E-mail: w-nws.webmaster@noaa.gov
Page last modified: May 16, 2007
NATIONAL WEATHER SERVICE: for Safety, for Work, for Fun - FOR LIFE