003
CXUS53 KABR 011445
CLSABR

CLIMATE REPORT
NATIONAL WEATHER SERVICE ABERDEEN SD
843 AM CST SAT DEC 1 2012

...................................

...THE ABERDEEN SD CLIMATE SUMMARY FOR THE FALL SEASON, FROM
9/1/2012 TO 11/30/2012...

CLIMATE NORMAL PERIOD 1981 TO 2010
CLIMATE RECORD PERIOD 1896 TO 2012

WEATHER         OBSERVED          NORMAL  DEPART  LAST YEAR`S
                 VALUE   DATE(S)  VALUE   FROM    VALUE  DATE(S)
                                          NORMAL
................................................................
TEMPERATURE (F)
RECORD
 HIGH             107   09/10/1931
 LOW              -27   11/30/1964
HIGHEST            94   09/10        MM      MM       MM  MM
LOWEST              3   11/26        MM      MM       MM  MM
AVG. MAXIMUM     59.0              56.4     2.6       MM
AVG. MINIMUM     30.5              32.5    -2.0       MM
MEAN             44.7              44.5     0.2       MM
DAYS MAX >= 90      4               1.4     2.6       MM
DAYS MAX <= 32      5               9.2    -4.2       MM
DAYS MIN <= 32     50              43.7     6.3       MM
DAYS MIN <= 0       0               1.9    -1.9       MM

PRECIPITATION (INCHES)
RECORD
 MAXIMUM           MM   MM
 MINIMUM           MM   MM
TOTALS           1.45              4.91   -3.46       MM
DAYS >= .01        13              21.6    -8.6       MM
DAYS >= .10         4              10.0    -6.0       MM
DAYS >= .50         1               3.0    -2.0       MM
DAYS >= 1.00        0               1.0    -1.0       MM

SNOWFALL (INCHES)
RECORDS
 TOTAL             MM   MM
 SNOW DEPTH        MM   MM
TOTALS            0.6               7.7    -7.1       MM
SINCE 7/1         0.6               7.7    -7.1       MM
SNOWDEPTH AVG.      0                MM      MM       MM
DAYS >= TRACE       9               5.7     3.3       MM
DAYS >= 1.0         0               2.2    -2.2       MM
GREATEST
 SNOW DEPTH         0   MM                            MM  MM

DEGREE_DAYS
HEATING TOTAL    1862              1913     -51       MM
 SINCE 7/1       1895              1963     -68       MM
COOLING TOTAL      42                42       0       MM
 SINCE 1/1        764               525     239       MM

FREEZE DATES
RECORD
 EARLIEST     MM
 LATEST       MM
EARLIEST                        MM
LATEST                          MM
.................................................................

WIND (MPH)
AVERAGE WIND SPEED              10.0
RESULTANT WIND SPEED/DIRECTION   2/319
HIGHEST WIND SPEED/DIRECTION    45/330    DATE  10/18
HIGHEST GUST SPEED/DIRECTION    56/330    DATE  10/18

SKY COVER
POSSIBLE SUNSHINE (PERCENT)   MM
AVERAGE SKY COVER           0.30
NUMBER OF DAYS FAIR           62
NUMBER OF DAYS PC             12
NUMBER OF DAYS CLOUDY         17

AVERAGE RH (PERCENT)     62

WEATHER CONDITIONS. NUMBER OF DAYS WITH
THUNDERSTORM              0     MIXED PRECIP               0
HEAVY RAIN                0     RAIN                       1
LIGHT RAIN               17     FREEZING RAIN              0
LT FREEZING RAIN          0     HAIL                       0
HEAVY SNOW                0     SNOW                       0
LIGHT SNOW                8     SLEET                      0
FOG                      21     FOG W/VIS <= 1/4 MILE      7
HAZE                     16

-  INDICATES NEGATIVE NUMBERS.
R  INDICATES RECORD WAS SET OR TIED.
MM INDICATES DATA IS MISSING.
T  INDICATES TRACE AMOUNT.

$$







U.S. Dept. of Commerce
NOAA National Weather Service
1325 East West Highway
Silver Spring, MD 20910
E-mail: w-nws.webmaster@noaa.gov
Page last modified: May 16, 2007
NATIONAL WEATHER SERVICE: for Safety, for Work, for Fun - FOR LIFE