583
CXUS51 KCLE 011926
CLMYNG


CLIMATE REPORT
NATIONAL WEATHER SERVICE CLEVELAND OH
320 PM EDT TUE APR 1 2014

...................................

...THE YOUNGSTOWN OH CLIMATE SUMMARY FOR THE MONTH OF MARCH 2014...

CLIMATE NORMAL PERIOD 1981 TO 2010
CLIMATE RECORD PERIOD 1897 TO 2014

WEATHER         OBSERVED          NORMAL  DEPART  LAST YEAR`S
                 VALUE   DATE(S)  VALUE   FROM    VALUE
                                          NORMAL
.............................................................
TEMPERATURE (F)
RECORD
 HIGH              82   03/30/1986
 LOW              -10   03/02/1980
HIGHEST            63   03/11
LOWEST             -5   03/04
AVG. MAXIMUM     40.8              45.8    -5.0     40.2
AVG. MINIMUM     19.0              27.7    -8.7     26.4
MEAN             29.9              36.7    -6.8     33.3
DAYS MAX >= 90      0               0.0     0.0        0
DAYS MAX <= 32      8               4.5     3.5        6
DAYS MIN <= 32     27              21.4     5.6       28
DAYS MIN <= 0       2               0.1     1.9        0

PRECIPITATION (INCHES)
RECORD
 MAXIMUM         6.38   2008
 MINIMUM         1.07
TOTALS           1.94              2.94   -1.00     2.71
DAYS >= .01        11              14.1    -3.1       20
DAYS >= .10         5               7.5    -2.5        7
DAYS >= .50         2               1.7     0.3        1
DAYS >= 1.00        0               0.3    -0.3        0
GREATEST
 24 HR. TOTAL    0.62   03/29 TO 03/29              0.54

SNOWFALL (INCHES)
RECORDS
 TOTAL           30.9   5
                        0
                        -26215
TOTALS            7.9              10.9    -3.0     19.9
SINCE 7/1        88.9              59.7    29.2     80.3
DAYS >= 1.0         4               2.7     1.3        9
GREATEST
 24 HR TOTAL      2.0   03/12 TO 03/12

DEGREE_DAYS
HEATING TOTAL    1078               876     202      974
 SINCE 7/1       6146              5524     622     5416
COOLING TOTAL       0                 1      -1        0
 SINCE 1/1          0                 1      -1        0
..............................................................

WIND (MPH)
AVERAGE WIND SPEED              9.5
HIGHEST WIND SPEED/DIRECTION    35/350    DATE  03/12
HIGHEST GUST SPEED/DIRECTION    48/010    DATE  03/12

SKY COVER
AVERAGE SKY COVER           0.70

AVERAGE RH (PERCENT)     63

WEATHER CONDITIONS. NUMBER OF DAYS WITH
THUNDERSTORM              0     MIXED PRECIP               2
HEAVY RAIN                0     RAIN                       5
LIGHT RAIN               10     FREEZING RAIN              0
LT FREEZING RAIN          4     HAIL                       0
HEAVY SNOW                0     SNOW                       5
LIGHT SNOW               11     SLEET                      4
FOG                      12     FOG W/VIS <= 1/4 MILE      0
HAZE                      3

-  INDICATES NEGATIVE NUMBERS.
R  INDICATES RECORD WAS SET OR TIED.
MM INDICATES DATA IS MISSING.
T  INDICATES TRACE AMOUNT.

$$





U.S. Dept. of Commerce
NOAA National Weather Service
1325 East West Highway
Silver Spring, MD 20910
E-mail: w-nws.webmaster@noaa.gov
Page last modified: May 16, 2007
NATIONAL WEATHER SERVICE: for Safety, for Work, for Fun - FOR LIFE