107
CXUS51 KCLE 011632
CLMYNG


CLIMATE REPORT
NATIONAL WEATHER SERVICE CLEVELAND OH
1232 PM EDT WED OCT 1 2014

...................................

...THE YOUNGSTOWN OH CLIMATE SUMMARY FOR THE MONTH OF SEPTEMBER 2014...

CLIMATE NORMAL PERIOD 1981 TO 2010
CLIMATE RECORD PERIOD 1897 TO 2014

WEATHER         OBSERVED          NORMAL  DEPART  LAST YEAR`S
                 VALUE   DATE(S)  VALUE   FROM    VALUE
                                          NORMAL
.............................................................
TEMPERATURE (F)
RECORD
 HIGH              99   09/05/1954
 LOW               29   09/28/1991
                        09/27/1957
HIGHEST            87   09/05
LOWEST             36   09/23
AVG. MAXIMUM     73.2              72.4     0.8     72.8
AVG. MINIMUM     50.5              51.4    -0.9     50.5
MEAN             61.8              61.9    -0.1     61.6
DAYS MAX >= 90      0               0.2    -0.2        2
DAYS MAX <= 32      0               0.0     0.0        0
DAYS MIN <= 32      0               0.1    -0.1        0
DAYS MIN <= 0       0               0.0     0.0        0

PRECIPITATION (INCHES)
RECORD
 MAXIMUM         7.08   2011
 MINIMUM         0.27
TOTALS           1.90              3.75   -1.85     2.21
DAYS >= .01        11              10.6     0.4        7
DAYS >= .10         7               6.9     0.1        3
DAYS >= .50         0               2.6    -2.6        2
DAYS >= 1.00        0               1.0    -1.0        1
GREATEST
 24 HR. TOTAL    0.53   09/10 TO 09/11              1.07

SNOWFALL (INCHES)
RECORDS
 TOTAL              T   5
                        0
                        -26215
TOTALS            0.0               0.0     0.0      0.0
SINCE 7/1         0.0               0.0     0.0      0.0
DAYS >= 1.0         0               0.0     0.0        0
GREATEST
 24 HR TOTAL      0.0   09/30 TO 09/30

DEGREE_DAYS
HEATING TOTAL     141               145      -4      151
 SINCE 7/1        193               183      10      189
COOLING TOTAL      53                52       1       57
 SINCE 1/1        530               538      -8      609
..............................................................

WIND (MPH)
AVERAGE WIND SPEED              5.9
HIGHEST WIND SPEED/DIRECTION    26/300    DATE  09/21
HIGHEST GUST SPEED/DIRECTION    33/290    DATE  09/21

SKY COVER
AVERAGE SKY COVER           0.60

AVERAGE RH (PERCENT)     76

WEATHER CONDITIONS. NUMBER OF DAYS WITH
THUNDERSTORM              0     MIXED PRECIP               0
HEAVY RAIN                1     RAIN                       5
LIGHT RAIN               11     FREEZING RAIN              0
LT FREEZING RAIN          0     HAIL                       0
HEAVY SNOW                0     SNOW                       0
LIGHT SNOW                0     SLEET                      0
FOG                      25     FOG W/VIS <= 1/4 MILE      4
HAZE                      1

-  INDICATES NEGATIVE NUMBERS.
R  INDICATES RECORD WAS SET OR TIED.
MM INDICATES DATA IS MISSING.
T  INDICATES TRACE AMOUNT.

$$




U.S. Dept. of Commerce
NOAA National Weather Service
1325 East West Highway
Silver Spring, MD 20910
E-mail: w-nws.webmaster@noaa.gov
Page last modified: May 16, 2007
NATIONAL WEATHER SERVICE: for Safety, for Work, for Fun - FOR LIFE