510
CXUS56 KPDT 011546
CLMYKM

CLIMATE REPORT
NATIONAL WEATHER SERVICE PENDLETON OREGON
834 AM PDT TUE APR 01 2014

....................................

...THE YAKIMA WA CLIMATE SUMMARY FOR THE MONTH OF MARCH 2014...

CLIMATE NORMAL PERIOD 1981 TO 2010
CLIMATE RECORD PERIOD 1909 TO 2014

WEATHER         OBSERVED          NORMAL  DEPART  LAST YEAR`S
                 VALUE   DATE(S)  VALUE   FROM    VALUE  DATE(S)
                                          NORMAL

................................................................

TEMPERATURE (F)
RECORD
 HIGH              80   3/25/1960
 LOW               -1   3/ 4/1960
HIGHEST            69   3/16       69         0            75   3/31
LOWEST             21   3/ 3       20         1            20   3/ 4
AVG. MAXIMUM     58.2            56.2       2.0          59.2
AVG. MINUMUM     30.4            30.1       0.3          31.7
MEAN             44.3            43.2       1.1          45.5
DAYS MAX >= 90      0               0         0             0
DAYS MAX <= 32      1               0         1             0
DAYS MIN <= 32     22              20         2            14
DAYS MIN <= 0       0               0         0            14


PRECIPITATION (INCHES)
RECORD
 MAXIMUM          2.63   1957
 MINIMUM          0.01   1973
TOTALS            0.60            0.62     -0.02          0.77
DAILY AVG.        0.02            0.02      0.00          0.02
DAYS >=  0.01        4               6        -2             7
DAYS >=  0.10        2               2         0             2
DAYS >=  0.50        0               0         0             0
DAYS >=  1.00        0               0         0             0
GREATEST
 24 HR. TOTAL     0.43   3/ 5



SNOWFALL (INCHES)
RECORD
 MAXIMUM          10.8   1971
 MINIMUM           0.0   2005
TOTALS             1.7             0.7       1.0             T
SINCE 7/1         19.9            22.0      -2.1          15.3
DAYS >=  TRACE       1               1         0             2
DAYS >=  1.0         1               0         0             0
GREATEST
 24 HR. TOTAL      1.7   3/ 2


DEGREE DAYS
HEATING TOTAL      634             676       -42           595
 SINCE 7/1        5036            5203      -167          4558
COOLING TOTAL        0               0         0             0
 SINCE 1/1           0               0         0             0

.............................................................

WIND (MPH)
AVERAGE WIND SPEED                     6.7
RESULTANT WIND SPEED/DIRECTION         4/248
HIGHEST WIND SPEED/DIRECTION          38/270      DATE          03/14
HIGHEST GUST SPEED/DIRECTION          50/240      DATE          03/06


WEATHER CONDITIONS. NUMBER OF DAYS WITH
THUNDERSTORM               0    MIXED PRECIP                           0
HEAVY RAIN                 0    RAIN                                   1
LIGHT RAIN                10    FREEZING RAIN                          0
LT FREEZING RAIN           0    HAIL                                   0
HEAVY SNOW                 0    SNOW                                   0
LIGHT SNOW                 1    SLEET                                  0
FOG                        4    FOG W/VIS <=1/4 MILE                   0
HAZE                       3

-  INDICATES NEGATIVE NUMBERS.
R  INDICATES RECORD WAS SET OR TIED.
MM INDICATES DATA IS MISSING.
T  INDICATES TRACE AMOUNT.

$$







U.S. Dept. of Commerce
NOAA National Weather Service
1325 East West Highway
Silver Spring, MD 20910
E-mail: w-nws.webmaster@noaa.gov
Page last modified: May 16, 2007
NATIONAL WEATHER SERVICE: for Safety, for Work, for Fun - FOR LIFE