944
CXUS56 KPDT 011505
CLMYKM

CLIMATE REPORT
NATIONAL WEATHER SERVICE PENDLETON OREGON
702 AM PST MON DEC 01 2014

....................................

...THE YAKIMA WA CLIMATE SUMMARY FOR THE MONTH OF NOVEMBER 2014...

CLIMATE NORMAL PERIOD 1981 TO 2010
CLIMATE RECORD PERIOD 1909 TO 2014

WEATHER         OBSERVED          NORMAL  DEPART  LAST YEAR`S
                 VALUE   DATE(S)  VALUE   FROM    VALUE  DATE(S)
                                          NORMAL

................................................................

TEMPERATURE (F)
RECORD
 HIGH              73  11/10/1989
 LOW              -13  11/23/1985
HIGHEST            71  11/ 4       64         7            63  11/ 1
LOWEST              8  11/18       13        -5             9  11/22
AVG. MAXIMUM     49.0            47.9       1.1          49.7
AVG. MINUMUM     26.2            26.8      -0.6          26.4
MEAN             37.6            37.4       0.2          38.1
DAYS MAX >= 90      0               0         0             0
DAYS MAX <= 32      1               2        -1             0
DAYS MIN <= 32     22              23        -1            20
DAYS MIN <= 0       0               0         0            20


PRECIPITATION (INCHES)
RECORD
 MAXIMUM          2.83   1973
 MINIMUM             T   1990
TOTALS            0.32            1.05     -0.73          0.38
DAILY AVG.        0.01            0.04     -0.03          0.01
DAYS >=  0.01        8               9        -1             5
DAYS >=  0.10        1               3        -2             2
DAYS >=  0.50        0               0         0             0
DAYS >=  1.00        0               0         0             0
GREATEST
 24 HR. TOTAL     0.20  11/21



SNOWFALL (INCHES)
RECORD
 MAXIMUM          21.2   1955
 MINIMUM           0.0   2013
TOTALS             0.1             3.6      -3.5           0.0
SINCE 7/1          0.1             3.7      -3.6           0.0
DAYS >=  TRACE       2               2         0
DAYS >=  1.0         0               1         0             0
GREATEST
 24 HR. TOTAL      0.1  11/21


DEGREE DAYS
HEATING TOTAL      815             830       -15           800
 SINCE 7/1        1184            1533      -349          1416
COOLING TOTAL        0               0         0             0
 SINCE 1/1         871             463       408           970

.............................................................

WIND (MPH)
AVERAGE WIND SPEED                     5.5
RESULTANT WIND SPEED/DIRECTION         4/231
HIGHEST WIND SPEED/DIRECTION          39/280      DATE          11/09
HIGHEST GUST SPEED/DIRECTION          49/270      DATE          11/09


WEATHER CONDITIONS. NUMBER OF DAYS WITH
THUNDERSTORM               0    MIXED PRECIP                           0
HEAVY RAIN                 0    RAIN                                   0
LIGHT RAIN                10    FREEZING RAIN                          1
LT FREEZING RAIN           1    HAIL                                   0
HEAVY SNOW                 0    SNOW                                   0
LIGHT SNOW                 1    SLEET                                  0
FOG                        8    FOG W/VIS <=1/4 MILE                   2
HAZE                       9

-  INDICATES NEGATIVE NUMBERS.
R  INDICATES RECORD WAS SET OR TIED.
MM INDICATES DATA IS MISSING.
T  INDICATES TRACE AMOUNT.

$$







U.S. Dept. of Commerce
NOAA National Weather Service
1325 East West Highway
Silver Spring, MD 20910
E-mail: w-nws.webmaster@noaa.gov
Page last modified: May 16, 2007
NATIONAL WEATHER SERVICE: for Safety, for Work, for Fun - FOR LIFE