702
CXUS56 KMTR 012218
CLMWVI


CLIMATE REPORT
NATIONAL WEATHER SERVICE SAN FRANCISCO BAY AREA
317 PM PDT WED OCT 1 2014

...................................

...THE WATSONVILLE AIRPORT CLIMATE SUMMARY FOR THE MONTH OF SEPTEMBER 2014...

CLIMATE NORMAL PERIOD 1981 TO 2010
CLIMATE RECORD PERIOD 1998 TO 2014

WEATHER         OBSERVED          NORMAL   LAST YEAR`S
                 VALUE   DATE(S)  VALUE    VALUE  DATE(S)

.........................................................
TEMPERATURE (F)
HIGHEST            84   09/16        MM        90  09/06
                        09/10
LOWEST             51   09/11        MM        43  09/27
AVG. MAXIMUM     75.0                        77.6
AVG. MINIMUM     58.2                        52.6
MEAN             66.6              63.5      65.1
DAYS MAX >= 90      0                           1
DAYS MAX <= 32      0                           0
DAYS MIN <= 32      0                           0
DAYS MIN <= 0       0                           0

PRECIPITATION (INCHES)
RECORD
 MAXIMUM           MM   MM
 MINIMUM           MM   MM
TOTALS           0.41                        0.08
DAILY AVG.       0.01                        0.00
DAYS >= .01         3                           2
DAYS >= .10         2                           0
DAYS >= .50         0                           0
DAYS >= 1.00        0                           0
GREATEST
 24 HR. TOTAL    0.31   09/24 TO 09/25    09/21 TO 09/21
                                                   09/30 TO 09/30
                                                   09/30 TO 09/30

DEGREE_DAYS
HEATING TOTAL       9                          36
 SINCE 7/1         24                         181
COOLING TOTAL      63                          46
 SINCE 1/1        263                         115
..........................................................

WIND (MPH)
AVERAGE WIND SPEED              4.4
RESULTANT WIND SPEED/DIRECTION   2/209
HIGHEST WIND SPEED/DIRECTION    18/240    DATE  09/26
HIGHEST GUST SPEED/DIRECTION    26/220    DATE  09/24

SKY COVER
POSSIBLE SUNSHINE (PERCENT)   MM
AVERAGE SKY COVER           0.60
NUMBER OF DAYS FAIR            6
NUMBER OF DAYS PC             17
NUMBER OF DAYS CLOUDY          7

AVERAGE RH (PERCENT)     73

WEATHER CONDITIONS. NUMBER OF DAYS WITH
THUNDERSTORM              0     MIXED PRECIP               0
HEAVY RAIN                0     RAIN                       1
LIGHT RAIN                5     FREEZING RAIN              0
LT FREEZING RAIN          0     HAIL                       0
HEAVY SNOW                0     SNOW                       0
LIGHT SNOW                0     SLEET                      0
FOG                      24     FOG W/VIS <= 1/4 MILE      3
HAZE                     14

-  INDICATES NEGATIVE NUMBERS.
R  INDICATES RECORD WAS SET OR TIED.
MM INDICATES DATA IS MISSING.
T  INDICATES TRACE AMOUNT.

$$




U.S. Dept. of Commerce
NOAA National Weather Service
1325 East West Highway
Silver Spring, MD 20910
E-mail: w-nws.webmaster@noaa.gov
Page last modified: May 16, 2007
NATIONAL WEATHER SERVICE: for Safety, for Work, for Fun - FOR LIFE