805
CXUS56 KMTR 141543
CLMWVI


CLIMATE REPORT
NATIONAL WEATHER SERVICE SAN FRANCISCO BAY AREA
743 AM PST SUN DEC 14 2014

...................................

...THE WATSONVILLE AIRPORT CLIMATE SUMMARY FOR THE MONTH OF NOVEMBER 2014...

CLIMATE NORMAL PERIOD 1981 TO 2010
CLIMATE RECORD PERIOD 1998 TO 2014

WEATHER         OBSERVED          NORMAL   LAST YEAR`S
                 VALUE   DATE(S)  VALUE    VALUE  DATE(S)

.........................................................
TEMPERATURE (F)
HIGHEST            84   11/05        MM        80  11/06
                                                   11/01
LOWEST             38   11/28        MM        37  11/30
                                                   11/04
AVG. MAXIMUM     69.7                        68.1
AVG. MINIMUM     48.9                        42.8
MEAN             59.3              54.6      55.4
DAYS MAX >= 90      0                           0
DAYS MAX <= 32      0                           0
DAYS MIN <= 32      0                           0
DAYS MIN <= 0       0                           0

PRECIPITATION (INCHES)
RECORD
 MAXIMUM           MM   MM
 MINIMUM           MM   MM
TOTALS           2.53                        0.45
DAILY AVG.       0.08                        0.01
DAYS >= .01         7                           2
DAYS >= .10         7                           2
DAYS >= .50         1                           0
DAYS >= 1.00        0                           0
GREATEST
 24 HR. TOTAL    1.09   10/31 TO 11/01    11/19 TO 11/20
                                                   11/29 TO 11/29
                                                   11/29 TO 11/29

DEGREE_DAYS
HEATING TOTAL     168                         281
 SINCE 7/1        223                         655
COOLING TOTAL       4                           0
 SINCE 1/1        351                         128
..........................................................

WIND (MPH)
AVERAGE WIND SPEED              3.0
RESULTANT WIND SPEED/DIRECTION   1/279
HIGHEST WIND SPEED/DIRECTION    18/190    DATE  11/30
HIGHEST GUST SPEED/DIRECTION    25/090    DATE  11/13

SKY COVER
POSSIBLE SUNSHINE (PERCENT)   MM
AVERAGE SKY COVER           0.40
NUMBER OF DAYS FAIR           18
NUMBER OF DAYS PC              6
NUMBER OF DAYS CLOUDY          6

AVERAGE RH (PERCENT)     71

WEATHER CONDITIONS. NUMBER OF DAYS WITH
THUNDERSTORM              0     MIXED PRECIP               0
HEAVY RAIN                4     RAIN                       5
LIGHT RAIN                7     FREEZING RAIN              0
LT FREEZING RAIN          0     HAIL                       0
HEAVY SNOW                0     SNOW                       0
LIGHT SNOW                0     SLEET                      0
FOG                      19     FOG W/VIS <= 1/4 MILE      8
HAZE                      4

-  INDICATES NEGATIVE NUMBERS.
R  INDICATES RECORD WAS SET OR TIED.
MM INDICATES DATA IS MISSING.
T  INDICATES TRACE AMOUNT.

$$




U.S. Dept. of Commerce
NOAA National Weather Service
1325 East West Highway
Silver Spring, MD 20910
E-mail: w-nws.webmaster@noaa.gov
Page last modified: May 16, 2007
NATIONAL WEATHER SERVICE: for Safety, for Work, for Fun - FOR LIFE