638
CXUS56 KMTR 022350
CLMWVI


CLIMATE REPORT
NATIONAL WEATHER SERVICE SAN FRANCISCO BAY AREA
350 PM PST SUN NOV 2 2014

...................................

...THE WATSONVILLE AIRPORT CLIMATE SUMMARY FOR THE MONTH OF OCTOBER 2014...

CLIMATE NORMAL PERIOD 1981 TO 2010
CLIMATE RECORD PERIOD 1998 TO 2014

WEATHER         OBSERVED          NORMAL   LAST YEAR`S
                 VALUE   DATE(S)  VALUE    VALUE  DATE(S)

.........................................................
TEMPERATURE (F)
HIGHEST           100   10/03        MM        89  10/05
LOWEST             47   10/27        MM        40  10/19
AVG. MAXIMUM     79.4                        71.4
AVG. MINIMUM     53.4                        46.5
MEAN             66.4              60.3      59.0
DAYS MAX >= 90      6                           0
DAYS MAX <= 32      0                           0
DAYS MIN <= 32      0                           0
DAYS MIN <= 0       0                           0

PRECIPITATION (INCHES)
RECORD
 MAXIMUM           MM   MM
 MINIMUM           MM   MM
TOTALS           1.00                        0.22
DAILY AVG.       0.03                        0.01
DAYS >= .01         3                           4
DAYS >= .10         2                           1
DAYS >= .50         1                           0
DAYS >= 1.00        0                           0
GREATEST
 24 HR. TOTAL    0.68   10/31 TO 10/31    10/28 TO 10/29
                                                   10/31 TO 10/31
                                                   10/31 TO 10/31

DEGREE_DAYS
HEATING TOTAL      31                         193
 SINCE 7/1         55                         374
COOLING TOTAL      84                          13
 SINCE 1/1        347                         128
..........................................................

WIND (MPH)
AVERAGE WIND SPEED              4.0
RESULTANT WIND SPEED/DIRECTION   2/233
HIGHEST WIND SPEED/DIRECTION    23/200    DATE  10/14
HIGHEST GUST SPEED/DIRECTION    34/210    DATE  10/14

SKY COVER
POSSIBLE SUNSHINE (PERCENT)   MM
AVERAGE SKY COVER           0.20
NUMBER OF DAYS FAIR           20
NUMBER OF DAYS PC             10
NUMBER OF DAYS CLOUDY          1

AVERAGE RH (PERCENT)     64

WEATHER CONDITIONS. NUMBER OF DAYS WITH
THUNDERSTORM              0     MIXED PRECIP               0
HEAVY RAIN                1     RAIN                       2
LIGHT RAIN                3     FREEZING RAIN              0
LT FREEZING RAIN          0     HAIL                       0
HEAVY SNOW                0     SNOW                       0
LIGHT SNOW                0     SLEET                      0
FOG                      15     FOG W/VIS <= 1/4 MILE      8
HAZE                      4

-  INDICATES NEGATIVE NUMBERS.
R  INDICATES RECORD WAS SET OR TIED.
MM INDICATES DATA IS MISSING.
T  INDICATES TRACE AMOUNT.

$$




U.S. Dept. of Commerce
NOAA National Weather Service
1325 East West Highway
Silver Spring, MD 20910
E-mail: w-nws.webmaster@noaa.gov
Page last modified: May 16, 2007
NATIONAL WEATHER SERVICE: for Safety, for Work, for Fun - FOR LIFE