180
CXUS56 KMTR 031330
CLMWVI


CLIMATE REPORT
NATIONAL WEATHER SERVICE SAN FRANCISCO BAY AREA
630 AM PDT THU APR 3 2014

...................................

...THE WATSONVILLE AIRPORT CLIMATE SUMMARY FOR THE MONTH OF MARCH 2014...

CLIMATE NORMAL PERIOD 1981 TO 2010
CLIMATE RECORD PERIOD 1998 TO 2014

WEATHER         OBSERVED          NORMAL   LAST YEAR`S
                 VALUE   DATE(S)  VALUE    VALUE  DATE(S)

.........................................................
TEMPERATURE (F)
HIGHEST            79   03/12        MM        78  03/01
                        03/09
LOWEST             41   03/31        MM        37  03/10
                        03/24
                        03/18
AVG. MAXIMUM     67.2                        63.9
AVG. MINIMUM     46.6                        43.4
MEAN             56.9              53.2      53.7
DAYS MAX >= 90      0                           0
DAYS MAX <= 32      0                           0
DAYS MIN <= 32      0                           0
DAYS MIN <= 0       0                           0

PRECIPITATION (INCHES)
RECORD
 MAXIMUM           MM   MM
 MINIMUM           MM   MM
TOTALS           2.29                        0.59
DAILY AVG.       0.07                        0.02
DAYS >= .01        11                           8
DAYS >= .10         5                           3
DAYS >= .50         1                           0
DAYS >= 1.00        0                           0
GREATEST
 24 HR. TOTAL    0.60   03/26 TO 03/26    03/07 TO 03/07
                                                   03/31 TO 03/31
                                                   03/31 TO 03/31

DEGREE_DAYS
HEATING TOTAL     243                         346
 SINCE 7/1       1982                        2519
COOLING TOTAL       0                           0
 SINCE 1/1          0                           0
..........................................................

WIND (MPH)
AVERAGE WIND SPEED              3.8
RESULTANT WIND SPEED/DIRECTION   1/204
HIGHEST WIND SPEED/DIRECTION    24/190    DATE  03/31
HIGHEST GUST SPEED/DIRECTION    33/170    DATE  03/31

SKY COVER
POSSIBLE SUNSHINE (PERCENT)   MM
AVERAGE SKY COVER           0.40
NUMBER OF DAYS FAIR           14
NUMBER OF DAYS PC             11
NUMBER OF DAYS CLOUDY          6

AVERAGE RH (PERCENT)     71

WEATHER CONDITIONS. NUMBER OF DAYS WITH
THUNDERSTORM              0     MIXED PRECIP               0
HEAVY RAIN                2     RAIN                       5
LIGHT RAIN               12     FREEZING RAIN              0
LT FREEZING RAIN          0     HAIL                       0
HEAVY SNOW                0     SNOW                       0
LIGHT SNOW                0     SLEET                      0
FOG                      22     FOG W/VIS <= 1/4 MILE      5
HAZE                      8

-  INDICATES NEGATIVE NUMBERS.
R  INDICATES RECORD WAS SET OR TIED.
MM INDICATES DATA IS MISSING.
T  INDICATES TRACE AMOUNT.

$$




U.S. Dept. of Commerce
NOAA National Weather Service
1325 East West Highway
Silver Spring, MD 20910
E-mail: w-nws.webmaster@noaa.gov
Page last modified: May 16, 2007
NATIONAL WEATHER SERVICE: for Safety, for Work, for Fun - FOR LIFE