251
CXUS55 KRIW 011741
CLMWRL

CLIMATE REPORT
NATIONAL WEATHER SERVICE RIVERTON WY
1115 AM MDT TUE JUL 1 2014

...PRELIMINARY MONTHLY CLIMATE SUMMARY FOR WORLAND MUNICIPAL AIRPORT
FOR THE MONTH OF JUNE 2014...

...OFFICIAL CLIMATE DATA FOR THE MONTH OF JUNE 2014 WILL BE
AVAILABLE APPROXIMATELY IN AUGUST 2014 FROM THE NATIONAL CLIMATIC
DATA CENTER (HTTP://WWW.NCDC.NOAA.GOV/OL/CLIMATEDATA.HTML).
UNOFFICIAL ASOS DAILY SUMMARIES ARE AVAILABLE ON THE INTERNET AT
HTTP://WWW.CRH.NOAA.GOV/RIW/CLIMATE/...

...WORLAND WAS COOLER AND WETTER THAN NORMAL IN JUNE...

THE AVERAGE TEMPERATURE FOR WORLAND IN JUNE WAS 62.7 DEGREES...WHICH
WAS 2.0 DEGREES BELOW NORMAL. THE WARMEST DAILY HIGH WAS 89 DEGREES
ON THE 13TH. THE COLDEST READING WAS 36 DEGREES ON THE 15TH...WHICH
ALSO SET A NEW DAILY LOW RECORD...BREAKING THE OLD RECORD OF 39
DEGREES SET BACK IN 1991. ANOTHER RECORD LOW WAS TIED ON THE 19TH
WITH THE READING OF 40 DEGREES...LAST SET BACK IN 1979.

TOTAL PRECIPITATION FOR THE MONTH WAS 1.62 INCHES...WHICH WAS 141
PERCENT OF NORMAL. THE WETTEST 24 HOUR PERIOD OF THE MONTH WAS THE
24TH...WHEN 0.46 INCHES OF RAIN FELL. THE HIGHEST WIND GUST WAS 50
MPH...WHICH OCCURRED ON THE 22ND.

...THE WORLAND WY CLIMATE SUMMARY FOR THE MONTH OF JUNE 2014...

CLIMATE NORMAL PERIOD 1981 TO 2010
CLIMATE RECORD PERIOD 1947 TO 2014

WEATHER         OBSERVED          NORMAL  DEPART
                 VALUE   DATE(S)  VALUE   FROM
                                          NORMAL
................................................
TEMPERATURE (F)
RECORD
 HIGH             107   06/30/1990
                        06/27/1970
 LOW               32   06/12/1969
HIGHEST            89   06/13
LOWEST             36   06/15
AVG. MAXIMUM     77.8              80.3    -2.5
AVG. MINIMUM     47.6              49.1    -1.5
MEAN             62.7              64.7    -2.0
DAYS MAX >= 90      0
DAYS MAX <= 32      0
DAYS MIN <= 32      0
DAYS MIN <= 0       0

PRECIPITATION (INCHES)
RECORD
 MAXIMUM         3.47   MM
 MINIMUM         0.01   2012
TOTALS           1.62              1.15    0.47
DAILY AVG.       0.05
DAYS >= .01        11
DAYS >= .10         5
DAYS >= .50         0
DAYS >= 1.00        0
GREATEST
 24 HR. TOTAL    0.46   06/22 TO 06/22

DEGREE_DAYS
HEATING TOTAL      90                93      -3
 SINCE 7/1       8277              7869     408
COOLING TOTAL      29                84     -55
 SINCE 1/1         59                96     -37
.................................................

WIND (MPH)
AVERAGE WIND SPEED              7.2
RESULTANT WIND SPEED/DIRECTION   0/360
HIGHEST WIND SPEED/DIRECTION    39/330    DATE  06/22
HIGHEST GUST SPEED/DIRECTION    50/330    DATE  06/22

SKY COVER
POSSIBLE SUNSHINE (PERCENT)   MM
AVERAGE SKY COVER           0.20
NUMBER OF DAYS FAIR           22
NUMBER OF DAYS PC              8
NUMBER OF DAYS CLOUDY          0

AVERAGE RH (PERCENT)     54

WEATHER CONDITIONS. NUMBER OF DAYS WITH
THUNDERSTORM              9     MIXED PRECIP               0
HEAVY RAIN                2     RAIN                       3
LIGHT RAIN               17     FREEZING RAIN              0
LT FREEZING RAIN          0     HAIL                       0
HEAVY SNOW                0     SNOW                       0
LIGHT SNOW                0     SLEET                      0
FOG                       6     FOG W/VIS <= 1/4 MILE      0
HAZE                      0

-  INDICATES NEGATIVE NUMBERS.
R  INDICATES RECORD WAS SET OR TIED.
MM INDICATES DATA IS MISSING.
T  INDICATES TRACE AMOUNT.

LOOKING AHEAD TO JULY 2014...THE AVERAGE HIGH TEMPERATURE ON THE
FIRST OF THE MONTH IS 86 DEGREES...AND THE AVERAGE LOW TEMPERATURE
IS 53 DEGREES. THE AVERAGE HIGH BY THE END OF THE MONTH IS 90
DEGREES...AND THE AVERAGE LOW IS 56. THE AVERAGE MONTHLY
PRECIPITATION IS 0.71 INCHES.

$$







U.S. Dept. of Commerce
NOAA National Weather Service
1325 East West Highway
Silver Spring, MD 20910
E-mail: w-nws.webmaster@noaa.gov
Page last modified: May 16, 2007
NATIONAL WEATHER SERVICE: for Safety, for Work, for Fun - FOR LIFE