746
CXUS55 KLKN 040250
CLMWMC


CLIMATE REPORT
NATIONAL WEATHER SERVICE ELKO NV
633 PM PST MON NOV 3 2014

...................................

...THE WINNEMUCCA AIRPORT NV CLIMATE SUMMARY FOR THE MONTH OF OCTOBER 2014...

CLIMATE NORMAL PERIOD 1981 TO 2010
CLIMATE RECORD PERIOD 1877 TO 2014

WEATHER         OBSERVED          NORMAL  DEPART  LAST YEAR`S
                 VALUE   DATE(S)  VALUE   FROM    VALUE  DATE(S)
                                          NORMAL
................................................................
TEMPERATURE (F)
RECORD
 HIGH              94   10/01/2010
 LOW               -2   10/31/2002
HIGHEST            85   10/07        84       1       77  10/06
LOWEST             18   10/28        15       3       16  10/16
                        10/27
AVG. MAXIMUM     72.1              66.9     5.2     63.5
AVG. MINIMUM     30.5              29.5     1.0     25.1
MEAN             51.3              48.2     3.1     44.3
DAYS MAX >= 90      0               0.2    -0.2        0
DAYS MAX <= 32      0               0.0     0.0        0
DAYS MIN <= 32     20              19.5     0.5       25
DAYS MIN <= 0       0               0.0     0.0        0

PRECIPITATION (INCHES)
RECORD
 MAXIMUM         2.93   1946
 MINIMUM         0.00   1880
TOTALS           0.09              0.67   -0.58     1.48
DAILY AVG.       0.00              0.02   -0.02     0.05
DAYS >= .01         2               4.7    -2.7        6
DAYS >= .10         0               2.1    -2.1        3
DAYS >= .50         0               0.1    -0.1        1
DAYS >= 1.00        0               0.0     0.0        1
GREATEST
 24 HR. TOTAL    0.05   10/21 TO 10/21              1.04

SNOWFALL (INCHES)
RECORDS
 TOTAL           10.0   1899
TOTALS            0.0               0.5    -0.5      6.6
SINCE 7/1           T               0.5    -0.5      6.6
SNOWDEPTH AVG.      0                                  0
DAYS >= TRACE       0               0.5    -0.5        2
DAYS >= 1.0         0               0.2    -0.2        2
DAYS >= 5.0         0                                  0
GREATEST
 SNOW DEPTH         0   MM                             2
 24 HR TOTAL      0.0   10/31 TO 10/31               4.1

DEGREE_DAYS
HEATING TOTAL     420               521    -101      634
 SINCE 7/1        524               725    -201      782
COOLING TOTAL       0                 0       0        0
 SINCE 1/1        674               541     133      762
.................................................................

WIND (MPH)
AVERAGE WIND SPEED              5.5
HIGHEST WIND SPEED/DIRECTION    36/290    DATE  10/25
HIGHEST GUST SPEED/DIRECTION    47/290    DATE  10/25

AVERAGE RH (PERCENT)     44

WEATHER CONDITIONS. NUMBER OF DAYS WITH
THUNDERSTORM              0     MIXED PRECIP               0
HEAVY RAIN                0     RAIN                       0
LIGHT RAIN                4     FREEZING RAIN              0
LT FREEZING RAIN          0     HAIL                       0
HEAVY SNOW                0     SNOW                       0
LIGHT SNOW                0     SLEET                      0
FOG                       2     FOG W/VIS <= 1/4 MILE      0
HAZE                      2

-  INDICATES NEGATIVE NUMBERS.
R  INDICATES RECORD WAS SET OR TIED.
MM INDICATES DATA IS MISSING.
T  INDICATES TRACE AMOUNT.

&&

=================================================================

...24TH WARMEST OCTOBER ON RECORD IN WINNEMUCCA...
...27TH DRIEST OCTOBER ON RECORD IN WINNEMUCCA...

THE AVERAGE TEMPERATURE IN WINNEMUCCA DURING OCTOBER 2014 WAS
51.3 DEGREES...WHICH IS 3.1 DEGREES ABOVE THE 1981-2010
CLIMATOLOGICAL NORMAL OF 48.2 DEGREES. THIS MAKES OCTOBER 2014
THE 24TH WARMEST ON RECORD. THE TOTAL PRECIPITATION WAS 0.09
INCHES...WHICH IS 0.58 INCHES OR 87 PERCENT BELOW THE 1981-2010
CLIMATOLOGICAL NORMAL OF 0.67 INCHES. THIS MAKES OCTOBER 2014
THE 27TH DRIEST ON RECORD. NO SNOW FELL...WHICH IS 0.5 INCHES OR
100 PERCENT BELOW THE 1981-2010 CLIMATOLOGICAL NORMAL OF 0.5
INCHES. WHILE THIS HAS OCCURRED ON NUMEROUS OCCASIONS IN THE
PAST...IT ISN`T VERY COMMON.

NO DAILY RECORDS WERE SET IN WINNEMUCCA DURING OCTOBER 2014.

$$

RCM




U.S. Dept. of Commerce
NOAA National Weather Service
1325 East West Highway
Silver Spring, MD 20910
E-mail: w-nws.webmaster@noaa.gov
Page last modified: May 16, 2007
NATIONAL WEATHER SERVICE: for Safety, for Work, for Fun - FOR LIFE