547
CXUS46 KLOX 011605
CLMWJF


CLIMATE REPORT
NATIONAL WEATHER SERVICE LOS ANGELES/OXNARD CA
904 AM PDT TUE APR 1 2014

...................................

...THE LANCASTER FOX FIELD CA CLIMATE SUMMARY FOR THE MONTH OF MARCH 2014...

CLIMATE NORMAL PERIOD 1981 TO 2010
CLIMATE RECORD PERIOD 1948 TO 2014

WEATHER         OBSERVED          NORMAL  DEPART  LAST YEAR`S
                 VALUE   DATE(S)  VALUE   FROM    VALUE
                                          NORMAL
.............................................................
TEMPERATURE (F)
HIGHEST            81   03/24
                        03/16
LOWEST             30   03/19
AVG. MAXIMUM     69.9              67.1     2.8
AVG. MINIMUM     41.1              39.3     1.8
MEAN             55.5              53.2     2.3
DAYS MAX >= 90      0
DAYS MAX <= 32      0
DAYS MIN <= 32      2
DAYS MIN <= 0       0

PRECIPITATION (INCHES)
TOTALS           0.22              1.14   -0.92
DAILY AVG.       0.01
DAYS >= .01         1
DAYS >= .10         1
DAYS >= .50         0
DAYS >= 1.00        0
GREATEST
 24 HR. TOTAL    0.22   03/01 TO 03/01
 STORM TOTAL       MM
 (MM/DD(HH))

DEGREE_DAYS
HEATING TOTAL     287               368     -81      206
 SINCE 7/1       2524              2661    -137     2578
COOLING TOTAL       0                 2      -2       12
 SINCE 1/1          6                 2       4       12
..............................................................

WIND (MPH)
AVERAGE WIND SPEED              10.5
HIGHEST WIND SPEED/DIRECTION    41/270    DATE  03/17
HIGHEST GUST SPEED/DIRECTION    47/270    DATE  03/17

SKY COVER
POSSIBLE SUNSHINE (PERCENT)   MM
AVERAGE SKY COVER           0.10
NUMBER OF DAYS FAIR           28
NUMBER OF DAYS PC              2
NUMBER OF DAYS CLOUDY          1

AVERAGE RH (PERCENT)     47

WEATHER CONDITIONS. NUMBER OF DAYS WITH
THUNDERSTORM              0     MIXED PRECIP               0
HEAVY RAIN                0     RAIN                       1
LIGHT RAIN                1     FREEZING RAIN              0
LT FREEZING RAIN          0     HAIL                       0
HEAVY SNOW                0     SNOW                       0
LIGHT SNOW                0     SLEET                      0
FOG                       1     FOG W/VIS <= 1/4 MILE      0
HAZE                      6

-  INDICATES NEGATIVE NUMBERS.
R  INDICATES RECORD WAS SET OR TIED.
MM INDICATES DATA IS MISSING.
T  INDICATES TRACE AMOUNT.

$$




U.S. Dept. of Commerce
NOAA National Weather Service
1325 East West Highway
Silver Spring, MD 20910
E-mail: w-nws.webmaster@noaa.gov
Page last modified: May 16, 2007
NATIONAL WEATHER SERVICE: for Safety, for Work, for Fun - FOR LIFE