523
CXUS53 KLBF 011141
CLMVTN


CLIMATE REPORT
NATIONAL WEATHER SERVICE NORTH PLATTE
541 AM CST THU JAN 1 2015

...................................

...THE VALENTINE NE CLIMATE SUMMARY FOR THE MONTH OF DECEMBER 2014...

CLIMATE NORMAL PERIOD 1981 TO 2010
CLIMATE RECORD PERIOD 1885 TO 2014

WEATHER         OBSERVED          NORMAL  DEPART  LAST YEAR`S
                 VALUE   DATE(S)  VALUE   FROM    VALUE  DATE(S)
                                          NORMAL
................................................................
TEMPERATURE (F)
RECORD
 HIGH              76   12/11/1939
 LOW              -39   12/22/1989
HIGHEST            62   12/11        60       2       57  12/02
LOWEST            -18   12/30       -14      -4      -26  12/06
AVG. MAXIMUM     38.6              36.6     2.0     30.8
AVG. MINIMUM     13.5              11.0     2.5      6.1
MEAN             26.1              23.8     2.3     18.5
DAYS MAX >= 90      0               0.0     0.0        0
DAYS MAX <= 32     12              10.7     1.3       14
DAYS MIN <= 32     30              30.6    -0.6       31
DAYS MIN <= 0       6               5.3     0.7        8

PRECIPITATION (INCHES)
RECORD
 MAXIMUM         1.81   1987
 MINIMUM            T   2004
                        2001
                        1991
TOTALS           0.90              0.37    0.53     0.71
DAILY AVG.       0.03              0.01    0.02     0.02
DAYS >= .01         9               4.5     4.5        6
DAYS >= .10         3               1.0     2.0        2
DAYS >= .50         0               0.1    -0.1        0
DAYS >= 1.00        0               0.0     0.0        0
GREATEST
 24 HR. TOTAL    0.45   12/14 TO 12/15           12/03 TO 12/04
                                                          12/04 TO 12/04
                                                          12/04 TO 12/04

SNOWFALL (INCHES)
RECORDS
 TOTAL           22.5   1987
TOTALS            8.7               5.1     3.6     12.2
SINCE 7/1        15.1              12.7     2.4     19.0
SNOWDEPTH AVG.      1                 2      -1        3
DAYS >= 1.0         3               1.6     1.4        2
GREATEST
 SNOW DEPTH         4   12/31                         11  12/05
                        12/30
                        12/29
 24 HR TOTAL      3.5   12/15 TO 12/15

DEGREE_DAYS
HEATING TOTAL    1202              1277     -75     1433
 SINCE 7/1       2806              2895     -89     2992
COOLING TOTAL       0                 0       0        0
 SINCE 1/1        724               821     -97      964
.....................................................

WIND (MPH)
AVERAGE WIND SPEED              10.3
HIGHEST WIND SPEED/DIRECTION    35/340    DATE  12/15
HIGHEST GUST SPEED/DIRECTION    46/330    DATE  12/15

SKY COVER
POSSIBLE SUNSHINE (PERCENT)   MM
AVERAGE SKY COVER           0.40
NUMBER OF DAYS FAIR           16
NUMBER OF DAYS PC              6
NUMBER OF DAYS CLOUDY          9

AVERAGE RH (PERCENT)     72

WEATHER CONDITIONS. NUMBER OF DAYS WITH
THUNDERSTORM              0     MIXED PRECIP               0
HEAVY RAIN                0     RAIN                       0
LIGHT RAIN                2     FREEZING RAIN              1
LT FREEZING RAIN          3     HAIL                       0
HEAVY SNOW                0     SNOW                       1
LIGHT SNOW                9     SLEET                      0
FOG                      15     FOG W/VIS <= 1/4 MILE      6
HAZE                      8

-  INDICATES NEGATIVE NUMBERS.
R  INDICATES RECORD WAS SET OR TIED.
MM INDICATES DATA IS MISSING.
T  INDICATES TRACE AMOUNT.

$$




U.S. Dept. of Commerce
NOAA National Weather Service
1325 East West Highway
Silver Spring, MD 20910
E-mail: w-nws.webmaster@noaa.gov
Page last modified: May 16, 2007
NATIONAL WEATHER SERVICE: for Safety, for Work, for Fun - FOR LIFE