724
CXUS53 KLBF 011331
CLMVTN

CLIMATE REPORT
NATIONAL WEATHER SERVICE NORTH PLATTE
726 AM CST MON DEC 1 2014

...................................

...THE VALENTINE NE CLIMATE SUMMARY FOR THE MONTH OF NOVEMBER 2014...

CLIMATE NORMAL PERIOD 1981 TO 2010
CLIMATE RECORD PERIOD 1885 TO 2014

WEATHER         OBSERVED          NORMAL  DEPART  LAST YEAR`S
                 VALUE   DATE(S)  VALUE   FROM    VALUE  DATE(S)
                                          NORMAL
................................................................
TEMPERATURE (F)
RECORD
 HIGH              86   11/08/1999
                        11/07/1999
 LOW              -22   11/14/1959
HIGHEST            73   11/02        71       2       67  11/13
LOWEST            -14   11/18               -13       -8  11/22
AVG. MAXIMUM     44.0              47.7    -3.7     49.0
AVG. MINIMUM     15.7              21.2    -5.5     20.2
MEAN             29.8              34.4    -4.6     34.6
DAYS MAX >= 90      0               0.0     0.0        0
DAYS MAX <= 32      8               4.8     3.2        4
DAYS MIN <= 32     27              25.7     1.3       29
DAYS MIN <= 0       6               1.4     4.6        1

PRECIPITATION (INCHES)
RECORD
 MAXIMUM         2.81   1944
 MINIMUM            T   1939
TOTALS           0.55              0.65   -0.10     0.52
DAILY AVG.       0.02              0.02    0.00     0.02
DAYS >= .01         4               4.6    -0.6        5
DAYS >= .10         2               1.9     0.1        2
DAYS >= .50         0               0.2    -0.2        0
DAYS >= 1.00        0               0.1    -0.1        0
GREATEST
 24 HR. TOTAL    0.44   11/14 TO 11/15           11/05 TO 11/05
                                                          11/05 TO 11/05
                                                          11/05 TO 11/05

SNOWFALL (INCHES)
RECORDS
 TOTAL           34.5   1944
TOTALS            6.4               5.4     1.0      5.8
SINCE 7/1         6.4               7.6    -1.2      6.8
SNOWDEPTH AVG.      1                MM      MM        0
DAYS >= 1.0         1               1.7    -0.7        2
GREATEST
 SNOW DEPTH         6   11/16                          2  11/22
                                                          11/06
 24 HR TOTAL      6.4   11/15 TO 11/15

DEGREE_DAYS
HEATING TOTAL    1049               916     133      904
 SINCE 7/1       1604              1618     -14     1559
COOLING TOTAL       0                 0       0        0
 SINCE 1/1        724               821     -97      964
......................................................

WIND (MPH)
AVERAGE WIND SPEED              11.9
HIGHEST WIND SPEED/DIRECTION    39/320    DATE  11/23
HIGHEST GUST SPEED/DIRECTION    51/320    DATE  11/23

SKY COVER
POSSIBLE SUNSHINE (PERCENT)   MM
AVERAGE SKY COVER           0.40
NUMBER OF DAYS FAIR           12
NUMBER OF DAYS PC             15
NUMBER OF DAYS CLOUDY          1

AVERAGE RH (PERCENT)     65

WEATHER CONDITIONS. NUMBER OF DAYS WITH
THUNDERSTORM              0     MIXED PRECIP               0
HEAVY RAIN                0     RAIN                       1
LIGHT RAIN                2     FREEZING RAIN              0
LT FREEZING RAIN          0     HAIL                       0
HEAVY SNOW                1     SNOW                       1
LIGHT SNOW                8     SLEET                      0
FOG                       6     FOG W/VIS <= 1/4 MILE      0
HAZE                      7

-  INDICATES NEGATIVE NUMBERS.
R  INDICATES RECORD WAS SET OR TIED.
MM INDICATES DATA IS MISSING.
T  INDICATES TRACE AMOUNT.

$$







U.S. Dept. of Commerce
NOAA National Weather Service
1325 East West Highway
Silver Spring, MD 20910
E-mail: w-nws.webmaster@noaa.gov
Page last modified: May 16, 2007
NATIONAL WEATHER SERVICE: for Safety, for Work, for Fun - FOR LIFE