892
CXUS52 KMLB 012111
CLMVRB

CLIMATE REPORT
NATIONAL WEATHER SERVICE MELBOURNE FL
500 PM EDT MON SEP 1 2014

...................................

...THE VERO BEACH CLIMATE SUMMARY FOR THE MONTH OF AUGUST 2014...

CLIMATE NORMAL PERIOD 1981 TO 2010
CLIMATE RECORD PERIOD 1942 TO 2014

WEATHER         OBSERVED          NORMAL  DEPART  LAST YEAR`S
                 VALUE   DATE(S)  VALUE   FROM    VALUE  DATE(S)
                                          NORMAL
................................................................
TEMPERATURE (F)
MONTHLY RECORDS
 WARMEST         83.7   2011
 COOLEST         79.8   1967

DAILY RECORDS
 HIGH              98   08/02/1999
                        08/07/1989
 LOW               63   08/03/1972

AUGUST 2014
HIGHEST            94   08/13                         93
LOWEST             70   08/28                         69
                        08/27
                        08/12
AVG. MAXIMUM     90.2              89.8     0.4     89.4
AVG. MINIMUM     72.9              73.6    -0.7     73.7
MEAN             81.5              81.7    -0.2     81.6
DAYS MAX >= 90     17              14.0     3.0       19
DAYS MAX <= 32      0               0.0     0.0        0
DAYS MIN <= 32      0               0.0     0.0        0
DAYS MIN <= 0       0               0.0     0.0        0

PRECIPITATION (INCHES)
MONTHLY RECORDS
 MAXIMUM        18.91   2008
 MINIMUM         1.22   1980

DAILY RECORD
 MAXIMUM         6.48   08/27/2012

AUGUST 2014
TOTALS           6.29              7.03   -0.74     1.47
DAYS >= .01        16              14.2     1.8       11
DAYS >= .10        10               9.1     0.9        4
DAYS >= .50         5               4.2     0.8        1
DAYS >= 1.00        3               2.0     1.0        0
GREATEST
 24 HR. TOTAL    1.65   08/14 TO 08/15

SNOWFALL (INCHES)
TOTALS            0.0               0.0     0.0      0.0
SINCE 7/1         0.0               0.0     0.0      0.0
DAYS >= TRACE       0                                  0

DEGREE_DAYS
HEATING TOTAL       0                 0       0        0
 SINCE 7/1          0                 0       0        0
COOLING TOTAL     519               518       1      518
 SINCE 1/1       2367              2298      69     2406
.................................................................

WIND (MPH)
AVERAGE WIND SPEED              6.2
HIGHEST WIND SPEED/DIRECTION    37/280    DATE  08/16
HIGHEST GUST SPEED/DIRECTION    49/270    DATE  08/16

SKY COVER
POSSIBLE SUNSHINE (PERCENT)   MM
AVERAGE SKY COVER           0.20
NUMBER OF DAYS FAIR           27
NUMBER OF DAYS PC              4
NUMBER OF DAYS CLOUDY          0

AVERAGE RH (PERCENT)     77

WEATHER CONDITIONS. NUMBER OF DAYS WITH
THUNDERSTORM             15     MIXED PRECIP               0
HEAVY RAIN                5     RAIN                       7
LIGHT RAIN               18     LT FREEZING RAIN           0
HAIL                      0     LIGHT SNOW                 0
SLEET                     0     FOG                       19
FOG W/VIS <= 1/4 MILE     1     HAZE                       5

-  INDICATES NEGATIVE NUMBERS.
R  INDICATES RECORD WAS SET OR TIED.
MM INDICATES DATA IS MISSING.
T  INDICATES TRACE AMOUNT.


==================================================================


...THE VERO BEACH CLIMATE SUMMARY FOR THE SUMMER SEASON,
FROM 6/1/2014 TO 8/31/2014...

CLIMATE NORMAL PERIOD 1981 TO 2010
CLIMATE RECORD PERIOD 1942 TO 2014

WEATHER         OBSERVED          NORMAL  DEPART  LAST YEAR`S
                 VALUE   DATE(S)  VALUE   FROM    VALUE  DATE(S)
                                          NORMAL
................................................................
TEMPERATURE (F)
SUMMER RECORDS
 WARMEST 83.12010
 COOLEST   79.2 1974

DAILY RECORDS
 HIGH             102   06/22/2009
 LOW               57   06/01/1984

SUMMER 2014
HIGHEST            94   08/13           95
LOWEST             65   06/05             69
AVG. MAXIMUM     89.0              89.4    -0.4     88.8
AVG. MINIMUM     71.8              73.0    -1.2     73.4
MEAN             80.4              81.2    -0.8     81.1
DAYS MAX >= 90     35              36.8    -1.8       37
DAYS MAX <= 32      0               0.0     0.0        0
DAYS MIN <= 32      0               0.0     0.0        0
DAYS MIN <= 0       0               0.0     0.0        0

PRECIPITATION (INCHES)
SUMMER RECORDS
 MAXIMUM        35.32   1968
 MINIMUM         8.24   1950

SUMMER 2014
TOTALS          20.13             19.33    0.80    12.46
DAYS >= .01        47              41.5     5.5       41
DAYS >= .10        33              27.4     5.6       23
DAYS >= .50        15              12.5     2.5        7
DAYS >= 1.00        6               6.3    -0.3        2
GREATEST
 24 HR. TOTAL    2.31   06/12 TO 06/13

SNOWFALL (INCHES)
TOTALS            0.0               0.0     0.0      0.0
SINCE 7/1         0.0                                0.0
DAYS >= TRACE       0                                  0

DEGREE_DAYS
HEATING TOTAL       0                 0       0        0
COOLING TOTAL    1441              1491     -50     1499
.................................................................

WIND (MPH)
AVERAGE WIND SPEED              6.4
HIGHEST WIND SPEED/DIRECTION    52/270    DATE  06/13
HIGHEST GUST SPEED/DIRECTION    60/260    DATE  06/13

SKY COVER
POSSIBLE SUNSHINE (PERCENT)   MM
AVERAGE SKY COVER           0.20
NUMBER OF DAYS FAIR           79
NUMBER OF DAYS PC             12
NUMBER OF DAYS CLOUDY          1

AVERAGE RH (PERCENT)     80

WEATHER CONDITIONS. NUMBER OF DAYS WITH
THUNDERSTORM             58     MIXED PRECIP               0
HEAVY RAIN               23     RAIN                      23
LIGHT RAIN               54     HAIL                       0
SLEET                     0     FOG                       54
FOG W/VIS <= 1/4 MILE     2     HAZE                      15

-  INDICATES NEGATIVE NUMBERS.
R  INDICATES RECORD WAS SET OR TIED.
MM INDICATES DATA IS MISSING.
T  INDICATES TRACE AMOUNT.

$$

ULRICH








U.S. Dept. of Commerce
NOAA National Weather Service
1325 East West Highway
Silver Spring, MD 20910
E-mail: w-nws.webmaster@noaa.gov
Page last modified: May 16, 2007
NATIONAL WEATHER SERVICE: for Safety, for Work, for Fun - FOR LIFE