378
CXUS52 KMLB 011455
CLMVRB


CLIMATE REPORT
NATIONAL WEATHER SERVICE MELBOURNE
1055 AM EDT TUE APR 1 2014

...................................

...THE VERO BEACH CLIMATE SUMMARY FOR THE MONTH OF MARCH 2014...

CLIMATE NORMAL PERIOD 1981 TO 2010
CLIMATE RECORD PERIOD 1942 TO 2014

WEATHER         OBSERVED          NORMAL  DEPART  LAST YEAR`S
                 VALUE   DATE(S)  VALUE   FROM    VALUE  DATE(S)
                                          NORMAL
................................................................
TEMPERATURE (F)
MONTHLY RECORD
 HOTTEST         74.0   1997
 COLDEST         61.2   2010
                        1969
DAILY RECORD
 HIGH              93   03/20/2003
 LOW               26   03/03/1980
MARCH 2014
HIGHEST            87   03/22                         91
LOWEST             47   03/26                         31
AVG. MAXIMUM     78.6              77.2     1.4     73.9
AVG. MINIMUM     57.0              57.6    -0.6     48.7
MEAN             67.8              67.4     0.4     61.3
DAYS MAX >= 90      0               0.1    -0.1        2
DAYS MAX <= 32      0               0.0     0.0        0
DAYS MIN <= 32      0               0.0     0.0        1
DAYS MIN <= 0       0               0.0     0.0        0

PRECIPITATION (INCHES)
MONTHLY RECORD
 MAXIMUM        12.78   1993
 MINIMUM         0.09   1956
DAILY RECORD
 MAXIMUM         6.80   3/21/1993
MARCH 2014
TOTALS           1.95              4.12   -2.17     1.10
DAYS >= .01         6               8.0    -2.0        6
DAYS >= .10         3               5.0    -2.0        2
DAYS >= .50         1               2.6    -1.6        1
DAYS >= 1.00        1               1.0     0.0        0
GREATEST
 24 HR. TOTAL    1.25   03/29 TO 03/29

SNOWFALL (INCHES)
TOTALS            0.0               0.0     0.0      0.0
SINCE 7/1         0.0               0.0     0.0      0.0
DAYS >= TRACE       0                                  0

DEGREE_DAYS
HEATING TOTAL      28                55     -27      170
 SINCE 7/1        263               440    -177      398
COOLING TOTAL     120               129      -9       62
 SINCE 1/1        328               268      60      297
.................................................................

WIND (MPH)
AVERAGE WIND SPEED              9.2
HIGHEST WIND SPEED/DIRECTION    39/270    DATE  03/18
HIGHEST GUST SPEED/DIRECTION    54/270    DATE  03/18

SKY COVER
POSSIBLE SUNSHINE (PERCENT)   MM
AVERAGE SKY COVER           0.30
NUMBER OF DAYS FAIR           20
NUMBER OF DAYS PC             11
NUMBER OF DAYS CLOUDY          0

AVERAGE RH (PERCENT)     74

WEATHER CONDITIONS. NUMBER OF DAYS WITH
THUNDERSTORM              2     MIXED PRECIP               0
HEAVY RAIN                2     RAIN                       4
LIGHT RAIN               11     LT FREEZING RAIN           0
HAIL                      0     LIGHT SNOW                 0
SLEET                     0     FOG                       17
FOG W/VIS <= 1/4 MILE     2     HAZE                       1

-  INDICATES NEGATIVE NUMBERS.
R  INDICATES RECORD WAS SET OR TIED.
MM INDICATES DATA IS MISSING.
T  INDICATES TRACE AMOUNT.

$$





U.S. Dept. of Commerce
NOAA National Weather Service
1325 East West Highway
Silver Spring, MD 20910
E-mail: w-nws.webmaster@noaa.gov
Page last modified: May 16, 2007
NATIONAL WEATHER SERVICE: for Safety, for Work, for Fun - FOR LIFE