297
CXUS53 KLOT 011319
CLMVPZ

CLIMATE REPORT
NATIONAL WEATHER SERVICE CHICAGO IL
759 AM CDT SAT NOV 1 2014

...................................
...THE VALPARAISO CLIMATE SUMMARY FOR THE MONTH OF OCTOBER 2014...

CLIMATE NORMAL PERIOD 1981 TO 2010
CLIMATE RECORD PERIOD 1998 TO 2014

WEATHER         OBSERVED          NORMAL  DEPART  LAST YEAR`S
                 VALUE   DATE(S)  VALUE   FROM    VALUE
                                          NORMAL
.............................................................
TEMPERATURE (F)
RECORD
 HIGH              88   10/08/2007
                        10/07/2007
                        10/06/2007
 LOW               25   10/22/2013
                        10/25/2006
                        01/05/1999

HIGHEST            76   10/27        MM      MM       82
                        10/02
LOWEST             30   10/23        MM      MM       25

AVG. MAXIMUM     61.2              62.7    -1.5     62.6
AVG. MINIMUM     42.3              42.2     0.1     40.7
MEAN             51.8              52.4    -0.6     51.7

PRECIPITATION (INCHES)
RECORD
 MAXIMUM         8.31   2001
 MINIMUM         0.90   1998

TOTALS           4.22              3.25    0.97     4.22

DEGREE_DAYS
HEATING TOTAL     403               400       3      431
 SINCE 7/1        574               530      44      539
COOLING TOTAL       3                11      -8       25
 SINCE 1/1        611               713    -102      810
..............................................................

WIND (MPH)
AVERAGE WIND SPEED              8.2
HIGHEST WIND SPEED/DIRECTION    30/320    DATE  10/31
HIGHEST GUST SPEED/DIRECTION    45/330    DATE  10/31

AVERAGE RH (PERCENT)     71


-  INDICATES NEGATIVE NUMBERS.
R  INDICATES RECORD WAS SET OR TIED.
MM INDICATES DATA IS MISSING.
T  INDICATES TRACE AMOUNT.

$$





U.S. Dept. of Commerce
NOAA National Weather Service
1325 East West Highway
Silver Spring, MD 20910
E-mail: w-nws.webmaster@noaa.gov
Page last modified: May 16, 2007
NATIONAL WEATHER SERVICE: for Safety, for Work, for Fun - FOR LIFE