243
CXUS53 KLOT 011420
CLMVPZ


CLIMATE REPORT
NATIONAL WEATHER SERVICE CHICAGO IL
918 AM CDT WED OCT 1 2014

...................................

...THE VALPARAISO CLIMATE SUMMARY FOR THE MONTH OF SEPTEMBER 2014...

CLIMATE NORMAL PERIOD 1981 TO 2010
CLIMATE RECORD PERIOD 1998 TO 2014

WEATHER         OBSERVED          NORMAL  DEPART  LAST YEAR`S
                 VALUE   DATE(S)  VALUE   FROM    VALUE
                                          NORMAL
.............................................................
TEMPERATURE (F)
RECORD
 HIGH              97   09/11/2013
                        09/10/2013
                        07/04/2012
 LOW               36   09/24/2012
HIGHEST            89   09/05        MM      MM       97
LOWEST             40   09/14        MM      MM       38
AVG. MAXIMUM     73.6              74.3    -0.7     78.4
AVG. MINIMUM     51.1              52.6    -1.5     53.5
MEAN             62.4              63.4    -1.0     66.1

PRECIPITATION (INCHES)
RECORD
 MAXIMUM         5.51   2008
 MINIMUM         0.50   2004
TOTALS           2.38              3.21   -0.83     2.57

DEGREE_DAYS
HEATING TOTAL     131               113      18       80
 SINCE 7/1        171               130      41      108
COOLING TOTAL      61                66      -5      118
 SINCE 1/1        608               702     -94      785
..............................................................

WIND (MPH)
AVERAGE WIND SPEED              5.8
HIGHEST WIND SPEED/DIRECTION    46/260    DATE  09/20
HIGHEST GUST SPEED/DIRECTION    79/260    DATE  09/20

AVERAGE RH (PERCENT)     74


-  INDICATES NEGATIVE NUMBERS.
R  INDICATES RECORD WAS SET OR TIED.
MM INDICATES DATA IS MISSING.
T  INDICATES TRACE AMOUNT.

$$




U.S. Dept. of Commerce
NOAA National Weather Service
1325 East West Highway
Silver Spring, MD 20910
E-mail: w-nws.webmaster@noaa.gov
Page last modified: May 16, 2007
NATIONAL WEATHER SERVICE: for Safety, for Work, for Fun - FOR LIFE