167
CXUS53 KLOT 011246
CLMVPZ


CLIMATE REPORT
NATIONAL WEATHER SERVICE CHICAGO IL
731 AM CDT FRI AUG 1 2014

...................................

...THE VALPARAISO CLIMATE SUMMARY FOR THE MONTH OF JULY 2014...

CLIMATE NORMAL PERIOD 1981 TO 2010
CLIMATE RECORD PERIOD 1998 TO 2014

WEATHER         OBSERVED          NORMAL  DEPART  LAST YEAR`S
                 VALUE   DATE(S)  VALUE   FROM    VALUE
                                          NORMAL
.............................................................
TEMPERATURE (F)
RECORD
 HIGH             101   07/21/2011
 LOW               43   07/02/2001
HIGHEST            87   07/27        83       4
                        07/22
LOWEST             48   07/25        63     -15
                        07/17
AVG. MAXIMUM     78.5              82.8    -4.3     81.1
AVG. MINIMUM     56.8              62.4    -5.6     61.4
MEAN             67.6              72.6    -5.0

PRECIPITATION (INCHES)
RECORD
 MAXIMUM         8.16   2003
 MINIMUM         1.32   2013
TOTALS           1.73              4.34   -2.61

DEGREE_DAYS
HEATING TOTAL      25                 4      21
COOLING TOTAL     112               240    -128
 SINCE 1/1        344               451    -107
..............................................................

WIND (MPH)
HIGHEST WIND SPEED/DIRECTION    30/270    DATE  07/27
HIGHEST GUST SPEED/DIRECTION    37/270    DATE  07/27



-  INDICATES NEGATIVE NUMBERS.
R  INDICATES RECORD WAS SET OR TIED.
MM INDICATES DATA IS MISSING.
T  INDICATES TRACE AMOUNT.

$$




U.S. Dept. of Commerce
NOAA National Weather Service
1325 East West Highway
Silver Spring, MD 20910
E-mail: w-nws.webmaster@noaa.gov
Page last modified: May 16, 2007
NATIONAL WEATHER SERVICE: for Safety, for Work, for Fun - FOR LIFE