486
CXUS53 KLOT 011137
CLMVPZ


CLIMATE REPORT
NATIONAL WEATHER SERVICE CHICAGO IL
627 AM CDT MON SEP 1 2014

...................................

...THE VALPARAISO CLIMATE SUMMARY FOR THE MONTH OF AUGUST 2014...

CLIMATE NORMAL PERIOD 1981 TO 2010
CLIMATE RECORD PERIOD 1998 TO 2014

WEATHER         OBSERVED          NORMAL  DEPART  LAST YEAR`S
                 VALUE   DATE(S)  VALUE   FROM    VALUE
                                          NORMAL
.............................................................
TEMPERATURE (F)
RECORD
 HIGH              95   08/21/2003
 LOW               43   08/15/2014
                        08/31/2009
                        01/05/1999
HIGHEST            88   08/25
LOWEST             43R  08/15
AVG. MAXIMUM     81.0              80.4     0.6     81.4
AVG. MINIMUM     60.7              60.7     0.0     59.9
MEAN             70.9              70.6     0.3     70.6

PRECIPITATION (INCHES)
RECORD
 MAXIMUM         9.29   2007
 MINIMUM         0.46   2008
TOTALS          10.49R             4.31    6.18     4.05

DEGREE_DAYS
HEATING TOTAL      15                13       2
COOLING TOTAL     203               185      18
 SINCE 1/1        547               636     -89
..............................................................

WIND (MPH)
HIGHEST WIND SPEED/DIRECTION    38/160    DATE  08/26
HIGHEST GUST SPEED/DIRECTION    58/150    DATE  08/26



-  INDICATES NEGATIVE NUMBERS.
R  INDICATES RECORD WAS SET OR TIED.
MM INDICATES DATA IS MISSING.
T  INDICATES TRACE AMOUNT.

$$





U.S. Dept. of Commerce
NOAA National Weather Service
1325 East West Highway
Silver Spring, MD 20910
E-mail: w-nws.webmaster@noaa.gov
Page last modified: May 16, 2007
NATIONAL WEATHER SERVICE: for Safety, for Work, for Fun - FOR LIFE