376
CXUS53 KLOT 011224
CLMVPZ


CLIMATE REPORT
NATIONAL WEATHER SERVICE CHICAGO IL
610 AM CST MON DEC 1 2014

...................................

...THE VALPARAISO CLIMATE SUMMARY FOR THE MONTH OF NOVEMBER 2014...

CLIMATE NORMAL PERIOD 1981 TO 2010
CLIMATE RECORD PERIOD 1998 TO 2014

WEATHER         OBSERVED          NORMAL  DEPART  LAST YEAR`S
                 VALUE   DATE(S)  VALUE   FROM    VALUE
                                          NORMAL
.............................................................
TEMPERATURE (F)
RECORD
 HIGH              74   11/09/1999
 LOW               10   11/18/2014

HIGHEST            63   11/03                         65
LOWEST             10R  11/18                         13

AVG. MAXIMUM     41.6              48.6    -7.0     44.0
AVG. MINIMUM     26.2              32.9    -6.7     29.1
MEAN             33.9              40.7    -6.8     36.6

PRECIPITATION (INCHES)
RECORD
 MAXIMUM         4.35   2004
 MINIMUM         0.28   2012
TOTALS           1.86              3.33   -1.47     2.08

DEGREE_DAYS
HEATING TOTAL     927               728     199      847
 SINCE 7/1       1501              1258     243     1386
COOLING TOTAL       0                 0       0        0
 SINCE 1/1        611               713    -102      810
..............................................................

WIND (MPH)
AVERAGE WIND SPEED              11.2
HIGHEST WIND SPEED/DIRECTION    35/240    DATE  11/24
HIGHEST GUST SPEED/DIRECTION    47/250    DATE  11/24

AVERAGE RH (PERCENT)     70


-  INDICATES NEGATIVE NUMBERS.
R  INDICATES RECORD WAS SET OR TIED.
MM INDICATES DATA IS MISSING.
T  INDICATES TRACE AMOUNT.

$$





U.S. Dept. of Commerce
NOAA National Weather Service
1325 East West Highway
Silver Spring, MD 20910
E-mail: w-nws.webmaster@noaa.gov
Page last modified: May 16, 2007
NATIONAL WEATHER SERVICE: for Safety, for Work, for Fun - FOR LIFE