519
CXUS55 KGJT 011028
CLMVEL


CLIMATE REPORT
NATIONAL WEATHER SERVICE GRAND JUNCTION CO
420 AM MDT MON SEP 1 2014

...................................

...THE VERNAL UT CLIMATE SUMMARY FOR THE MONTH OF AUGUST 2014...

CLIMATE NORMAL PERIOD 1981 TO 2010
CLIMATE RECORD PERIOD 9999 TO 9999

WEATHER         OBSERVED          NORMAL  DEPART  LAST YEAR`S
                 VALUE   DATE(S)  VALUE   FROM    VALUE  DATE(S)
                                          NORMAL
................................................................
TEMPERATURE (F)
HIGHEST            93   08/18        MM      MM       94  08/19
LOWEST             45   08/24        MM      MM       51  08/15
                                                          08/11
AVG. MAXIMUM     81.4              85.1    -3.7     86.1
AVG. MINIMUM     55.1              55.3    -0.2     56.5
MEAN             68.2              70.2    -2.0     71.3
DAYS MAX >= 90      5               5.9    -0.9       11
DAYS MAX <= 32      0               0.0     0.0        0
DAYS MIN <= 32      0               0.0     0.0        0
DAYS MIN <= 0       0               0.0     0.0        0

PRECIPITATION (INCHES)
TOTALS           4.01              0.76    3.25     0.45
DAILY AVG.       0.13              0.02    0.11     0.01
DAYS >= .01        13               4.9     8.1        8
DAYS >= .10         7               2.2     4.8        2
DAYS >= .50         4               0.3     3.7        0
DAYS >= 1.00        0               0.0     0.0        0
GREATEST
 24 HR. TOTAL    1.34   08/22 TO 08/23              0.12

SNOWFALL (INCHES)
TOTALS             MM                MM      MM       MM
SINCE 7/1          MM               0.0      MM       MM
SNOWDEPTH AVG.     MM                MM      MM       MM
DAYS >= 1.0         0                MM      MM       MM
GREATEST
 SNOW DEPTH        MM                                 MM  MM
 24 HR TOTAL       MM                                 MM

DEGREE_DAYS
HEATING TOTAL      22                10      12        2
 SINCE 7/1         22                16       6        2
COOLING TOTAL     131               171     -40      204
 SINCE 1/1        587               489      98      717
.................................................................

WIND (MPH)
AVERAGE WIND SPEED              5.0
HIGHEST WIND SPEED/DIRECTION    29/330    DATE  08/20
HIGHEST GUST SPEED/DIRECTION    40/330    DATE  08/20

SKY COVER
POSSIBLE SUNSHINE (PERCENT)   MM
AVERAGE SKY COVER           0.20
NUMBER OF DAYS FAIR           22
NUMBER OF DAYS PC              8
NUMBER OF DAYS CLOUDY          1

AVERAGE RH (PERCENT)     53

WEATHER CONDITIONS. NUMBER OF DAYS WITH
THUNDERSTORM             17     MIXED PRECIP               0
HEAVY RAIN                5     RAIN                       6
LIGHT RAIN               19     FREEZING RAIN              0
LT FREEZING RAIN          0     HAIL                       0
HEAVY SNOW                0     SNOW                       0
LIGHT SNOW                0     SLEET                      0
FOG                       8     FOG W/VIS <= 1/4 MILE      0
HAZE                      0

-  INDICATES NEGATIVE NUMBERS.
R  INDICATES RECORD WAS SET OR TIED.
MM INDICATES DATA IS MISSING.
T  INDICATES TRACE AMOUNT.

$$





U.S. Dept. of Commerce
NOAA National Weather Service
1325 East West Highway
Silver Spring, MD 20910
E-mail: w-nws.webmaster@noaa.gov
Page last modified: May 16, 2007
NATIONAL WEATHER SERVICE: for Safety, for Work, for Fun - FOR LIFE