019
CXUS55 KGJT 011256
CLMVEL


CLIMATE REPORT
NATIONAL WEATHER SERVICE GRAND JUNCTION CO
552 AM MST THU JAN 1 2015

...................................

...THE VERNAL UT CLIMATE SUMMARY FOR THE MONTH OF DECEMBER 2014...

CLIMATE NORMAL PERIOD 1981 TO 2010
CLIMATE RECORD PERIOD 9999 TO 9999

WEATHER         OBSERVED          NORMAL  DEPART  LAST YEAR`S
                 VALUE   DATE(S)  VALUE   FROM    VALUE  DATE(S)
                                          NORMAL
................................................................
TEMPERATURE (F)
HIGHEST            49   12/05        MM      MM       38  12/02
                        12/04
                        12/01
LOWEST             -8   12/31        MM      MM      -17  12/05
AVG. MAXIMUM     36.0              30.6     5.4     17.0
AVG. MINIMUM     21.1              12.9     8.2     -0.4
MEAN             28.5              21.8     6.7      8.3
DAYS MAX >= 90      0               0.0     0.0        0
DAYS MAX <= 32     13              16.4    -3.4       29
DAYS MIN <= 32     31              30.8     0.2       31
DAYS MIN <= 0       2               2.4    -0.4       18

PRECIPITATION (INCHES)
TOTALS           0.35              0.64   -0.29     0.85
DAILY AVG.       0.01              0.02   -0.01     0.03
DAYS >= .01         5               5.2    -0.2        4
DAYS >= .10         1               2.1    -1.1        1
DAYS >= .50         0               0.2    -0.2        1
DAYS >= 1.00        0               0.0     0.0        0
GREATEST
 24 HR. TOTAL    0.19   12/13 TO 12/13              0.70
                        12/12 TO 12/13

SNOWFALL (INCHES)
TOTALS             MM                MM      MM       MM
SINCE 7/1          MM                MM      MM       MM
SNOWDEPTH AVG.     MM                MM      MM       MM
DAYS >= 1.0        MM                MM      MM       MM
GREATEST
 SNOW DEPTH        MM                                 MM  MM
 24 HR TOTAL       MM                                 MM

DEGREE_DAYS
HEATING TOTAL    1122              1340    -218     1751
 SINCE 7/1       2605              2971    -366     3422
COOLING TOTAL       0                 0       0        0
 SINCE 1/1        621               511     110      787
.................................................................

WIND (MPH)
AVERAGE WIND SPEED              3.8
HIGHEST WIND SPEED/DIRECTION    36/340    DATE  12/22
HIGHEST GUST SPEED/DIRECTION    48/350    DATE  12/22

SKY COVER
POSSIBLE SUNSHINE (PERCENT)   MM
AVERAGE SKY COVER           0.50
NUMBER OF DAYS FAIR           13
NUMBER OF DAYS PC              8
NUMBER OF DAYS CLOUDY         10

AVERAGE RH (PERCENT)     73

WEATHER CONDITIONS. NUMBER OF DAYS WITH
THUNDERSTORM              0     MIXED PRECIP               0
HEAVY RAIN                0     RAIN                       1
LIGHT RAIN                4     FREEZING RAIN              0
LT FREEZING RAIN          0     HAIL                       0
HEAVY SNOW                1     SNOW                       1
LIGHT SNOW                8     SLEET                      0
FOG                      17     FOG W/VIS <= 1/4 MILE      1
HAZE                      3

-  INDICATES NEGATIVE NUMBERS.
R  INDICATES RECORD WAS SET OR TIED.
MM INDICATES DATA IS MISSING.
T  INDICATES TRACE AMOUNT.

$$





U.S. Dept. of Commerce
NOAA National Weather Service
1325 East West Highway
Silver Spring, MD 20910
E-mail: w-nws.webmaster@noaa.gov
Page last modified: May 16, 2007
NATIONAL WEATHER SERVICE: for Safety, for Work, for Fun - FOR LIFE