918
CXUS54 KCRP 020155 CCA
CLMVCT

CLIMATE REPORT...CORRECTED
NATIONAL WEATHER SERVICE CORPUS CHRISTI TX
850 PM CDT SAT NOV 1 2014

...................................

...THE VICTORIA CLIMATE SUMMARY FOR THE MONTH OF OCTOBER 2014...

CLIMATE NORMAL PERIOD 1981 TO 2010
CLIMATE RECORD PERIOD 1893 TO 2014

WEATHER         OBSERVED          NORMAL  DEPART  LAST YEAR`S
                 VALUE   DATE(S)  VALUE   FROM    VALUE  DATE(S)
                                          NORMAL
................................................................
TEMPERATURE (F)
RECORD
 HIGH             109   10/11/1926
 LOW               31   10/31/1993
HIGHEST            94   10/02        83      11       95  10/05
LOWEST             51   10/15        62     -11       48  10/20
AVG. MAXIMUM     88.6              83.5     5.1     85.4
AVG. MINIMUM     62.8              60.9     1.9     62.9
MEAN             75.7              72.2     3.5     74.1
DAYS MAX >= 90     10               4.3     5.7        8
DAYS MAX <= 32      0               0.0     0.0        0
DAYS MIN <= 32      0               0.0     0.0        0
DAYS MIN <= 0       0               0.0     0.0        0

PRECIPITATION (INCHES)
RECORD
 MAXIMUM        17.25   1960
 MINIMUM           MM   MM
TOTALS           1.84              4.64   -2.80     3.45
DAILY AVG.       0.06              0.15   -0.09     0.11
DAYS >= .01         5               7.6    -2.6        9
DAYS >= .10         3               5.0    -2.0        4
DAYS >= .50         1               2.9    -1.9        1
DAYS >= 1.00        0               1.5    -1.5        1
GREATEST
 24 HR. TOTAL    0.97   10/03 TO 10/03           10/13 TO 10/14
                        10/02 TO 10/03                    10/31 TO 10/31
                        10/03 TO 10/03                    10/31 TO 10/31

SNOWFALL (INCHES)
RECORDS
 TOTAL            0.0   MM
 24 HR TOTAL      0.0   MM
TOTALS            0.0               0.0     0.0      0.0
SINCE 7/1         0.0               0.0     0.0      0.0
SNOWDEPTH AVG.      0                MM      MM        0
DAYS >= 1.0         0               0.0     0.0        0
GREATEST
 SNOW DEPTH         0   MM                             0
 24 HR TOTAL      0.0   10/31 TO 10/31               0.0

DEGREE_DAYS
HEATING TOTAL       0                22     -22        4
 SINCE 7/1          0                23     -23        4
COOLING TOTAL     342               245      97      292
 SINCE 1/1       3446              3043     403     3322
..................................................

WIND (MPH)
AVERAGE WIND SPEED              7.5
HIGHEST WIND SPEED/DIRECTION    29/350    DATE  10/03
HIGHEST GUST SPEED/DIRECTION    37/240    DATE  10/13

SKY COVER
AVERAGE SKY COVER           0.20

AVERAGE RH (PERCENT)     69

WEATHER CONDITIONS. NUMBER OF DAYS WITH
THUNDERSTORM              4     MIXED PRECIP               0
HEAVY RAIN                2     RAIN                       2
LIGHT RAIN                6     FREEZING RAIN              0
LT FREEZING RAIN          0     HAIL                       0
HEAVY SNOW                0     SNOW                       0
LIGHT SNOW                0     SLEET                      0
FOG                      22     FOG W/VIS <= 1/4 MILE      5
HAZE                      7

-  INDICATES NEGATIVE NUMBERS.
R  INDICATES RECORD WAS SET OR TIED.
MM INDICATES DATA IS MISSING.
T  INDICATES TRACE AMOUNT.

$$

88...CORRECTED FOR THUNDERSTORM DAYS.









U.S. Dept. of Commerce
NOAA National Weather Service
1325 East West Highway
Silver Spring, MD 20910
E-mail: w-nws.webmaster@noaa.gov
Page last modified: May 16, 2007
NATIONAL WEATHER SERVICE: for Safety, for Work, for Fun - FOR LIFE