961
CXUS54 KCRP 011829
CLMVCT

CLIMATE REPORT
NATIONAL WEATHER SERVICE CORPUS CHRISTI TX
1149 AM CST MON DEC 1 2014

...................................

...THE VICTORIA CLIMATE SUMMARY FOR THE MONTH OF NOVEMBER 2014...

CLIMATE NORMAL PERIOD 1981 TO 2010
CLIMATE RECORD PERIOD 1893 TO 2014

WEATHER         OBSERVED          NORMAL  DEPART  LAST YEAR`S
                 VALUE   DATE(S)  VALUE   FROM    VALUE  DATE(S)
                                          NORMAL
................................................................
TEMPERATURE (F)
RECORD
 HIGH              93   11/13/1925
                        11/12/1925
                        11/11/1924
 LOW               18   11/30/1911
HIGHEST            85   11/23        74      11       87  11/17
LOWEST             34   11/18        52     -18       33  11/27
                        11/17
AVG. MAXIMUM     70.5              74.2    -3.7     71.6
AVG. MINIMUM     49.2              51.8    -2.6     50.5
MEAN             59.9              63.0    -3.1     61.1
DAYS MAX >= 90      0               0.1    -0.1        0
DAYS MAX <= 32      0               0.0     0.0        0
DAYS MIN <= 32      0               0.5    -0.5        0
DAYS MIN <= 0       0               0.0     0.0        0

PRECIPITATION (INCHES)
RECORD
 MAXIMUM        16.14   2004
 MINIMUM         0.00   1945
TOTALS           4.53              3.24    1.29     1.79
DAILY AVG.       0.15              0.11    0.04     0.06
DAYS >= .01        11               7.3     3.7        8
DAYS >= .10         8               4.0     4.0        4
DAYS >= .50         3               1.9     1.1        1
DAYS >= 1.00        2               0.8     1.2        0
GREATEST
 24 HR. TOTAL    2.34   11/05 TO 11/06           11/12 TO 11/13

SNOWFALL (INCHES)
RECORDS
 TOTAL            0.2   MM
 24 HR TOTAL      0.2   MM
TOTALS            0.0               0.0     0.0      0.0
SINCE 7/1         0.0               0.0     0.0      0.0
SNOWDEPTH AVG.      0                 0       0        0
DAYS >= 1.0         0               0.0     0.0        0
GREATEST
 SNOW DEPTH         0   MM                             0
 24 HR TOTAL      0.0   MM                           0.0

DEGREE_DAYS
HEATING TOTAL     191               140      51      193
 SINCE 7/1        191               163      28      197
COOLING TOTAL      43                80     -37       80
 SINCE 1/1       3489              3123     366     3402
.................................................

WIND (MPH)
AVERAGE WIND SPEED              9.6
HIGHEST WIND SPEED/DIRECTION    37/270    DATE  11/22
HIGHEST GUST SPEED/DIRECTION    47/270    DATE  11/22

SKY COVER
AVERAGE SKY COVER           0.50

AVERAGE RH (PERCENT)     66

WEATHER CONDITIONS. NUMBER OF DAYS WITH
THUNDERSTORM              1     MIXED PRECIP               0
HEAVY RAIN                6     RAIN                       7
LIGHT RAIN               14     FREEZING RAIN              0
LT FREEZING RAIN          0     HAIL                       0
HEAVY SNOW                0     SNOW                       0
LIGHT SNOW                0     SLEET                      0
FOG                      14     FOG W/VIS <= 1/4 MILE      3
HAZE                      4

-  INDICATES NEGATIVE NUMBERS.
R  INDICATES RECORD WAS SET OR TIED.
MM INDICATES DATA IS MISSING.
T  INDICATES TRACE AMOUNT.

$$

88






U.S. Dept. of Commerce
NOAA National Weather Service
1325 East West Highway
Silver Spring, MD 20910
E-mail: w-nws.webmaster@noaa.gov
Page last modified: May 16, 2007
NATIONAL WEATHER SERVICE: for Safety, for Work, for Fun - FOR LIFE