499
CXUS54 KCRP 011718
CLMVCT

CLIMATE REPORT
NATIONAL WEATHER SERVICE CORPUS CHRISTI TX
1203 PM CDT TUE APR 1 2014

...................................

...THE VICTORIA CLIMATE SUMMARY FOR THE MONTH OF MARCH 2014...

CLIMATE NORMAL PERIOD 1981 TO 2010
CLIMATE RECORD PERIOD 1893 TO 2014

WEATHER         OBSERVED          NORMAL  DEPART  LAST YEAR`S
                 VALUE   DATE(S)  VALUE   FROM    VALUE  DATE(S)
                                          NORMAL
................................................................
TEMPERATURE (F)
RECORD
 HIGH              99   03/12/1940
                        03/26/1928
 LOW               21   03/04/2002
                        03/02/1980
HIGHEST            89   03/28        74      15       90  03/18
LOWEST             28   03/03        53     -25       29  03/06
AVG. MAXIMUM     70.6              74.2    -3.6     75.4
AVG. MINIMUM     49.1              52.5    -3.4     49.1
MEAN             59.9              63.4    -3.5     62.3
DAYS MAX >= 90      0               0.2    -0.2        1
DAYS MAX <= 32      0               0.0     0.0        0
DAYS MIN <= 32      2               0.7     1.3        1
DAYS MIN <= 0       0               0.0     0.0        0

PRECIPITATION (INCHES)
RECORD
 MAXIMUM        11.61   1997
 MINIMUM           MM   MM
TOTALS           1.62              2.77   -1.15     0.32
DAILY AVG.       0.05              0.09   -0.04     0.01
DAYS >= .01         9               7.1     1.9        2
DAYS >= .10         5               3.8     1.2        1
DAYS >= .50         1               1.6    -0.6        0
DAYS >= 1.00        0               0.9    -0.9        0
GREATEST
 24 HR. TOTAL    0.64   03/04 TO 03/04           03/10 TO 03/10
                                                          03/31 TO 03/31
                                                          03/31 TO 03/31

SNOWFALL (INCHES)
RECORDS
 TOTAL            0.0   MM
 24 HR TOTAL      0.0   MM
TOTALS            0.0               0.0     0.0      0.0
SINCE 7/1           T               0.1    -0.1      0.0
SNOWDEPTH AVG.      0                MM      MM        0
DAYS >= 1.0         0               0.0     0.0        0
GREATEST
 SNOW DEPTH         0   MM                             0
 24 HR TOTAL      0.0   03/31 TO 03/31               0.0

DEGREE_DAYS
HEATING TOTAL     205               125      80      150
 SINCE 7/1       1458              1218     240      965
COOLING TOTAL      52                74     -22       73
 SINCE 1/1        110               112      -2      132
..................................................

WIND (MPH)
AVERAGE WIND SPEED              11.0
HIGHEST WIND SPEED/DIRECTION    33/350    DATE  03/02
HIGHEST GUST SPEED/DIRECTION    40/360    DATE  03/12

SKY COVER
AVERAGE SKY COVER           0.60

AVERAGE RH (PERCENT)     76

WEATHER CONDITIONS. NUMBER OF DAYS WITH
THUNDERSTORM              5     MIXED PRECIP               0
HEAVY RAIN                3     RAIN                       6
LIGHT RAIN               13     FREEZING RAIN              0
LT FREEZING RAIN          0     HAIL                       0
HEAVY SNOW                0     SNOW                       0
LIGHT SNOW                0     SLEET                      0
FOG                      23     FOG W/VIS <= 1/4 MILE      5
HAZE                     11

-  INDICATES NEGATIVE NUMBERS.
R  INDICATES RECORD WAS SET OR TIED.
MM INDICATES DATA IS MISSING.
T  INDICATES TRACE AMOUNT.

$$

ANM






U.S. Dept. of Commerce
NOAA National Weather Service
1325 East West Highway
Silver Spring, MD 20910
E-mail: w-nws.webmaster@noaa.gov
Page last modified: May 16, 2007
NATIONAL WEATHER SERVICE: for Safety, for Work, for Fun - FOR LIFE