049
CXUS54 KCRP 011643
CLMVCT

CLIMATE REPORT
NATIONAL WEATHER SERVICE CORPUS CHRISTI TX
1127 AM CDT TUE JUL 1 2014

...................................

...THE VICTORIA CLIMATE SUMMARY FOR THE MONTH OF JUNE 2014...

CLIMATE NORMAL PERIOD 1981 TO 2010
CLIMATE RECORD PERIOD 1893 TO 2014

WEATHER         OBSERVED          NORMAL  DEPART  LAST YEAR`S
                 VALUE   DATE(S)  VALUE   FROM    VALUE  DATE(S)
                                          NORMAL
................................................................
TEMPERATURE (F)
RECORD
 HIGH             109   06/29/2013
 LOW               54   06/03/1919
HIGHEST            95   06/23        91       4      109  06/29
                        06/10
LOWEST             70   06/13        73      -3       67  06/08
                                                          06/05
AVG. MAXIMUM     91.3              91.5    -0.2     95.0
AVG. MINIMUM     75.4              72.4     3.0     73.8
MEAN             83.3              82.0     1.3     84.4
DAYS MAX >= 90     27              20.6     6.4       27
DAYS MAX <= 32      0               0.0     0.0        0
DAYS MIN <= 32      0               0.0     0.0        0
DAYS MIN <= 0       0               0.0     0.0        0

PRECIPITATION (INCHES)
RECORD
 MAXIMUM        12.84   1977
 MINIMUM           MM   MM
TOTALS           4.11              4.46   -0.35     0.18
DAILY AVG.       0.14              0.15   -0.01     0.01
DAYS >= .01        10               8.9     1.1        3
DAYS >= .10         4               5.6    -1.6        1
DAYS >= .50         3               2.7     0.3        0
DAYS >= 1.00        2               1.6     0.4        0
GREATEST
 24 HR. TOTAL    2.41   06/24 TO 06/25           06/02 TO 06/02

SNOWFALL (INCHES)
RECORDS
 TOTAL            0.0   MM
 24 HR TOTAL      0.0   MM
TOTALS            0.0               0.0     0.0      0.0
SINCE 7/1           T               0.1    -0.1      0.0
SNOWDEPTH AVG.      0                MM      MM        0
DAYS >= 1.0         0               0.0     0.0        0
GREATEST
 SNOW DEPTH         0   MM                             0
 24 HR TOTAL      0.0   MM                           0.0

DEGREE_DAYS
HEATING TOTAL       0                 0       0        0
 SINCE 7/1       1493              1249     244     1024
COOLING TOTAL     558               508      50      592
 SINCE 1/1       1208              1167      41     1226
.................................................

WIND (MPH)
AVERAGE WIND SPEED              11.2
HIGHEST WIND SPEED/DIRECTION    35/200    DATE  06/24
HIGHEST GUST SPEED/DIRECTION    45/200    DATE  06/24

SKY COVER
AVERAGE SKY COVER           0.30

AVERAGE RH (PERCENT)     76

WEATHER CONDITIONS. NUMBER OF DAYS WITH
THUNDERSTORM              4     MIXED PRECIP               0
HEAVY RAIN                5     RAIN                       6
LIGHT RAIN               12     FREEZING RAIN              0
LT FREEZING RAIN          0     HAIL                       0
HEAVY SNOW                0     SNOW                       0
LIGHT SNOW                0     SLEET                      0
FOG                      22     FOG W/VIS <= 1/4 MILE      1
HAZE                      3

-  INDICATES NEGATIVE NUMBERS.
R  INDICATES RECORD WAS SET OR TIED.
MM INDICATES DATA IS MISSING.
T  INDICATES TRACE AMOUNT.

$$

ANM







U.S. Dept. of Commerce
NOAA National Weather Service
1325 East West Highway
Silver Spring, MD 20910
E-mail: w-nws.webmaster@noaa.gov
Page last modified: May 16, 2007
NATIONAL WEATHER SERVICE: for Safety, for Work, for Fun - FOR LIFE