886
CXUS54 KCRP 022103 CCA
CLMVCT

CLIMATE REPORT
NATIONAL WEATHER SERVICE CORPUS CHRISTI TX
302 PM CST FRI JAN 2 2015

...................................

...THE VICTORIA CLIMATE SUMMARY FOR THE MONTH OF DECEMBER 2014...

CLIMATE NORMAL PERIOD 1981 TO 2010
CLIMATE RECORD PERIOD 1893 TO 2014

WEATHER         OBSERVED          NORMAL  DEPART  LAST YEAR`S
                 VALUE   DATE(S)  VALUE   FROM    VALUE  DATE(S)
                                          NORMAL
................................................................
TEMPERATURE (F)
RECORD
 HIGH              88   12/25/1964
                        12/10/1939
 LOW                9   12/23/1989
HIGHEST            82   12/05        66      16       86  12/03
LOWEST             34   12/29        46     -12       30  12/24
                        12/25
AVG. MAXIMUM     68.4              66.1     2.3     64.0
AVG. MINIMUM     50.5              44.3     6.2     42.8
MEAN             59.4              55.2     4.2     53.4
DAYS MAX >= 90      0               0.0     0.0        0
DAYS MAX <= 32      0               0.0     0.0        0
DAYS MIN <= 32      0               3.8    -3.8        4
DAYS MIN <= 0       0               0.0     0.0        0

PRECIPITATION (INCHES)
RECORD
 MAXIMUM         8.67   1923
 MINIMUM           MM   MM
TOTALS           2.21              2.31   -0.10     0.45
DAILY AVG.       0.07              0.07    0.00     0.01
DAYS >= .01         8               8.1    -0.1        4
DAYS >= .10         3               4.2    -1.2        3
DAYS >= .50         2               1.4     0.6        0
DAYS >= 1.00        1               0.5     0.5        0
GREATEST
 24 HR. TOTAL    1.42   12/18 TO 12/19           12/26 TO 12/27
                                                          12/31 TO 12/31
                                                          12/31 TO 12/31

SNOWFALL (INCHES)
RECORDS
 TOTAL           12.5   2004
 24 HR TOTAL     10.0   12/24/2004 TO 12/24/2004
TOTALS            0.0               0.0     0.0      0.0
SINCE 7/1         0.0               0.0     0.0      0.0
SNOWDEPTH AVG.      0                MM      MM        0
DAYS >= 1.0         0               0.0     0.0        0
GREATEST
 SNOW DEPTH         0   MM                             0
 24 HR TOTAL      0.0   12/31 TO 12/31               0.0

DEGREE_DAYS
HEATING TOTAL     192               331    -139      383
 SINCE 7/1        383               494    -111      580
COOLING TOTAL      26                27      -1       32
 SINCE 1/1       3515              3150     365     3434
..................................................

WIND (MPH)
AVERAGE WIND SPEED              8.6
HIGHEST WIND SPEED/DIRECTION    28/340    DATE  12/23
HIGHEST GUST SPEED/DIRECTION    36/160    DATE  12/25

SKY COVER
AVERAGE SKY COVER           0.70

AVERAGE RH (PERCENT)     78

WEATHER CONDITIONS. NUMBER OF DAYS WITH
THUNDERSTORM              0     MIXED PRECIP               0
HEAVY RAIN                2     RAIN                       5
LIGHT RAIN               10     FREEZING RAIN              0
LT FREEZING RAIN          0     HAIL                       0
HEAVY SNOW                0     SNOW                       0
LIGHT SNOW                0     SLEET                      0
FOG                      25     FOG W/VIS <= 1/4 MILE      9
HAZE
8

-  INDICATES NEGATIVE NUMBERS.
R  INDICATES RECORD WAS SET OR TIED.
MM INDICATES DATA IS MISSING.
T  INDICATES TRACE AMOUNT.

$$

88










U.S. Dept. of Commerce
NOAA National Weather Service
1325 East West Highway
Silver Spring, MD 20910
E-mail: w-nws.webmaster@noaa.gov
Page last modified: May 16, 2007
NATIONAL WEATHER SERVICE: for Safety, for Work, for Fun - FOR LIFE