187
CXUS54 KCRP 011346
CLMVCT

CLIMATE REPORT
NATIONAL WEATHER SERVICE CORPUS CHRISTI TX
833 AM CDT MON SEP 1 2014

...................................

...THE VICTORIA CLIMATE SUMMARY FOR THE MONTH OF AUGUST 2014...

CLIMATE NORMAL PERIOD 1981 TO 2010
CLIMATE RECORD PERIOD 1893 TO 2014

WEATHER         OBSERVED          NORMAL  DEPART  LAST YEAR`S
                 VALUE   DATE(S)  VALUE   FROM    VALUE  DATE(S)
                                          NORMAL
................................................................
TEMPERATURE (F)
RECORD
 HIGH             109   08/28/2011
 LOW               61   08/31/1915
HIGHEST           103   08/25        94       9      102  08/14
                        08/13
                        08/11
LOWEST             70   08/03        75      -5       70  08/19
                                                          08/18
AVG. MAXIMUM     99.4              95.0     4.4     97.0
AVG. MINIMUM     76.4              73.7     2.7     74.9
MEAN             87.9              84.3     3.6     85.9
DAYS MAX >= 90     31              28.6     2.4       29
DAYS MAX <= 32      0               0.0     0.0        0
DAYS MIN <= 32      0               0.0     0.0        0
DAYS MIN <= 0       0               0.0     0.0        0

PRECIPITATION (INCHES)
RECORD
 MAXIMUM        10.88   1966
 MINIMUM           MM   MM
TOTALS           1.13              2.85   -1.72     1.83
DAILY AVG.       0.04              0.09   -0.05     0.06
DAYS >= .01         3               8.1    -5.1        6
DAYS >= .10         2               4.9    -2.9        4
DAYS >= .50         1               2.0    -1.0        2
DAYS >= 1.00        0               0.7    -0.7        0
GREATEST
 24 HR. TOTAL    0.73   08/31 TO 08/31           08/25 TO 08/26
                        08/30 TO 08/31                    08/31 TO 08/31
                        08/31 TO 08/31                    08/31 TO 08/31

SNOWFALL (INCHES)
RECORDS
 TOTAL            0.0   MM
 24 HR TOTAL      0.0   MM
TOTALS            0.0               0.0     0.0      0.0
SINCE 7/1         0.0               0.0     0.0      0.0
SNOWDEPTH AVG.      0                MM      MM        0
DAYS >= 1.0         0               0.0     0.0        0
GREATEST
 SNOW DEPTH         0   MM                             0
 24 HR TOTAL      0.0   08/31 TO 08/31               0.0

DEGREE_DAYS
HEATING TOTAL       0                 0       0        0
 SINCE 7/1          0                 0       0        0
COOLING TOTAL     719               600     119      657
 SINCE 1/1       2566              2353     213     2494
..................................................

WIND (MPH)
AVERAGE WIND SPEED              9.0
HIGHEST WIND SPEED/DIRECTION    30/020    DATE  08/11
HIGHEST GUST SPEED/DIRECTION    38/030    DATE  08/11

SKY COVER
AVERAGE SKY COVER           0.20

AVERAGE RH (PERCENT)     67

WEATHER CONDITIONS. NUMBER OF DAYS WITH
THUNDERSTORM              7     MIXED PRECIP               0
HEAVY RAIN                3     RAIN                       3
LIGHT RAIN                5     FREEZING RAIN              0
LT FREEZING RAIN          0     HAIL                       0
HEAVY SNOW                0     SNOW                       0
LIGHT SNOW                0     SLEET                      0
FOG                      18     FOG W/VIS <= 1/4 MILE      0
HAZE                      5

-  INDICATES NEGATIVE NUMBERS.
R  INDICATES RECORD WAS SET OR TIED.
MM INDICATES DATA IS MISSING.
T  INDICATES TRACE AMOUNT.

$$








U.S. Dept. of Commerce
NOAA National Weather Service
1325 East West Highway
Silver Spring, MD 20910
E-mail: w-nws.webmaster@noaa.gov
Page last modified: May 16, 2007
NATIONAL WEATHER SERVICE: for Safety, for Work, for Fun - FOR LIFE