952
CXUS54 KCRP 021159 CCA
CLMVCT

CLIMATE REPORT
NATIONAL WEATHER SERVICE CORPUS CHRISTI TX
852 AM CDT FRI AUG 1 2014

...................................

...THE VICTORIA CLIMATE SUMMARY FOR THE MONTH OF JULY 2014...

CLIMATE NORMAL PERIOD 1981 TO 2010
CLIMATE RECORD PERIOD 1893 TO 2014

WEATHER         OBSERVED          NORMAL  DEPART  LAST YEAR`S
                 VALUE   DATE(S)  VALUE   FROM    VALUE  DATE(S)
                                          NORMAL
................................................................
TEMPERATURE (F)
RECORD
 HIGH             110   07/09/1939
                        07/08/1939
 LOW               61   07/11/1905
HIGHEST           101   07/29        94       7      100  07/13
                        07/28
                        07/23
LOWEST             71   07/12        75      -4       66  07/02
AVG. MAXIMUM     95.9              93.8     2.1     95.1
AVG. MINIMUM     74.9              74.0     0.9     73.9
MEAN             85.4              83.9     1.5     84.5
DAYS MAX >= 90     30              27.3     2.7       30
DAYS MAX <= 32      0               0.0     0.0        0
DAYS MIN <= 32      0               0.0     0.0        0
DAYS MIN <= 0       0               0.0     0.0        0

PRECIPITATION (INCHES)
RECORD
 MAXIMUM        20.34   2007
 MINIMUM           MM   MM
TOTALS           2.37              4.18   -1.81     3.53
DAILY AVG.       0.08              0.13   -0.05     0.11
DAYS >= .01         6               7.9    -1.9        9
DAYS >= .10         1               5.0    -4.0        6
DAYS >= .50         1               2.7    -1.7        4
DAYS >= 1.00        1               1.4    -0.4        1
GREATEST
 24 HR. TOTAL    2.26   07/03 TO 07/03           07/16 TO 07/17
                        07/02 TO 07/03                    07/31 TO 07/31
                        07/03 TO 07/03                    07/31 TO 07/31

SNOWFALL (INCHES)
RECORDS
 TOTAL            0.0   MM
 24 HR TOTAL      0.0   MM
TOTALS            0.0               0.0     0.0      0.0
SINCE 7/1         0.0               0.0     0.0      0.0
SNOWDEPTH AVG.      0                MM      MM        0
DAYS >= 1.0         0               0.0     0.0        0
GREATEST
 SNOW DEPTH         0   MM                             0
 24 HR TOTAL      0.0   07/31 TO 07/31               0.0

DEGREE_DAYS
HEATING TOTAL       0                 0       0        0
 SINCE 7/1          0                 0       0        0
COOLING TOTAL     639               586      53      611
 SINCE 1/1       1847              1753      94     1837
..................................................

WIND (MPH)
AVERAGE WIND SPEED              7.7
HIGHEST WIND SPEED/DIRECTION    43/150    DATE  07/10
HIGHEST GUST SPEED/DIRECTION    54/150    DATE  07/10

SKY COVER
AVERAGE SKY COVER           0.20

AVERAGE RH (PERCENT)     72

WEATHER CONDITIONS. NUMBER OF DAYS WITH
THUNDERSTORM              6     MIXED PRECIP               0
HEAVY RAIN                1     RAIN                       3
LIGHT RAIN                8     FREEZING RAIN              0
LT FREEZING RAIN          0     HAIL                       0
HEAVY SNOW                0     SNOW                       0
LIGHT SNOW                0     SLEET                      0
FOG                      27     FOG W/VIS <= 1/4 MILE      3
HAZE                     11

-  INDICATES NEGATIVE NUMBERS.
R  INDICATES RECORD WAS SET OR TIED.
MM INDICATES DATA IS MISSING.
T  INDICATES TRACE AMOUNT.

$$

IB






U.S. Dept. of Commerce
NOAA National Weather Service
1325 East West Highway
Silver Spring, MD 20910
E-mail: w-nws.webmaster@noaa.gov
Page last modified: May 16, 2007
NATIONAL WEATHER SERVICE: for Safety, for Work, for Fun - FOR LIFE